000
CXAK59 PAFG 020013
CLMOME
CLIMATE REPORT
NATIONAL WEATHER SERVICE FAIRBANKS AK
413 PM AKDT SAT JUL 01 2023
...................................
...THE NOME AK CLIMATE SUMMARY FOR THE MONTH OF JUNE 2023...
CLIMATE NORMAL PERIOD 1991 TO 2020
CLIMATE RECORD PERIOD 1906 TO 2023
WEATHER OBSERVED NORMAL DEPART LAST YEAR`S
VALUE DATE(S) VALUE FROM VALUE DATE(S)
NORMAL
................................................................
TEMPERATURE (F)
RECORD
HIGH 98 06/25/1919
LOW 20 06/02/1931
HIGHEST 68 06/25 MM MM 73 06/06
06/07
06/30
LOWEST 27 06/04 MM MM 32 06/02
AVG. MAXIMUM 52.4 55.1 -2.7 58.0
AVG. MINIMUM 40.7 41.5 -0.8 43.3
MEAN 46.5 48.3 -1.8 50.7
DAYS MAX >= 90 0 0.0 0.0 0
DAYS MAX <= 32 0 0.0 0.0 0
DAYS MIN <= 32 5 2.4 2.6 1
DAYS MIN <= 0 0 0.0 0.0 0
PRECIPITATION (INCHES)
RECORD
MAXIMUM 4.41 1917
MINIMUM T
TOTALS 0.79 0.99 -0.20 0.95
DAILY AVG. 0.03 0.03 -0.00 0.03
DAYS >= .01 13 8.7 4.3 7
DAYS >= .10 3 3.2 -0.2 4
DAYS >= .50 0 0.3 -0.3 0
DAYS >= 1.00 0 0.0 0.0 0
GREATEST
24 HR. TOTAL 0.23 06/01 TO 06/01 0.44
DEGREE DAYS
HEATING TOTAL 546 502 44 424
SINCE 7/1 13646 13482 164 MM
COOLING TOTAL 0 1 -1 0
SINCE 1/1 0 1 -1 MM
................................................................
WIND (MPH)
AVERAGE WIND SPEED 9.3
HIGHEST WIND SPEED/DIRECTION 31/180 DATE 06/14
HIGHEST GUST SPEED/DIRECTION 40/190 DATE 06/14
SKY COVER
AVERAGE SKY COVER 0.63
NUMBER OF DAYS FAIR 5
WEATHER CONDITIONS. NUMBER OF DAYS WITH
THUNDERSTORM 0 MIXED PRECIP 0
HEAVY RAIN 0 RAIN 0
LIGHT RAIN 15 FREEZING RAIN 0
LT FREEZING RAIN 0 HAIL 0
HEAVY SNOW 0 SNOW 0
LIGHT SNOW 2 SLEET 0
FOG 16 FOG W/VIS <= 1/4 MILE 3
HAZE 2
- INDICATES NEGATIVE NUMBERS.
R INDICATES RECORD WAS SET OR TIED.
MM INDICATES DATA IS MISSING.
T INDICATES TRACE AMOUNT.
$$