000
CXUS56 KBOI 011002
CF6ONO
PRELIMINARY LOCAL CLIMATOLOGICAL DATA (WS FORM: F-6)
STATION: ONTARIO OR
MONTH: APRIL
YEAR: 2023
LATITUDE: 44 1 N
LONGITUDE: 117 1 W
TEMPERATURE IN F: :PCPN: SNOW: WIND :SUNSHINE: SKY :PK WND
================================================================================
1 2 3 4 5 6A 6B 7 8 9 10 11 12 13 14 15 16 17 18
12Z AVG MX 2MIN
DY MAX MIN AVG DEP HDD CDD WTR SNW DPTH SPD SPD DIR MIN PSBL S-S WX SPD DR
================================================================================
1 55 39 47 -2 18 0 0.15 M M 9.9 24 300 M M 7 33 310
2 51 33 42 -8 23 0 0.14 M M 5.7 24 220 M M 7 1 31 220
3 49 31 40 -10 25 0 0.00 M M 14.3 26 300 M M 2 34 310
4 53 31 42 -8 23 0 0.00 M M 14.1 28 330 M M 2 35 330
5 54 28 41 -9 24 0 0.00 M M 7.3 15 260 M M 1 8 20 260
6 62 30 46 -4 19 0 0.00 M M 10.8 26 140 M M 3 36 140
7 52 42 47 -3 18 0 0.32 M M 9.2 25 150 M M 9 37 140
8 60 34 47 -4 18 0 0.00 M M 1.4 8 320 M M 5 128 11 170
9 71 35 53 2 12 0 0.00 M M 3.0 10 30 M M 3 14 110
10 86 48 67 16 0 2 0.00 M M 11.2 29 150 M M 0 39 150
11 65 47 56 5 9 0 0.01 M M 9.1 26 300 M M 7 34 300
12 53 39 46 -6 19 0 0.00 M M 12.0 29 320 M M 9 38 320
13 54 34 44 -8 21 0 T M M 9.0 23 330 M M 5 32 330
14 58 32 45 -7 20 0 0.00 M M 3.2 15 300 M M 4 19 290
15 70 28 49 -3 16 0 0.00 M M 6.0 16 140 M M 0 23 140
16 77 44 61 9 4 0 0.00 M M 10.4 31 280 M M 0 8 40 290
17 58 40 49 -4 16 0 0.13 M M 6.1 26 240 M M 6 8 37 240
18 49 33 41 -12 24 0 0.13 M M 6.0 26 260 M M 7 8 35 260
19 51 26 39 -14 26 0 0.04 M M 4.2 25 270 M M 1 3 33 280
20 54 30 42 -12 23 0 0.00 M M 4.7 14 170 M M 4 19 180
21 57 41 49 -5 16 0 0.10 M M 9.2 20 350 M M 6 27 350
22 62 43 53 -1 12 0 0.00 M M 3.0 10 270 M M 7 8 14 310
23 62 38 50 -5 15 0 0.03 M M 4.1 14 110 M M 5 19 110
24 61 44 53 -2 12 0 T M M 15.6 31 320 M M 6 39 310
25 68 37 53 -2 12 0 0.00 M M 8.1 20 330 M M 0 25 300
26 75 35 55 -1 10 0 0.00 M M 3.3 8 260 M M 0 8 13 170
27 78 43 61 5 4 0 0.00 M M 7.0 20 350 M M 0 24 300
28 77 46 62 6 3 0 0.00 M M 7.1 16 150 M M 0 23 110
29 85 41 63 6 2 0 0.00 M M 3.6 9 260 M M 0 14 160
30 88 45 67 10 0 2 0.00 M M 4.2 13 250 M M 0 3 17 60
================================================================================
SM 1895 1117 444 4 1.05 M 222.8 M 106
================================================================================
AV 63.2 37.2 7.4 FASTST M M 4 MAX(MPH)
MISC ----> # 31 280 40 290
================================================================================
NOTES:
# LAST OF SEVERAL OCCURRENCES
COLUMN 17 PEAK WIND IN M.P.H.
PRELIMINARY LOCAL CLIMATOLOGICAL DATA (WS FORM: F-6) , PAGE 2
STATION: ONTARIO OR
MONTH: APRIL
YEAR: 2023
LATITUDE: 44 1 N
LONGITUDE: 117 1 W
[TEMPERATURE DATA] [PRECIPITATION DATA] SYMBOLS USED IN COLUMN 16
AVERAGE MONTHLY: 50.2 TOTAL FOR MONTH: 1.05 1 = FOG OR MIST
DPTR FM NORMAL: -2.5 DPTR FM NORMAL: 0.28 2 = FOG REDUCING VISIBILITY
HIGHEST: 88 ON 30 GRTST 24HR 0.32 ON 7- 7 TO 1/4 MILE OR LESS
LOWEST: 26 ON 19 3 = THUNDER
SNOW, ICE PELLETS, HAIL 4 = ICE PELLETS
TOTAL MONTH: M 5 = HAIL
GRTST 24HR M ON M 6 = FREEZING RAIN OR DRIZZLE
GRTST DEPTH: M ON M 7 = DUSTSTORM OR SANDSTORM:
VSBY 1/2 MILE OR LESS
8 = SMOKE OR HAZE
[NO. OF DAYS WITH] [WEATHER - DAYS WITH] 9 = BLOWING SNOW
X = TORNADO
MAX 32 OR BELOW: 0 0.01 INCH OR MORE: 9
MAX 90 OR ABOVE: 0 0.10 INCH OR MORE: 6
MIN 32 OR BELOW: 8 0.50 INCH OR MORE: 0
MIN 0 OR BELOW: 0 1.00 INCH OR MORE: 0
[HDD (BASE 65) ]
TOTAL THIS MO. 444 CLEAR (SCALE 0-3) 14
DPTR FM NORMAL 73 PTCLDY (SCALE 4-7) 14
TOTAL FM JUL 1 5373 CLOUDY (SCALE 8-10) 2
DPTR FM NORMAL 353
[CDD (BASE 65) ]
TOTAL THIS MO. 4
DPTR FM NORMAL 2 [PRESSURE DATA]
TOTAL FM JAN 1 4 HIGHEST SLP M ON M
DPTR FM NORMAL 2 LOWEST SLP 29.55 ON 30
[REMARKS]
#FINAL-04-23#