000
CXUS56 KBOI 011002
CF6ONO
PRELIMINARY LOCAL CLIMATOLOGICAL DATA (WS FORM: F-6)
STATION: ONTARIO OR
MONTH: SEPTEMBER
YEAR: 2022
LATITUDE: 44 1 N
LONGITUDE: 117 1 W
TEMPERATURE IN F: :PCPN: SNOW: WIND :SUNSHINE: SKY :PK WND
================================================================================
1 2 3 4 5 6A 6B 7 8 9 10 11 12 13 14 15 16 17 18
12Z AVG MX 2MIN
DY MAX MIN AVG DEP HDD CDD WTR SNW DPTH SPD SPD DIR MIN PSBL S-S WX SPD DR
================================================================================
1 100 64 82 11 0 17 0.00 M M 7.8 29 330 M M 0 40 330
2 99 53 76 5 0 11 0.00 M M 2.0 8 260 M M 0 8 11 150
3 100 57 79 9 0 14 0.00 M M 5.0 18 330 M M 0 8 27 330
4 98 59 79 9 0 14 0.00 M M 3.4 13 290 M M 0 8 20 270
5 97 61 79 9 0 14 0.00 M M 3.9 9 320 M M 0 11 310
6 100 55 78 9 0 13 0.00 M M 1.9 12 360 M M 0 15 240
7 102 62 82 13 0 17 T M M 6.9 36 280 M M 0 38 53 280
8 89 63 76 7 0 11 0.00 M M 15.3 26 340 M M 1 35 340
9 83 53 68 0 0 3 0.00 M M 4.6 15 330 M M 4 8 20 330
10 84 42 63 -5 2 0 0.00 M M 2.7 10 150 M M 2 8 16 110
11 86 44 65 -3 0 0 0.00 M M 2.5 9 270 M M 0 8 10 270
12 81 48 65 -2 0 0 T M M 2.7 13 170 M M 1 8 18 160
13 84 62 73 6 0 8 0.00 M M 4.0 15 150 M M 4 8 19 140
14 84 54 69 2 0 4 0.00 M M 2.1 9 260 M M 0 14 290
15 85 59 72 6 0 7 T M M 6.9 33 290 M M 2 38 46 280
16 80 48 64 -2 1 0 0.00 M M 2.6 15 310 M M 0 21 320
17 84 49 67 1 0 2 0.00 M M 4.4 20 180 M M 0 8 27 150
18 81 58 70 5 0 5 T M M 5.7 15 330 M M 2 21 350
19 83 52 68 3 0 3 0.00 M M 3.5 10 270 M M 0 8 16 150
20 87 50 69 5 0 4 0.00 M M 4.8 23 310 M M 0 8 30 310
21 77 53 65 1 0 0 T M M 6.7 24 310 M M 1 32 300
22 77 51 64 0 1 0 0.00 M M 4.8 15 240 M M 5 19 240
23 79 40 60 -3 5 0 0.00 M M 1.8 7 30 M M 0 10 60
24 84 40 62 -1 3 0 0.00 M M 1.3 7 270 M M 0 8 9 150
25 86 43 65 3 0 0 0.00 M M 1.6 7 270 M M 0 9 150
26 87 44 66 4 0 1 0.00 M M 2.2 7 270 M M 0 10 330
27 89 45 67 5 0 2 0.00 M M 2.8 20 260 M M 0 28 260
28 92 47 70 9 0 5 0.00 M M 3.4 13 270 M M 0 19 250
29 78 53 66 5 0 1 0.00 M M 7.2 18 330 M M 4 25 330
30 77 52 65 5 0 0 T M M 6.2 16 350 M M 4 24 340
================================================================================
SM 2613 1561 12 156 T M 130.7 M 30
================================================================================
AV 87.1 52.0 4.4 FASTST M M 1 MAX(MPH)
MISC ----> 36 280 53 280
================================================================================
NOTES:
# LAST OF SEVERAL OCCURRENCES
COLUMN 17 PEAK WIND IN M.P.H.
PRELIMINARY LOCAL CLIMATOLOGICAL DATA (WS FORM: F-6) , PAGE 2
STATION: ONTARIO OR
MONTH: SEPTEMBER
YEAR: 2022
LATITUDE: 44 1 N
LONGITUDE: 117 1 W
[TEMPERATURE DATA] [PRECIPITATION DATA] SYMBOLS USED IN COLUMN 16
AVERAGE MONTHLY: 69.6 TOTAL FOR MONTH: T 1 = FOG OR MIST
DPTR FM NORMAL: 3.6 DPTR FM NORMAL: -0.29 2 = FOG REDUCING VISIBILITY
HIGHEST: 102 ON 7 GRTST 24HR T ON 7- 7 TO 1/4 MILE OR LESS
LOWEST: 40 ON 24,23 3 = THUNDER
SNOW, ICE PELLETS, HAIL 4 = ICE PELLETS
TOTAL MONTH: M 5 = HAIL
GRTST 24HR M ON M 6 = FREEZING RAIN OR DRIZZLE
GRTST DEPTH: M ON M 7 = DUSTSTORM OR SANDSTORM:
VSBY 1/2 MILE OR LESS
8 = SMOKE OR HAZE
[NO. OF DAYS WITH] [WEATHER - DAYS WITH] 9 = BLOWING SNOW
X = TORNADO
MAX 32 OR BELOW: 0 0.01 INCH OR MORE: 0
MAX 90 OR ABOVE: 8 0.10 INCH OR MORE: 0
MIN 32 OR BELOW: 0 0.50 INCH OR MORE: 0
MIN 0 OR BELOW: 0 1.00 INCH OR MORE: 0
[HDD (BASE 65) ]
TOTAL THIS MO. 12 CLEAR (SCALE 0-3) 25
DPTR FM NORMAL -58 PTCLDY (SCALE 4-7) 5
TOTAL FM JUL 1 12 CLOUDY (SCALE 8-10) 0
DPTR FM NORMAL -65
[CDD (BASE 65) ]
TOTAL THIS MO. 156
DPTR FM NORMAL 58 [PRESSURE DATA]
TOTAL FM JAN 1 1410 HIGHEST SLP M ON M
DPTR FM NORMAL 314 LOWEST SLP 29.58 ON 17
[REMARKS]
#FINAL-09-22#