000
CXUS56 KBOI 011002
CF6ONO
PRELIMINARY LOCAL CLIMATOLOGICAL DATA (WS FORM: F-6)
STATION: ONTARIO OR
MONTH: MARCH
YEAR: 2021
LATITUDE: 44 1 N
LONGITUDE: 117 1 W
TEMPERATURE IN F: :PCPN: SNOW: WIND :SUNSHINE: SKY :PK WND
================================================================================
1 2 3 4 5 6A 6B 7 8 9 10 11 12 13 14 15 16 17 18
12Z AVG MX 2MIN
DY MAX MIN AVG DEP HDD CDD WTR SNW DPTH SPD SPD DIR MIN PSBL S-S WX SPD DR
================================================================================
1 49 22 36 -2 29 0 0.00 M M 5.5 15 360 M M 0 20 350
2 53 28 41 2 24 0 0.00 M M 5.0 14 10 M M 0 19 360
3 55 26 41 2 24 0 0.00 M M 3.8 13 10 M M 0 18 17 40
4 60 25 43 3 22 0 0.00 M M 3.7 13 360 M M 0 18 360
5 69 29 49 9 16 0 0.00 M M 5.8 18 130 M M 0 28 130
6 54 31 43 3 22 0 0.00 M M 8.2 24 330 M M 4 30 340
7 57 26 42 1 23 0 0.00 M M 4.6 14 330 M M 6 17 330
8 54 36 45 4 20 0 T M M 6.0 24 250 M M 5 31 260
9 52 25 39 -3 26 0 0.00 M M 2.9 10 20 M M 2 18 15 10
10 55 22 39 -3 26 0 0.00 M M 3.6 10 350 M M 0 14 40
11 60 24 42 0 23 0 0.00 M M 6.8 17 340 M M 0 24 310
12 59 29 44 2 21 0 0.00 M M 6.7 14 360 M M 0 22 320
13 66 29 48 5 17 0 0.00 M M 5.4 16 350 M M 0 20 330
14 64 27 46 3 19 0 0.00 M M 3.2 9 260 M M 0 14 310
15 61 37 49 5 16 0 0.00 M M 20.5 38 330 M M 4 48 330
16 60 37 49 5 16 0 0.00 M M 12.2 33 320 M M 3 43 320
17 65 27 46 2 19 0 0.00 M M 3.3 13 210 M M 1 16 250
18 74 33 54 10 11 0 0.00 M M 6.9 18 260 M M 4 27 250
19 63 46 55 10 10 0 0.06 M M 6.6 24 260 M M 8 29 260
20 60 38 49 4 16 0 T M M 11.6 26 320 M M 5 36 320
21 57 30 44 -1 21 0 0.00 M M 4.1 14 250 M M 2 17 250
22 54 38 46 1 19 0 0.10 M M 7.4 20 10 M M 9 3 27 360
23 56 37 47 1 18 0 0.00 M M 18.0 29 330 M M 1 44 320
24 52 28 40 -6 25 0 0.01 M M 5.6 14 110 M M 6 18 120
25 59 36 48 2 17 0 T M M 11.6 25 350 M M 6 33 340
26 62 37 50 4 15 0 0.00 M M 10.1 24 330 M M 1 30 330
27 66 28 47 1 18 0 0.00 M M 2.4 12 20 M M 0 16 30
28 82 32 57 10 8 0 0.00 M M 9.4 38 330 M M 1 8 56 300
29 50 35 43 -4 22 0 0.00 M M 16.9 38 330 M M 4 8 56 320
30 54 30 42 -5 23 0 0.00 M M 7.3 22 320 M M 3 27 310
31 63 22 43 -4 22 0 0.00 M M 5.0 13 140 M M 0 19 110
================================================================================
SM 1845 950 608 0 0.17 M 230.1 M 75
================================================================================
AV 59.5 30.6 7.4 FASTST M M 2 MAX(MPH)
MISC ----> # 38 330 56 320
================================================================================
NOTES:
# LAST OF SEVERAL OCCURRENCES
COLUMN 17 PEAK WIND IN M.P.H.
PRELIMINARY LOCAL CLIMATOLOGICAL DATA (WS FORM: F-6) , PAGE 2
STATION: ONTARIO OR
MONTH: MARCH
YEAR: 2021
LATITUDE: 44 1 N
LONGITUDE: 117 1 W
[TEMPERATURE DATA] [PRECIPITATION DATA] SYMBOLS USED IN COLUMN 16
AVERAGE MONTHLY: 45.1 TOTAL FOR MONTH: 0.17 1 = FOG OR MIST
DPTR FM NORMAL: 1.7 DPTR FM NORMAL: -0.84 2 = FOG REDUCING VISIBILITY
HIGHEST: 82 ON 28 GRTST 24HR 0.10 ON 22-22 TO 1/4 MILE OR LESS
LOWEST: 22 ON 31,10 3 = THUNDER
SNOW, ICE PELLETS, HAIL 4 = ICE PELLETS
TOTAL MONTH: M 5 = HAIL
GRTST 24HR M ON M 6 = FREEZING RAIN OR DRIZZLE
GRTST DEPTH: M ON M 7 = DUSTSTORM OR SANDSTORM:
VSBY 1/2 MILE OR LESS
8 = SMOKE OR HAZE
[NO. OF DAYS WITH] [WEATHER - DAYS WITH] 9 = BLOWING SNOW
X = TORNADO
MAX 32 OR BELOW: 0 0.01 INCH OR MORE: 3
MAX 90 OR ABOVE: 0 0.10 INCH OR MORE: 1
MIN 32 OR BELOW: 20 0.50 INCH OR MORE: 0
MIN 0 OR BELOW: 0 1.00 INCH OR MORE: 0
[HDD (BASE 65) ]
TOTAL THIS MO. 608 CLEAR (SCALE 0-3) 20
DPTR FM NORMAL -62 PTCLDY (SCALE 4-7) 9
TOTAL FM JUL 1 4526 CLOUDY (SCALE 8-10) 2
DPTR FM NORMAL -774
[CDD (BASE 65) ]
TOTAL THIS MO. 0
DPTR FM NORMAL 0 [PRESSURE DATA]
TOTAL FM JAN 1 0 HIGHEST SLP M ON M
DPTR FM NORMAL 0 LOWEST SLP 29.69 ON 25
[REMARKS]
#FINAL-03-21#