000
CXUS51 KAKQ 010810
CF6ORF
PRELIMINARY LOCAL CLIMATOLOGICAL DATA (WS FORM: F-6)
STATION: NORFOLK VA
MONTH: NOVEMBER
YEAR: 2021
LATITUDE: 36 54 N
LONGITUDE: 76 12 W
TEMPERATURE IN F: :PCPN: SNOW: WIND :SUNSHINE: SKY :PK WND
================================================================================
1 2 3 4 5 6A 6B 7 8 9 10 11 12 13 14 15 16 17 18
12Z AVG MX 2MIN
DY MAX MIN AVG DEP HDD CDD WTR SNW DPTH SPD SPD DIR MIN PSBL S-S WX SPD DR
================================================================================
1 68 50 59 1 6 0 0.00 0.0 0 4.4 15 20 M M 3 1 18 40
2 67 49 58 1 7 0 0.09 0.0 0 7.0 20 350 M M 7 1 25 10
3 54 49 52 -5 13 0 0.00 0.0 0 11.3 20 360 M M 2 26 350
4 53 48 51 -6 14 0 0.06 0.0 0 12.7 20 350 M M 9 26 20
5 53 49 51 -5 14 0 0.00 0.0 0 17.7 28 30 M M 3 34 30
6 56 50 53 -3 12 0 0.02 0.0 0 19.6 28 30 M M 7 1 34 40
7 55 51 53 -3 12 0 0.00 0.0 0 21.3 26 20 M M 4 38 360
8 63 47 55 0 10 0 0.00 0.0 0 11.5 25 10 M M 0 35 10
9 73 41 57 2 8 0 0.00 0.0 0 4.3 10 210 M M 0 13 190
10 68 47 58 3 7 0 0.00 0.0 0 4.9 13 220 M M 0 14 220
11 74 44 59 5 6 0 0.00 0.0 0 5.8 15 210 M M 0 1 22 160
12 72 47 60 6 5 0 0.60 0.0 0 6.6 16 240 M M 3 1 20 160
13 68 44 56 2 9 0 0.00 0.0 0 8.1 21 240 M M 0 31 240
14 57 35 46 -8 19 0 0.00 0.0 0 5.8 15 350 M M 1 19 360
15 52 39 46 -7 19 0 0.00 0.0 0 7.4 17 290 M M 0 28 320
16 57 38 48 -5 17 0 0.00 0.0 0 4.8 10 20 M M 1 15 20
17 73 43 58 5 7 0 0.00 0.0 0 9.2 20 210 M M 3 24 210
18 76 53 65 13 0 0 0.00 0.0 0 15.3 29 220 M M 1 36 210
19 65 43 54 2 11 0 0.14 0.0 0 13.2 23 350 M M 3 18 32 360
20 51 40 46 -6 19 0 0.00 0.0 0 7.5 20 40 M M 1 25 40
21 57 40 49 -3 16 0 0.00 0.0 0 3.5 8 200 M M 3 12 160
22 56 43 50 -1 15 0 0.21 0.0 0 10.8 24 350 M M 8 1 33 350
23 45 37 41 -10 24 0 0.00 0.0 0 13.2 25 350 M M 1 36 350
24 47 32 40 -11 25 0 0.00 0.0 0 5.7 17 350 M M 0 23 350
25 59 30 45 -5 20 0 0.00 0.0 0 10.1 17 210 M M 0 23 230
26 55 37 46 -4 19 0 0.09 0.0 0 8.9 18 350 M M 4 1 27 330
27 44 32 38 -12 27 0 0.00 0.0 0 5.8 15 330 M M 0 24 350
28 60 34 47 -3 18 0 0.00 0.0 0 8.4 16 220 M M 1 20 210
29 48 31 40 -10 25 0 0.00 0.0 M 11.3 24 350 M M 2 34 350
30 55 28 42 -7 23 0 0.00 0.0 0 11.3 24 220 M M 3 32 200
================================================================================
SM 1781 1251 427 0 1.21 0.0 287.4 M 70
================================================================================
AV 59.4 41.7 9.6 FASTST M M 2 MAX(MPH)
MISC ----> 29 220 38 360
================================================================================
NOTES:
# LAST OF SEVERAL OCCURRENCES
COLUMN 17 PEAK WIND IN M.P.H.
PRELIMINARY LOCAL CLIMATOLOGICAL DATA (WS FORM: F-6) , PAGE 2
STATION: NORFOLK VA
MONTH: NOVEMBER
YEAR: 2021
LATITUDE: 36 54 N
LONGITUDE: 76 12 W
[TEMPERATURE DATA] [PRECIPITATION DATA] SYMBOLS USED IN COLUMN 16
AVERAGE MONTHLY: 50.5 TOTAL FOR MONTH: 1.21 1 = FOG OR MIST
DPTR FM NORMAL: -2.8 DPTR FM NORMAL: -1.89 2 = FOG REDUCING VISIBILITY
HIGHEST: 76 ON 18 GRTST 24HR 0.60 ON 12-12 TO 1/4 MILE OR LESS
LOWEST: 28 ON 30 3 = THUNDER
SNOW, ICE PELLETS, HAIL 4 = ICE PELLETS
TOTAL MONTH: 0.0 INCH 5 = HAIL
GRTST 24HR 0.0 6 = FREEZING RAIN OR DRIZZLE
GRTST DEPTH: 0 7 = DUSTSTORM OR SANDSTORM:
VSBY 1/2 MILE OR LESS
8 = SMOKE OR HAZE
[NO. OF DAYS WITH] [WEATHER - DAYS WITH] 9 = BLOWING SNOW
X = TORNADO
MAX 32 OR BELOW: 0 0.01 INCH OR MORE: 7
MAX 90 OR ABOVE: 0 0.10 INCH OR MORE: 3
MIN 32 OR BELOW: 5 0.50 INCH OR MORE: 1
MIN 0 OR BELOW: 0 1.00 INCH OR MORE: 0
[HDD (BASE 65) ]
TOTAL THIS MO. 427 CLEAR (SCALE 0-3) 23
DPTR FM NORMAL 65 PTCLDY (SCALE 4-7) 6
TOTAL FM JUL 1 471 CLOUDY (SCALE 8-10) 1
DPTR FM NORMAL -13
[CDD (BASE 65) ]
TOTAL THIS MO. 0
DPTR FM NORMAL -10 [PRESSURE DATA]
TOTAL FM JAN 1 1945 HIGHEST SLP 30.55 ON 20
DPTR FM NORMAL 75 LOWEST SLP 29.76 ON 26
[REMARKS]
#FINAL-11-21#