000
CXAK56 PAFG 012057
CF6OTZ
PRELIMINARY LOCAL CLIMATOLOGICAL DATA (WS FORM: F-6)
STATION: KOTZEBUE AK
MONTH: AUGUST
YEAR: 2021
LATITUDE: 66 52 N
LONGITUDE: 162 38 W
TEMPERATURE IN F: :PCPN: SNOW: WIND :SUNSHINE: SKY :PK WND
================================================================================
1 2 3 4 5 6A 6B 7 8 9 10 11 12 13 14 15 16 17 18
12Z AVG MX 2MIN
DY MAX MIN AVG DEP HDD CDD WTR SNW DPTH SPD SPD DIR MIN PSBL S-S WX SPD DR
================================================================================
1 57 47 52 -3 13 0 0.24 M M 8.3 17 110 M M 10 1 20 110
2 66 56 61 6 4 0 0.15 M M 14.8 22 150 M M 7 1 26 150
3 73 59 66 11 0 1 0.00 M M 5.8 16 110 M M 2 8 18 120
4 80 60 70 15 0 5 0.00 M M 6.7 16 110 M M 1 18 100
5 70 58 64 9 1 0 0.00 M M 6.1 12 120 M M 6 16 320
6 61 52 57 2 8 0 0.16 M M 10.9 20 80 M M 10 1 23 80
7 54 46 50 -5 15 0 0.21 M M 12.2 18 100 M M 10 1 22 80
8 61 50 56 2 9 0 0.00 M M 8.0 13 70 M M 4 8 17 70
9 56 46 51 -3 14 0 0.00 M M 6.4 13 20 M M 1 8 16 50
10 55 47 51 -3 14 0 T M M 15.0 23 240 M M 8 1 27 240
11 52 45 49 -5 16 0 0.00 M M 11.1 20 270 M M 10 24 280
12 50 44 47 -7 18 0 0.00 M M 10.5 23 290 M M 5 26 290
13 46 41 44 -10 21 0 0.01 M M 11.8 18 280 M M 10 1 21 270
14 49 44 47 -7 18 0 0.32 M M 12.9 20 230 M M 10 1 24 190
15 48 41 45 -9 20 0 0.03 M M 14.1 21 300 M M 10 18 26 290
16 45 39 42 -12 23 0 0.00 M M 14.4 23 310 M M 7 1 27 290
17 45 38 42 -11 23 0 0.00 M M 18.6 25 300 M M 6 30 330
18 48 40 44 -9 21 0 0.00 M M 9.3 21 330 M M 2 8 24 330
19 50 43 47 -6 18 0 0.01 M M 12.4 24 100 M M 8 1 28 120
20 50 45 48 -5 17 0 T M M 11.7 25 280 M M 6 18 30 280
21 50 46 48 -5 17 0 0.01 M M 11.4 18 220 M M 7 18 21 240
22 54 46 50 -3 15 0 0.00 M M 5.8 12 240 M M 8 1 13 240
23 52 45 49 -3 16 0 0.00 M M 6.9 12 290 M M 6 1 14 20
24 51 45 48 -4 17 0 0.01 M M 7.4 13 270 M M 8 18 15 270
25 46 41 44 -8 21 0 T M M 12.7 23 200 M M 9 1 27 220
26 45 36 41 -11 24 0 0.26 M M 19.9 31 310 M M 8 1 38 310
27 48 35 42 -10 23 0 0.08 M M 15.3 30 230 M M 3 18 38 230
28 48 44 46 -5 19 0 0.62 M M 13.8 26 190 M M 10 1 33 200
29 49 43 46 -5 19 0 0.67 M M 9.5 18 260 M M 9 1 22 260
30 48 44 46 -5 19 0 0.01 M M 6.5 18 250 M M 10 1 22 240
31 52 47 50 -1 15 0 0.02 M M 2.7 8 340 M M 10 1 9 330
================================================================================
SM 1659 1413 478 6 2.81 M 332.9 M 221
================================================================================
AV 53.5 45.6 10.7 FASTST M M 7 MAX(MPH)
MISC ----> 31 310 # 38 310
================================================================================
NOTES:
# LAST OF SEVERAL OCCURRENCES
COLUMN 17 PEAK WIND IN M.P.H.
PRELIMINARY LOCAL CLIMATOLOGICAL DATA (WS FORM: F-6) , PAGE 2
STATION: KOTZEBUE AK
MONTH: AUGUST
YEAR: 2021
LATITUDE: 66 52 N
LONGITUDE: 162 38 W
[TEMPERATURE DATA] [PRECIPITATION DATA] SYMBOLS USED IN COLUMN 16
AVERAGE MONTHLY: 49.5 TOTAL FOR MONTH: 2.81 1 = FOG OR MIST
DPTR FM NORMAL: -3.9 DPTR FM NORMAL: 0.68 2 = FOG REDUCING VISIBILITY
HIGHEST: 80 ON 4 GRTST 24HR 0.70 ON 27-28 TO 1/4 MILE OR LESS
LOWEST: 35 ON 27 3 = THUNDER
SNOW, ICE PELLETS, HAIL 4 = ICE PELLETS
TOTAL MONTH: M 5 = HAIL
GRTST 24HR M ON M 6 = FREEZING RAIN OR DRIZZLE
GRTST DEPTH: M ON M 7 = DUSTSTORM OR SANDSTORM:
VSBY 1/2 MILE OR LESS
8 = SMOKE OR HAZE
[NO. OF DAYS WITH] [WEATHER - DAYS WITH] 9 = BLOWING SNOW
X = TORNADO
MAX 32 OR BELOW: 0 0.01 INCH OR MORE: 16
MAX 90 OR ABOVE: 0 0.10 INCH OR MORE: 8
MIN 32 OR BELOW: 0 0.50 INCH OR MORE: 2
MIN 0 OR BELOW: 0 1.00 INCH OR MORE: 0
[HDD (BASE 65) ]
TOTAL THIS MO. 478 CLEAR (SCALE 0-3) 4
DPTR FM NORMAL 115 PTCLDY (SCALE 4-7) 11
TOTAL FM JUL 1 830 CLOUDY (SCALE 8-10) 16
DPTR FM NORMAL 202
[CDD (BASE 65) ]
TOTAL THIS MO. 6
DPTR FM NORMAL 4 [PRESSURE DATA]
TOTAL FM JAN 1 6 HIGHEST SLP 30.10 ON 21
DPTR FM NORMAL -3 LOWEST SLP 29.39 ON 26
[REMARKS]
#FINAL-08-21#