000
CXUS56 KLOX 011655
CF6OXR
PRELIMINARY LOCAL CLIMATOLOGICAL DATA (WS FORM: F-6)
STATION: OXNARD AIRPORT CA
MONTH: SEPTEMBER
YEAR: 2020
LATITUDE: 34 12 N
LONGITUDE: 119 12 W
TEMPERATURE IN F: :PCPN: SNOW: WIND :SUNSHINE: SKY :PK WND
================================================================================
1 2 3 4 5 6A 6B 7 8 9 10 11 12 13 14 15 16 17 18
12Z AVG MX 2MIN
DY MAX MIN AVG DEP HDD CDD WTR SNW DPTH SPD SPD DIR MIN PSBL S-S WX SPD DR
================================================================================
1 72 59 66 0 0 1 0.00 0.0 0 8.1 16 270 M M 5 22 280
2 71 57 64 -2 1 0 0.00 0.0 0 7.2 24 280 M M 3 M M
3 72 57 65 -1 0 0 0.00 0.0 0 5.9 20 280 M M 0 1 33 300
4 75 59 67 1 0 2 0.00 0.0 0 6.2 20 290 M M 0 18 M M
5 77 60 69 3 0 4 0.00 0.0 0 8.0 16 270 M M 0 1 M M
6 84 62 73 7 0 8 0.00 0.0 0 6.7 14 260 M M 0 1 21 300
7 77 65 71 5 0 6 0.00 0.0 0 3.7 13 200 M M 5 1 17 170
8 75 64 70 4 0 5 0.00 0.0 0 5.2 13 270 M M 8 18 17 340
9 70 62 66 0 0 1 0.00 0.0 0 8.7 18 280 M M 8 12 26 290
10 66 57 62 -4 3 0 0.00 0.0 0 5.8 16 290 M M 4 12 34 310
11 71 55 63 -2 2 0 0.00 0.0 0 6.6 15 270 M M 3 128 20 290
12 66 54 60 -5 5 0 0.00 0.0 0 7.1 15 270 M M 5 128 21 290
13 70 57 64 -1 1 0 0.00 0.0 0 5.0 15 270 M M 4 128 20 280
14 71 54 63 -2 2 0 0.00 0.0 0 5.1 15 280 M M 2 18 M M
15 70 55 63 -2 2 0 0.00 0.0 0 5.3 14 280 M M 0 18 M M
16 71 56 64 -1 1 0 0.00 0.0 0 7.9 14 280 M M 4 128 24 300
17 72 53 63 -2 2 0 0.00 0.0 0 5.1 20 280 M M 2 12 26 290
18 77 59 68 3 0 3 0.00 0.0 0 5.7 16 270 M M 0 26 300
19 72 56 64 -1 1 0 0.00 0.0 0 5.1 15 270 M M 0 1 20 280
20 71 53 62 -3 3 0 0.00 0.0 0 5.2 13 280 M M 6 12 17 280
21 70 58 64 -1 1 0 0.00 0.0 0 5.2 13 270 M M 8 1 19 270
22 70 60 65 0 0 0 0.00 0.0 0 6.1 15 260 M M 6 18 M M
23 73 58 66 1 0 1 0.00 0.0 0 4.2 14 280 M M 6 128 17 260
24 76 54 65 0 0 0 0.00 0.0 0 3.7 12 260 M M 1 M M
25 73 57 65 0 0 0 0.00 0.0 0 3.0 10 240 M M 2 18 M M
26 74 60 67 3 0 2 0.00 0.0 0 3.1 12 250 M M 4 18 M M
27 74 64 69 5 0 4 0.00 0.0 0 4.2 12 240 M M 8 18 M M
28 73 64 69 5 0 4 0.00 0.0 0 5.8 13 280 M M 8 18 18 220
29 72 61 67 3 0 2 0.00 0.0 0 8.8 21 280 M M 5 1 33 310
30 82 59 71 7 0 6 0.00 0.0 0 6.4 18 280 M M 0 1 32 310
================================================================================
SM 2187 1749 24 49 0.00 0.0 174.1 M 107
================================================================================
AV 72.9 58.3 5.8 FASTST M M 4 MAX(MPH)
MISC ----> # 24 280 # 34 310
================================================================================
NOTES:
# LAST OF SEVERAL OCCURRENCES
COLUMN 17 PEAK WIND IN M.P.H.
PRELIMINARY LOCAL CLIMATOLOGICAL DATA (WS FORM: F-6) , PAGE 2
STATION: OXNARD AIRPORT CA
MONTH: SEPTEMBER
YEAR: 2020
LATITUDE: 34 12 N
LONGITUDE: 119 12 W
[TEMPERATURE DATA] [PRECIPITATION DATA] SYMBOLS USED IN COLUMN 16
AVERAGE MONTHLY: 65.6 TOTAL FOR MONTH: 0.00 1 = FOG OR MIST
DPTR FM NORMAL: 0.5 DPTR FM NORMAL: -0.17 2 = FOG REDUCING VISIBILITY
HIGHEST: 84 ON 6 GRTST 24HR 0.00 ON 30-30 TO 1/4 MILE OR LESS
LOWEST: 53 ON 20,17 3 = THUNDER
SNOW, ICE PELLETS, HAIL 4 = ICE PELLETS
TOTAL MONTH: 0.0 INCH 5 = HAIL
GRTST 24HR 0.0 6 = FREEZING RAIN OR DRIZZLE
GRTST DEPTH: 0 7 = DUSTSTORM OR SANDSTORM:
VSBY 1/2 MILE OR LESS
8 = SMOKE OR HAZE
[NO. OF DAYS WITH] [WEATHER - DAYS WITH] 9 = BLOWING SNOW
X = TORNADO
MAX 32 OR BELOW: 0 0.01 INCH OR MORE: 0
MAX 90 OR ABOVE: 0 0.10 INCH OR MORE: 0
MIN 32 OR BELOW: 0 0.50 INCH OR MORE: 0
MIN 0 OR BELOW: 0 1.00 INCH OR MORE: 0
[HDD (BASE 65) ]
TOTAL THIS MO. 24 CLEAR (SCALE 0-3) 14
DPTR FM NORMAL -10 PTCLDY (SCALE 4-7) 15
TOTAL FM JUL 1 86 CLOUDY (SCALE 8-10) 1
DPTR FM NORMAL 10
[CDD (BASE 65) ]
TOTAL THIS MO. 49
DPTR FM NORMAL 12 [PRESSURE DATA]
TOTAL FM JAN 1 210 HIGHEST SLP 30.08 ON 15
DPTR FM NORMAL 57 LOWEST SLP 29.67 ON 8
[REMARKS]
#FINAL-09-20#