000
CXUS54 KMAF 011110
CF6PEQ
PRELIMINARY LOCAL CLIMATOLOGICAL DATA (WS FORM: F-6)
STATION: PECOS MUNICIPAL AIRPORT
MONTH: OCTOBER
YEAR: 2021
LATITUDE: 31 22 N
LONGITUDE: 103 31 W
TEMPERATURE IN F: :PCPN: SNOW: WIND :SUNSHINE: SKY :PK WND
================================================================================
1 2 3 4 5 6A 6B 7 8 9 10 11 12 13 14 15 16 17 18
12Z AVG MX 2MIN
DY MAX MIN AVG DEP HDD CDD WTR SNW DPTH SPD SPD DIR MIN PSBL S-S WX SPD DR
================================================================================
1 78 62 70 M 0 5 M M M 5.0 15 90 M M 7 M M
2 83 59 71 M 0 6 M M M 3.6 8 360 M M 3 M M
3 85 55 70 M 0 5 M M M 4.9 9 360 M M 0 M M
4 87 55 71 M 0 6 M M M 3.7 7 200 M M 0 M M
5 90 53 72 M 0 7 M M M 3.0 8 70 M M 0 M M
6 90 53 72 M 0 7 M M M 4.2 12 130 M M 1 21 130
7 96 56 76 M 0 11 M M M 4.4 14 130 M M 1 21 130
8 97 60 79 M 0 14 M M M 5.3 15 130 M M 0 20 130
9 100 58 79 M 0 14 M M M 5.2 15 250 M M 0 21 250
10 90 55 73 M 0 8 M M M 11.4 39 260 M M 0 45 260
11 89 42 66 M 0 1 M M M 8.2 21 140 M M 0 28 110
12 95 57 76 M 0 11 M M M 8.8 18 220 M M 0 26 220
13 79 56 68 M 0 3 M M M 6.7 17 300 M M 0 20 280
14 87 50 69 M 0 4 M M M 8.2 18 260 M M 0 26 260
15 74 53 64 M 1 0 M M M 8.9 16 340 M M 0 24 340
16 72 41 57 M 8 0 M M M 5.9 13 110 M M 0 21 120
17 78 48 63 M 2 0 M M M 8.4 16 90 M M 0 18 110
18 87 49 68 M 0 3 M M M 5.7 14 80 M M 0 M M
19 91 52 72 M 0 7 M M M 6.0 17 240 M M 0 23 240
20 87 46 67 M 0 2 M M M 5.0 13 330 M M 0 21 330
21 82 55 69 M 0 4 M M M 6.1 14 110 M M 2 M M
22 88 55 72 M 0 7 M M M 4.9 13 140 M M 2 M M
23 92 60 76 M 0 11 M M M 4.7 13 250 M M 2 23 250
24 89 56 73 M 0 8 M M M 9.5 21 280 M M 0 26 270
25 94 49 72 M 0 7 M M M 4.6 12 110 M M 0 M M
26 95 51 73 M 0 8 M M M 13.8 36 280 M M 0 47 280
27 74 50 62 M 3 0 M M M 15.8 31 270 M M 0 38 270
28 73 40 57 M 8 0 M M M 4.0 10 360 M M 0 M M
29 75 37 56 M 9 0 M M M 3.0 7 150 M M 0 M M
30 89 38 64 M 1 0 M M M 5.0 17 250 M M 0 23 250
31 76 48 62 M 3 0 M M M 8.8 21 310 M M 0 30 310
================================================================================
SM 2662 1599 35 159 M M 202.6 M 18
================================================================================
AV 85.9 51.6 6.5 FASTST M M 1 MAX(MPH)
MISC ----> 39 260 47 280
================================================================================
NOTES:
# LAST OF SEVERAL OCCURRENCES
COLUMN 17 PEAK WIND IN M.P.H.
PRELIMINARY LOCAL CLIMATOLOGICAL DATA (WS FORM: F-6) , PAGE 2
STATION: PECOS MUNICIPAL AIRPORT
MONTH: OCTOBER
YEAR: 2021
LATITUDE: 31 22 N
LONGITUDE: 103 31 W
[TEMPERATURE DATA] [PRECIPITATION DATA] SYMBOLS USED IN COLUMN 16
AVERAGE MONTHLY: 68.7 TOTAL FOR MONTH: M 1 = FOG OR MIST
DPTR FM NORMAL: 0.0 DPTR FM NORMAL: M 2 = FOG REDUCING VISIBILITY
HIGHEST: 100 ON 9 GRTST 24HR M ON M TO 1/4 MILE OR LESS
LOWEST: 37 ON 29 3 = THUNDER
SNOW, ICE PELLETS, HAIL 4 = ICE PELLETS
TOTAL MONTH: M 5 = HAIL
GRTST 24HR M ON M 6 = FREEZING RAIN OR DRIZZLE
GRTST DEPTH: M ON M 7 = DUSTSTORM OR SANDSTORM:
VSBY 1/2 MILE OR LESS
8 = SMOKE OR HAZE
[NO. OF DAYS WITH] [WEATHER - DAYS WITH] 9 = BLOWING SNOW
X = TORNADO
MAX 32 OR BELOW: 0 0.01 INCH OR MORE: 0
MAX 90 OR ABOVE: 11 0.10 INCH OR MORE: 0
MIN 32 OR BELOW: 0 0.50 INCH OR MORE: 0
MIN 0 OR BELOW: 0 1.00 INCH OR MORE: 0
[HDD (BASE 65) ]
TOTAL THIS MO. 35 CLEAR (SCALE 0-3) 29
DPTR FM NORMAL M PTCLDY (SCALE 4-7) 2
TOTAL FM JUL 1 35 CLOUDY (SCALE 8-10) 0
DPTR FM NORMAL M
[CDD (BASE 65) ]
TOTAL THIS MO. 159
DPTR FM NORMAL M [PRESSURE DATA]
TOTAL FM JAN 1 2638 HIGHEST SLP M ON M
DPTR FM NORMAL M LOWEST SLP M ON M
[REMARKS]
#FINAL-10-21#