000
CXUS54 KMAF 011110
CF6PEQ
PRELIMINARY LOCAL CLIMATOLOGICAL DATA (WS FORM: F-6)
STATION: PECOS MUNICIPAL AIRPORT
MONTH: JUNE
YEAR: 2020
LATITUDE: 31 22 N
LONGITUDE: 103 31 W
TEMPERATURE IN F: :PCPN: SNOW: WIND :SUNSHINE: SKY :PK WND
================================================================================
1 2 3 4 5 6A 6B 7 8 9 10 11 12 13 14 15 16 17 18
12Z AVG MX 2MIN
DY MAX MIN AVG DEP HDD CDD WTR SNW DPTH SPD SPD DIR MIN PSBL S-S WX SPD DR
================================================================================
1 91 68 80 M 0 15 0.22 M M 11.4 15 100 M M 1 3 22 110
2 95 67 81 M 0 16 M M M 9.0 18 120 M M 0 28 120
3 98 72 85 M 0 20 M M M 9.8 20 120 M M 0 25 120
4 105 71 88 M 0 23 M M M 10.3 18 110 M M 0 23 100
5 104 74 89 M 0 24 M M M 14.8 20 110 M M 0 28 100
6 100 73 87 M 0 22 M M M 17.4 28 120 M M 0 33 120
7 105 75 90 M 0 25 M M M 11.7 21 120 M M 0 28 110
8 105 68 87 M 0 22 M M M 11.8 21 240 M M 0 30 240
9 91 65 78 M 0 13 M M M 8.9 16 270 M M 0 23 330
10 96 55 76 M 0 11 M M M 12.6 21 80 M M 0 26 80
11 97 72 85 M 0 20 M M M 14.4 22 110 M M 0 29 100
12 98 67 83 M 0 18 M M M 12.2 20 130 M M 0 31 130
13 98 65 82 M 0 17 M M M 12.7 22 110 M M 0 28 130
14 95 67 81 M 0 16 M M M 12.3 20 110 M M 0 28 110
15 94 66 80 M 0 15 M M M 13.3 20 110 M M 0 25 130
16 98 70 84 M 0 19 M M M 11.1 16 130 M M 0 22 130
17 100 71 86 M 0 21 0.06 M M 10.4 17 140 M M 0 28 210
18 104 66 85 M 0 20 M M M 8.2 18 270 M M 0 24 260
19 104 70 87 M 0 22 M M M 10.7 23 150 M M 0 33 150
20 103 75 89 M 0 24 M M M 10.3 22 100 M M 0 25 100
21 107 67 87 M 0 22 M M M 5.7 14 260 M M 0 21 0
22 108 66 87 M 0 22 M M M 7.4 17 270 M M 0 30 270
23 97 67 82 M 0 17 0.19 M M 12.4 35 320 M M 2 38 43 320
24 90 65 78 M 0 13 0.10 M M 10.8 31 350 M M 1 38 350
25 97 67 82 M 0 17 M M M 6.5 15 100 M M 0 23 100
26 101 72 87 M 0 22 M M M 9.4 20 100 M M 0 24 100
27 100 72 86 M 0 21 M M M 10.7 22 130 M M 0 28 110
28 103 73 88 M 0 23 M M M 9.6 18 240 M M 0 29 260
29 103 69 86 M 0 21 M M M 10.4 20 260 M M 0 30 250
30 103 74 89 M 0 24 M M M 11.3 20 280 M M 0 25 280
================================================================================
SM 2990 2069 0 585 0.57 M 327.2 M 4
================================================================================
AV 99.7 69.0 10.9 FASTST M M 0 MAX(MPH)
MISC ----> 35 320 43 320
================================================================================
NOTES:
# LAST OF SEVERAL OCCURRENCES
COLUMN 17 PEAK WIND IN M.P.H.
PRELIMINARY LOCAL CLIMATOLOGICAL DATA (WS FORM: F-6) , PAGE 2
STATION: PECOS MUNICIPAL AIRPORT
MONTH: JUNE
YEAR: 2020
LATITUDE: 31 22 N
LONGITUDE: 103 31 W
[TEMPERATURE DATA] [PRECIPITATION DATA] SYMBOLS USED IN COLUMN 16
AVERAGE MONTHLY: 84.3 TOTAL FOR MONTH: 0.57 1 = FOG OR MIST
DPTR FM NORMAL: 0.0 DPTR FM NORMAL: M 2 = FOG REDUCING VISIBILITY
HIGHEST: 108 ON 22 GRTST 24HR 0.22 ON 1- 1 TO 1/4 MILE OR LESS
LOWEST: 55 ON 10 3 = THUNDER
SNOW, ICE PELLETS, HAIL 4 = ICE PELLETS
TOTAL MONTH: M 5 = HAIL
GRTST 24HR M ON M 6 = FREEZING RAIN OR DRIZZLE
GRTST DEPTH: M ON M 7 = DUSTSTORM OR SANDSTORM:
VSBY 1/2 MILE OR LESS
8 = SMOKE OR HAZE
[NO. OF DAYS WITH] [WEATHER - DAYS WITH] 9 = BLOWING SNOW
X = TORNADO
MAX 32 OR BELOW: 0 0.01 INCH OR MORE: 4
MAX 90 OR ABOVE: 30 0.10 INCH OR MORE: 3
MIN 32 OR BELOW: 0 0.50 INCH OR MORE: 0
MIN 0 OR BELOW: 0 1.00 INCH OR MORE: 0
[HDD (BASE 65) ]
TOTAL THIS MO. 0 CLEAR (SCALE 0-3) 30
DPTR FM NORMAL M PTCLDY (SCALE 4-7) 0
TOTAL FM JUL 1 2172 CLOUDY (SCALE 8-10) 0
DPTR FM NORMAL M
[CDD (BASE 65) ]
TOTAL THIS MO. 585
DPTR FM NORMAL M [PRESSURE DATA]
TOTAL FM JAN 1 1191 HIGHEST SLP M ON M
DPTR FM NORMAL M LOWEST SLP M ON M
[REMARKS]
#FINAL-06-20#