000
CXUS51 KPBZ 011330
CLMPHD
CLIMATE REPORT
NATIONAL WEATHER SERVICE PITTSBURGH PA
930 AM EDT THU JUN 01 2023
...................................
...THE NEW PHILADELPHIA OH CLIMATE SUMMARY FOR THE MONTH OF MAY 2023...
CLIMATE NORMAL PERIOD 1991 TO 2020
CLIMATE RECORD PERIOD 1948 TO 2023
WEATHER OBSERVED NORMAL DEPART LAST YEAR`S
VALUE DATE(S) VALUE FROM VALUE DATE(S)
NORMAL
................................................................
TEMPERATURE (F)
RECORD
HIGH 94 05/19/1962
LOW 20 05/10/1966
HIGHEST 87 05/29 86 1 90 05/31
LOWEST 34 05/18 33 1 38 05/08
AVG. MAXIMUM 73.3 72.7 0.6 75.9
AVG. MINIMUM 47.2 49.5 -2.3 53.1
MEAN 60.2 61.1 -0.9 64.5
DAYS MAX >= 90 0 1.0 -1.0 1
DAYS MAX <= 32 0 0.0 0.0 0
DAYS MIN <= 32 0 0.8 -0.8 0
DAYS MIN <= 0 0 0.0 0.0 0
PRECIPITATION (INCHES)
RECORD
MAXIMUM 6.88 1983
MINIMUM 1.11
TOTALS 1.81 3.77 -1.96 4.01
DAILY AVG. 0.06 0.12 -0.06 0.13
DAYS >= .01 8 15.7 -7.7 14
DAYS >= .10 8 8.7 -0.7 11
DAYS >= .50 0 2.1 -2.1 2
DAYS >= 1.00 0 0.7 -0.7 1
GREATEST
24 HR. TOTAL 0.41 05/13 TO 05/13 1.15
DEGREE DAYS
HEATING TOTAL 170 174 -4
SINCE 7/1 4886 5541 -655 MM
COOLING TOTAL 33 54 -21
SINCE 1/1 43 62 -19 MM
................................................................
WIND (MPH)
AVERAGE WIND SPEED 4.1
HIGHEST WIND SPEED/DIRECTION 24/320 DATE 05/03
HIGHEST GUST SPEED/DIRECTION 32/310 DATE 05/03
AVERAGE RH (PERCENT) 61
WEATHER CONDITIONS. NUMBER OF DAYS WITH
THUNDERSTORM 0 MIXED PRECIP 0
HEAVY RAIN 0 RAIN 4
LIGHT RAIN 9 FREEZING RAIN 0
LT FREEZING RAIN 0 HAIL 0
HEAVY SNOW 0 SNOW 0
LIGHT SNOW 0 SLEET 0
FOG 9 FOG W/VIS <= 1/4 MILE 1
HAZE 4
- INDICATES NEGATIVE NUMBERS.
R INDICATES RECORD WAS SET OR TIED.
MM INDICATES DATA IS MISSING.
T INDICATES TRACE AMOUNT.
$$