000
CXUS55 KPSR 011331
CLMPHX
CLIMATE REPORT
NATIONAL WEATHER SERVICE PHOENIX AZ
631 AM MST THU FEB 01 2024
...................................
...THE PHOENIX AZ CLIMATE SUMMARY FOR THE MONTH OF JANUARY 2024...
CLIMATE NORMAL PERIOD 1991 TO 2020
CLIMATE RECORD PERIOD 1895 TO 2024
WEATHER OBSERVED NORMAL DEPART LAST YEAR`S
VALUE DATE(S) VALUE FROM VALUE
NORMAL
..............................................................
TEMPERATURE (F)
RECORD
HIGH 88 01/19/1971
LOW 16 01/07/1913
HIGHEST 81 01/29 79 2
01/30
01/31
LOWEST 35 01/09 36 -1
AVG. MAXIMUM 66.1 67.6 -1.5
AVG. MINIMUM 45.8 46.0 -0.2
MEAN 56.0 56.8 -0.8
DAYS MAX >= 90 0 0.0 0.0
DAYS MAX >= 100 0
DAYS MAX >= 110 0
DAYS MIN <= 32 0 0.4 -0.4
DAYS MIN >= 90 0
PRECIPITATION (INCHES)
RECORD
MAXIMUM 5.22 1993
MINIMUM 0.00 2014
TOTALS 0.73 0.87 -0.14
DAYS >= .01 6 3.8 2.2
DAYS >= .10 2 2.2 -0.2
DAYS >= .50 0 0.5 -0.5
DAYS >= 1.00 0 0.1 -0.1
GREATEST
24 HR. TOTAL 0.66 01/22 TO 01/23
DEGREE DAYS
HEATING TOTAL 282 256 26
SINCE 7/1 450 636 -186
COOLING TOTAL 11 2 9
SINCE 1/1 11 2 9
..............................................................
WIND (MPH)
AVERAGE WIND SPEED 4.8
HIGHEST GUST SPEED/DIRECTION 45/310 DATE 01/03
AVERAGE RH (PERCENT) 49
WEATHER CONDITIONS. NUMBER OF DAYS WITH
THUNDERSTORM 2 HEAVY RAIN 1
RAIN 1 LIGHT RAIN 5
FOG W/VIS <= 1/4 MILE 0
- INDICATES NEGATIVE NUMBERS.
R INDICATES RECORD WAS SET OR TIED.
MM INDICATES DATA IS MISSING.
T INDICATES TRACE AMOUNT.
$$