000
CXUS53 KILX 011803
CLMPIA
CLIMATE REPORT
NATIONAL WEATHER SERVICE LINCOLN IL
1203 PM CST THU FEB 01 2024
...................................
...THE PEORIA IL CLIMATE SUMMARY FOR THE MONTH OF JANUARY 2024...
CLIMATE NORMAL PERIOD 1991 TO 2020
CLIMATE RECORD PERIOD 1883 TO 2024
WEATHER OBSERVED NORMAL DEPART LAST YEAR`S
VALUE DATE(S) VALUE FROM VALUE
NORMAL
..............................................................
TEMPERATURE (F)
RECORD
HIGH 71 01/23/1909
LOW -27 01/05/1884
HIGHEST 44 01/31 32 12 65
LOWEST -13 01/14 16 -29 2
AVG. MAXIMUM 30.7 33.6 -2.9 38.8
AVG. MINIMUM 20.4 17.6 2.8 27.1
MEAN 25.5 25.6 -0.1 33.0
DAYS MAX >= 90 0 0.0 0.0 0
DAYS MAX <= 32 9 14.3 -5.3 6
DAYS MIN <= 32 23 28.0 -5.0 22
DAYS MIN <= 0 6 3.7 2.3 0
PRECIPITATION (INCHES)
RECORD
MAXIMUM 8.11 1965
MINIMUM 0.07 1919
TOTALS 3.26 2.06 1.20 1.71
DAILY AVG. 0.11 0.07 0.04 0.06
DAYS >= .01 13 9.9 3.1 13
DAYS >= .10 8 4.6 3.4 6
DAYS >= .50 3 1.2 1.8 0
DAYS >= 1.00 0 0.4 -0.4 0
GREATEST
24 HR. TOTAL 1.00 01/08 TO 01/09 0.51
SNOWFALL (INCHES)
RECORDS
TOTAL 24.7 1979
TOTALS 14.1 7.7 6.4 8.6
SINCE 7/1 19.1 15.5 3.6 MM
DAYS >= 1.0 4 2.5 1.5 2
GREATEST
SNOW DEPTH 8 01/12 4
01/19
24 HR TOTAL MM MM
DEGREE DAYS
HEATING TOTAL 1214 1221 -7 986
SINCE 7/1 2911 3380 -469 MM
COOLING TOTAL 0 0 0 0
SINCE 1/1 0 0 0 MM
..............................................................
WIND (MPH)
AVERAGE WIND SPEED 8.2
HIGHEST WIND SPEED/DIRECTION 30/270 DATE 01/12
HIGHEST GUST SPEED/DIRECTION 43/280 DATE 01/12
SKY COVER
POSSIBLE SUNSHINE (PERCENT) MM
AVERAGE SKY COVER 0.70
NUMBER OF DAYS FAIR 7
NUMBER OF DAYS PC 7
NUMBER OF DAYS CLOUDY 17
AVERAGE RH (PERCENT) 80
WEATHER CONDITIONS. NUMBER OF DAYS WITH
THUNDERSTORM 0 MIXED PRECIP 0
HEAVY RAIN 0 RAIN 4
LIGHT RAIN 10 FREEZING RAIN 0
LT FREEZING RAIN 1 HAIL 0
HEAVY SNOW 0 SNOW 1
LIGHT SNOW 11 SLEET 1
FOG 22 FOG W/VIS <= 1/4 MILE 7
HAZE 3
- INDICATES NEGATIVE NUMBERS.
R INDICATES RECORD WAS SET OR TIED.
MM INDICATES DATA IS MISSING.
T INDICATES TRACE AMOUNT.
&&
RECORD COLD HIGH OF -5 DEGREES ON JANUARY 14
RECORD DAILY RAINFALL OF 0.77 INCHES ON JANUARY 9
$$