000
CXUS52 KTBW 041654
CF6PIE
PRELIMINARY LOCAL CLIMATOLOGICAL DATA (WS FORM: F-6)
STATION: ST PETERSBURG CLEARWATER
MONTH: JULY
YEAR: 2022
LATITUDE: 27 55 N
LONGITUDE: 82 41 W
TEMPERATURE IN F: :PCPN: SNOW: WIND :SUNSHINE: SKY :PK WND
================================================================================
1 2 3 4 5 6A 6B 7 8 9 10 11 12 13 14 15 16 17 18
12Z AVG MX 2MIN
DY MAX MIN AVG DEP HDD CDD WTR SNW DPTH SPD SPD DIR MIN PSBL S-S WX SPD DR
================================================================================
1 90 73 82 -1 0 17 0.31 0.0 0 4.8 25 320 M M 2 13 33 330
2 88 74 81 -2 0 16 0.04 0.0 0 3.4 22 10 M M 2 13 30 10
3 88 75 82 -1 0 17 0.95 0.0 0 5.8 28 160 M M 2 123 38 190
4 93 75 84 1 0 19 0.22 0.0 0 4.5 16 260 M M 2 138 20 250
5 93 79 86 3 0 21 0.00 0.0 0 6.6 16 320 M M 2 3 19 50
6 94 79 87 4 0 22 M 0.0 0 6.3 20 330 M M 1 3 25 110
7 92 77 85 2 0 20 0.08 0.0 0 5.4 28 170 M M 5 13 34 170
8 93 77 85 2 0 20 T 0.0 0 5.6 21 120 M M 2 3 27 120
9 90 76 83 0 0 18 M 0.0 0 5.3 20 70 M M 1 13 30 70
10 91 78 85 2 0 20 T 0.0 0 7.6 22 290 M M 3 13 30 290
11 88 77 83 0 0 18 M 0.0 0 8.1 18 240 M M 2 13 24 230
12 91 78 85 2 0 20 0.00 0.0 0 7.8 18 210 M M 2 24 240
13 91 77 84 1 0 19 0.00 0.0 0 6.1 18 130 M M 2 3 25 130
14 89 72 81 -2 0 16 M 0.0 0 6.3 29 110 M M 3 13 41 110
15 92 73 83 0 0 18 M 0.0 0 6.8 15 230 M M 2 13 21 70
16 92 76 84 1 0 19 M 0.0 0 8.1 23 110 M M 3 13 33 60
17 88 76 82 -1 0 17 0.05 0.0 0 7.0 18 200 M M 1 3 31 200
18 91 79 85 2 0 20 T 0.0 0 9.6 20 210 M M 2 28 220
19 92 78 85 2 0 20 0.00 0.0 0 4.8 16 250 M M 3 3 23 250
20 92 78 85 2 0 20 0.28 0.0 0 5.5 16 270 M M 3 123 20 240
21 91 77 84 1 0 19 T 0.0 0 5.1 17 60 M M 1 3 25 70
22 94 74 84 1 0 19 M 0.0 0 5.3 32 120 M M 2 13 43 120
23 93 77 85 2 0 20 T 0.0 0 6.5 18 130 M M 1 38 27 140
24 93 78 86 3 0 21 0.00 0.0 0 6.9 13 310 M M 2 3 20 110
25 92 78 85 2 0 20 0.00 0.0 0 6.8 14 330 M M 1 3 18 30
26 92 74 83 0 0 18 M 0.0 0 8.2 31 220 M M 3 13 40 210
27 92 75 84 1 0 19 M 0.0 0 7.6 20 230 M M 2 26 210
28 92 76 84 1 0 19 0.00 0.0 0 4.9 12 80 M M 3 28 17 110
29 94 76 85 2 0 20 0.00 0.0 0 5.9 13 110 M M 1 1 18 120
30 92 76 84 0 0 19 0.00 0.0 0 6.2 14 140 M M 1 19 140
31 93 77 85 1 0 20 0.00 0.0 0 8.3 14 190 M M 1 3 19 290
================================================================================
SM 2836 2365 0 591 1.93 0.0 197.1 M 63
================================================================================
AV 91.5 76.3 6.4 FASTST M M 2 MAX(MPH)
MISC ----> 32 120 43 120
================================================================================
NOTES:
# LAST OF SEVERAL OCCURRENCES
COLUMN 17 PEAK WIND IN M.P.H.
PRELIMINARY LOCAL CLIMATOLOGICAL DATA (WS FORM: F-6) , PAGE 2
STATION: ST PETERSBURG CLEARWATER
MONTH: JULY
YEAR: 2022
LATITUDE: 27 55 N
LONGITUDE: 82 41 W
[TEMPERATURE DATA] [PRECIPITATION DATA] SYMBOLS USED IN COLUMN 16
AVERAGE MONTHLY: 83.9 TOTAL FOR MONTH: 1.93 1 = FOG OR MIST
DPTR FM NORMAL: 0.8 DPTR FM NORMAL: -7.80 2 = FOG REDUCING VISIBILITY
HIGHEST: 94 ON 29,22 GRTST 24HR 0.95 ON 3- 4 TO 1/4 MILE OR LESS
LOWEST: 72 ON 14 3 = THUNDER
SNOW, ICE PELLETS, HAIL 4 = ICE PELLETS
TOTAL MONTH: 0.0 INCH 5 = HAIL
GRTST 24HR 0.0 6 = FREEZING RAIN OR DRIZZLE
GRTST DEPTH: 0 7 = DUSTSTORM OR SANDSTORM:
VSBY 1/2 MILE OR LESS
8 = SMOKE OR HAZE
[NO. OF DAYS WITH] [WEATHER - DAYS WITH] 9 = BLOWING SNOW
X = TORNADO
MAX 32 OR BELOW: 0 0.01 INCH OR MORE: 7
MAX 90 OR ABOVE: 26 0.10 INCH OR MORE: 4
MIN 32 OR BELOW: 0 0.50 INCH OR MORE: 1
MIN 0 OR BELOW: 0 1.00 INCH OR MORE: 0
[HDD (BASE 65) ]
TOTAL THIS MO. 0 CLEAR (SCALE 0-3) 28
DPTR FM NORMAL 0 PTCLDY (SCALE 4-7) 3
TOTAL FM JUL 1 0 CLOUDY (SCALE 8-10) 0
DPTR FM NORMAL 0
[CDD (BASE 65) ]
TOTAL THIS MO. 591
DPTR FM NORMAL 30 [PRESSURE DATA]
TOTAL FM JAN 1 2247 HIGHEST SLP 30.21 ON 31
DPTR FM NORMAL 247 LOWEST SLP 29.89 ON 11
[REMARKS]
#FINAL-07-22#