000
CXUS52 KTBW 021530
CF6PIE
PRELIMINARY LOCAL CLIMATOLOGICAL DATA (WS FORM: F-6)
STATION: ST PETERSBURG CLEARWATER
MONTH: MARCH
YEAR: 2021
LATITUDE: 27 55 N
LONGITUDE: 82 41 W
TEMPERATURE IN F: :PCPN: SNOW: WIND :SUNSHINE: SKY :PK WND
================================================================================
1 2 3 4 5 6A 6B 7 8 9 10 11 12 13 14 15 16 17 18
12Z AVG MX 2MIN
DY MAX MIN AVG DEP HDD CDD WTR SNW DPTH SPD SPD DIR MIN PSBL S-S WX SPD DR
================================================================================
1 84 68 76 10 0 11 0.00 0.0 0 9.6 23 200 M M 2 28 190
2 83 70 77 11 0 12 0.00 0.0 0 8.8 17 220 M M 5 1 22 230
3 74 60 67 1 0 2 0.15 0.0 0 14.0 26 300 M M 9 1 33 280
4 72 57 65 -1 0 0 0.00 0.0 0 10.2 18 320 M M 4 22 310
5 78 57 68 2 0 3 0.00 0.0 0 6.9 13 280 M M 0 8 17 10
6 69 60 65 -1 0 0 0.09 0.0 0 10.1 18 30 M M 6 1 25 50
7 71 55 63 -3 2 0 0.00 0.0 0 12.7 18 10 M M 3 26 20
8 72 52 62 -4 3 0 0.00 0.0 0 12.3 18 60 M M 0 25 50
9 77 56 67 0 0 2 0.00 0.0 0 10.3 16 70 M M 1 20 100
10 79 59 69 2 0 4 0.00 0.0 0 9.6 15 80 M M 1 21 90
11 82 61 72 5 0 7 0.00 0.0 0 8.3 15 100 M M 1 8 20 90
12 81 61 71 4 0 6 0.00 0.0 0 6.7 14 320 M M 0 17 330
13 83 60 72 5 0 7 0.00 0.0 0 5.6 16 320 M M 0 19 310
14 81 62 72 5 0 7 0.00 0.0 0 6.8 14 210 M M 0 21 140
15 83 61 72 4 0 7 0.00 0.0 0 4.6 13 230 M M 1 16 60
16 83 68 76 8 0 11 0.00 0.0 0 11.7 23 200 M M 2 28 200
17 84 67 76 8 0 11 0.00 0.0 0 10.8 28 200 M M 0 33 200
18 85 67 76 8 0 11 0.68 0.0 0 14.1 32 200 M M 6 13 39 200
19 68 59 64 -4 1 0 0.00 0.0 0 14.5 22 310 M M 4 27 330
20 70 56 63 -5 2 0 0.00 0.0 0 10.3 17 20 M M 7 23 30
21 62 54 58 -11 7 0 0.00 0.0 0 10.2 18 330 M M 9 22 330
22 71 60 66 -3 0 1 0.00 0.0 0 8.3 16 330 M M 10 20 320
23 75 60 68 -1 0 3 0.00 0.0 0 5.0 13 220 M M 5 16 230
24 80 58 69 0 0 4 0.00 0.0 0 4.4 14 250 M M 1 1 18 230
25 89 66 78 9 0 13 0.00 0.0 0 12.1 28 190 M M 0 33 190
26 88 71 80 11 0 15 0.00 0.0 0 9.6 18 200 M M 1 23 180
27 90 69 80 10 0 15 0.00 0.0 0 7.3 16 230 M M 1 1 20 110
28 86 71 79 9 0 14 0.00 0.0 0 11.2 25 190 M M 2 31 200
29 82 72 77 7 0 12 0.30 0.0 0 5.1 16 100 M M 8 1 21 100
30 87 72 80 10 0 15 0.14 0.0 0 8.6 16 120 M M 5 1 20 130
31 86 70 78 8 0 13 0.16 0.0 0 7.8 16 230 M M 3 1 29 150
================================================================================
SM 2455 1939 15 206 1.52 0.0 287.5 M 97
================================================================================
AV 79.2 62.5 9.3 FASTST M M 3 MAX(MPH)
MISC ----> 32 200 39 200
================================================================================
NOTES:
# LAST OF SEVERAL OCCURRENCES
COLUMN 17 PEAK WIND IN M.P.H.
PRELIMINARY LOCAL CLIMATOLOGICAL DATA (WS FORM: F-6) , PAGE 2
STATION: ST PETERSBURG CLEARWATER
MONTH: MARCH
YEAR: 2021
LATITUDE: 27 55 N
LONGITUDE: 82 41 W
[TEMPERATURE DATA] [PRECIPITATION DATA] SYMBOLS USED IN COLUMN 16
AVERAGE MONTHLY: 70.9 TOTAL FOR MONTH: 1.52 1 = FOG OR MIST
DPTR FM NORMAL: 3.2 DPTR FM NORMAL: -2.04 2 = FOG REDUCING VISIBILITY
HIGHEST: 90 ON 27 GRTST 24HR 0.68 ON 18-18 TO 1/4 MILE OR LESS
LOWEST: 52 ON 8 3 = THUNDER
SNOW, ICE PELLETS, HAIL 4 = ICE PELLETS
TOTAL MONTH: 0.0 INCH 5 = HAIL
GRTST 24HR 0.0 6 = FREEZING RAIN OR DRIZZLE
GRTST DEPTH: 0 7 = DUSTSTORM OR SANDSTORM:
VSBY 1/2 MILE OR LESS
8 = SMOKE OR HAZE
[NO. OF DAYS WITH] [WEATHER - DAYS WITH] 9 = BLOWING SNOW
X = TORNADO
MAX 32 OR BELOW: 0 0.01 INCH OR MORE: 6
MAX 90 OR ABOVE: 1 0.10 INCH OR MORE: 5
MIN 32 OR BELOW: 0 0.50 INCH OR MORE: 1
MIN 0 OR BELOW: 0 1.00 INCH OR MORE: 0
[HDD (BASE 65) ]
TOTAL THIS MO. 15 CLEAR (SCALE 0-3) 18
DPTR FM NORMAL -30 PTCLDY (SCALE 4-7) 9
TOTAL FM JUL 1 329 CLOUDY (SCALE 8-10) 4
DPTR FM NORMAL 21
[CDD (BASE 65) ]
TOTAL THIS MO. 206
DPTR FM NORMAL 82 [PRESSURE DATA]
TOTAL FM JAN 1 391 HIGHEST SLP 30.50 ON 9
DPTR FM NORMAL 138 LOWEST SLP 29.86 ON 3
[REMARKS]
#FINAL-03-21#