000
CXUS55 KPIH 012245
CLMPIH
CLIMATE REPORT
NATIONAL WEATHER SERVICE POCATELLO ID
327 PM MST FRI MAR 01 2024
...................................
...THE POCATELLO CLIMATE SUMMARY FOR THE MONTH OF FEBRUARY 2024...
CLIMATE NORMAL PERIOD 1991 TO 2020
CLIMATE RECORD PERIOD 1939 TO 2024
WEATHER OBSERVED NORMAL DEPART LAST YEAR`S
VALUE DATE(S) VALUE FROM VALUE DATE(S)
NORMAL
................................................................
TEMPERATURE (F)
RECORD
HIGH 64 02/28/1992
LOW -31 02/04/1985
HIGHEST 57 02/25 65 -8 43 02/21
LOWEST 1 02/17 -33 34 -8 02/18
AVG. MAXIMUM 42.8 39.0 3.8 32.3
AVG. MINIMUM 26.1 20.3 5.8 10.3
MEAN 34.4 29.7 4.7 21.3
DAYS MAX >= 90 0 0.0 0.0 0
DAYS MAX <= 32 1 6.8 -5.8 14
DAYS MIN <= 32 23 24.8 -1.8 27
DAYS MIN <= 0 0 1.4 -1.4 5
PRECIPITATION (INCHES)
RECORD
MAXIMUM 3.10 2017
MINIMUM 0.12 1970
TOTALS 2.26 0.97 1.29 0.93
DAILY AVG. 0.08 NAN NAN 0.03
DAYS >= .01 11 9.1 1.9 12
DAYS >= .10 7 3.4 3.6 2
DAYS >= .50 1 0.2 0.8 0
DAYS >= 1.00 0 0.0 0.0 0
GREATEST
24 HR. TOTAL 0.58 02/05 TO 02/05 0.33
SNOWFALL (INCHES)
RECORDS
TOTAL 30.5 2004
TOTALS 9.0 7.6 1.4 13.1
SINCE 7/1 46.7 31.4 15.3 MM
SNOWDEPTH AVG. 1 2
DAYS >= 1.0 3 2.4 0.6 3
GREATEST
SNOW DEPTH 4 02/19 5 02/15
02/20
02/16
02/28
24 HR TOTAL MM MM
DEGREE DAYS
HEATING TOTAL 880 990 -110 1218
SINCE 7/1 4702 5170 -468 MM
COOLING TOTAL 0 0 0 0
SINCE 1/1 0 0 0 MM
................................................................
WIND (MPH)
AVERAGE WIND SPEED 10.5
HIGHEST WIND SPEED/DIRECTION 36/250 DATE 02/26
36/240 02/27
HIGHEST GUST SPEED/DIRECTION 59/200 DATE 02/29
SKY COVER
POSSIBLE SUNSHINE (PERCENT) MM
AVERAGE SKY COVER 0.61
NUMBER OF DAYS FAIR 6
NUMBER OF DAYS PC 13
NUMBER OF DAYS CLOUDY 10
AVERAGE RH (PERCENT) 74
WEATHER CONDITIONS. NUMBER OF DAYS WITH
THUNDERSTORM 0 MIXED PRECIP 0
HEAVY RAIN 1 RAIN 2
LIGHT RAIN 9 FREEZING RAIN 0
LT FREEZING RAIN 0 HAIL 0
HEAVY SNOW 1 SNOW 4
LIGHT SNOW 9 SLEET 0
FOG 15 FOG W/VIS <= 1/4 MILE 4
HAZE 1
- INDICATES NEGATIVE NUMBERS.
R INDICATES RECORD WAS SET OR TIED.
MM INDICATES DATA IS MISSING.
T INDICATES TRACE AMOUNT.
&&
5TH: RAINFALL OF 0.58 INCHES BREAKS OLD RECORD OF 0.18 SET IN 2020.
27TH: RAINFALL OF 0.27 INCHES TIES OLD RECORD SET IN 1963.
$$