000
CXUS55 KPIH 011641
CLMPIH
CLIMATE REPORT
NATIONAL WEATHER SERVICE POCATELLO ID
906 AM MST FRI DEC 01 2023
...................................
...THE POCATELLO CLIMATE SUMMARY FOR THE MONTH OF NOVEMBER 2023...
CLIMATE NORMAL PERIOD 1991 TO 2020
CLIMATE RECORD PERIOD 1939 TO 2023
WEATHER OBSERVED NORMAL DEPART LAST YEAR`S
VALUE DATE(S) VALUE FROM VALUE DATE(S)
NORMAL
................................................................
TEMPERATURE (F)
RECORD
HIGH 75 11/06/1999
LOW -14 11/26/1993
HIGHEST 63 11/15 75 -12 63 11/01
LOWEST 2 11/27 -14 16 1 11/18
11/28
AVG. MAXIMUM 46.6 46.1 0.5 37.4
AVG. MINIMUM 22.6 23.8 -1.2 19.4
MEAN 34.6 34.9 -0.3 28.4
DAYS MAX >= 90 0 0.0 0.0 0
DAYS MAX <= 32 7 3.1 3.9 11
DAYS MIN <= 32 24 25.0 -1.0 29
DAYS MIN <= 0 0 0.7 -0.7 0
PRECIPITATION (INCHES)
RECORD
MAXIMUM 2.84 1983
MINIMUM 0.01 1976
TOTALS 1.88 0.95 0.93 1.78
DAILY AVG. 0.06 0.03 0.03 0.06
DAYS >= .01 10 8.0 2.0 10
DAYS >= .10 3 3.0 0.0 6
DAYS >= .50 2 0.2 1.8 0
DAYS >= 1.00 0 0.0 0.0 0
GREATEST
24 HR. TOTAL 0.79 11/19 TO 11/19 0.56
SNOWFALL (INCHES)
RECORDS
TOTAL 27.5 1985
TOTALS 11.9 4.0 7.9 12.4
SINCE 7/1 12.9 5.2 7.7 MM
SNOWDEPTH AVG. 2 1
DAYS >= 1.0 3 1.3 1.7 5
GREATEST
SNOW DEPTH 8 11/24 5 11/08
24 HR TOTAL MM MM
DEGREE DAYS
HEATING TOTAL 905 902 3 1091
SINCE 7/1 1564 1683 -119 MM
COOLING TOTAL 0 0 0 0
SINCE 1/1 443 430 13 MM
................................................................
WIND (MPH)
AVERAGE WIND SPEED 6.9
HIGHEST WIND SPEED/DIRECTION 31/250 DATE 11/19
HIGHEST GUST SPEED/DIRECTION 40/250 DATE 11/19
SKY COVER
POSSIBLE SUNSHINE (PERCENT) MM
AVERAGE SKY COVER 0.39
NUMBER OF DAYS FAIR 13
NUMBER OF DAYS PC 13
NUMBER OF DAYS CLOUDY 4
AVERAGE RH (PERCENT) 73
WEATHER CONDITIONS. NUMBER OF DAYS WITH
THUNDERSTORM 0 MIXED PRECIP 0
HEAVY RAIN 0 RAIN 0
LIGHT RAIN 7 FREEZING RAIN 0
LT FREEZING RAIN 0 HAIL 0
HEAVY SNOW 0 SNOW 2
LIGHT SNOW 4 SLEET 0
FOG 17 FOG W/VIS <= 1/4 MILE 8
HAZE 6
- INDICATES NEGATIVE NUMBERS.
R INDICATES RECORD WAS SET OR TIED.
MM INDICATES DATA IS MISSING.
T INDICATES TRACE AMOUNT.
&&
19TH: RAINFALL OF 0.79 BREAKS OLD RECORD OF 0.22 SET IN 1990.
23RD: RAINFALL OF 0.65 BREAKS OLD RECORD OF 0.64 SET IN 1988.
23RD: SNOWFALL OF 5.5 BREAKS OLD RECORD OF 2.0 SET IN 2010.
$$