000
CXUS56 KLOX 011155
CF6PMD
PRELIMINARY LOCAL CLIMATOLOGICAL DATA (WS FORM: F-6)
STATION: PALMDALE AIRPORT CA
MONTH: APRIL
YEAR: 2023
LATITUDE: 34 37 N
LONGITUDE: 118 5 W
TEMPERATURE IN F: :PCPN: SNOW: WIND :SUNSHINE: SKY :PK WND
================================================================================
1 2 3 4 5 6A 6B 7 8 9 10 11 12 13 14 15 16 17 18
12Z AVG MX 2MIN
DY MAX MIN AVG DEP HDD CDD WTR SNW DPTH SPD SPD DIR MIN PSBL S-S WX SPD DR
================================================================================
1 70 35 53 -3 12 0 0.00 M M 6.2 18 250 M M 0 24 250
2 68 41 55 -1 10 0 0.00 M M 13.1 23 270 M M 1 33 230
3 51 37 44 -12 21 0 T M M 23.6 38 280 M M 6 1 51 300
4 51 32 42 -15 23 0 0.00 M M 10.7 30 290 M M 1 38 290
5 60 30 45 -12 20 0 0.00 M M 7.2 17 50 M M 0 25 50
6 66 30 48 -9 17 0 0.00 M M 6.0 21 70 M M 0 28 70
7 71 42 57 0 8 0 0.00 M M 8.8 23 240 M M 0 35 240
8 72 43 58 1 7 0 0.00 M M 6.1 16 270 M M 0 20 270
9 82 42 62 4 3 0 0.00 M M 4.9 16 50 M M 0 20 30
10 85 45 65 7 0 0 0.00 M M 7.9 21 240 M M 0 27 240
11 82 48 65 7 0 0 0.00 M M 9.1 22 280 M M 0 28 240
12 73 49 61 3 4 0 0.00 M M 11.2 26 270 M M 1 33 260
13 63 45 54 -4 11 0 0.00 M M 16.3 29 240 M M 1 36 240
14 68 42 55 -4 10 0 0.00 M M 10.1 20 230 M M 0 28 240
15 76 37 57 -2 8 0 0.00 M M 5.9 16 250 M M 0 21 270
16 78 44 61 2 4 0 0.00 M M 6.8 21 250 M M 0 26 240
17 73 45 59 -1 6 0 0.00 M M 9.6 25 280 M M 0 8 33 280
18 66 43 55 -5 10 0 0.00 M M 18.3 30 270 M M 2 39 270
19 65 40 53 -7 12 0 0.00 M M 15.8 28 290 M M 0 36 300
20 77 37 57 -3 8 0 0.00 M M 6.4 20 300 M M 0 24 300
21 84 41 63 3 2 0 0.00 M M 6.6 24 290 M M 0 31 300
22 84 45 65 4 0 0 0.00 M M 7.7 24 290 M M 0 30 290
23 84 50 67 6 0 2 0.00 M M 14.5 33 290 M M 0 41 290
24 83 51 67 6 0 2 0.00 M M 16.5 35 280 M M 0 47 280
25 85 54 70 8 0 5 0.00 M M 8.1 30 280 M M 0 39 270
26 86 47 67 5 0 2 0.00 M M 5.4 13 230 M M 0 19 30
27 91 51 71 9 0 6 0.00 M M 8.0 20 230 M M 0 27 250
28 94 52 73 11 0 8 0.00 M M 7.9 21 240 M M 0 29 250
29 94 58 76 13 0 11 0.00 M M 9.5 25 260 M M 0 33 260
30 87 57 72 9 0 7 0.00 M M 12.7 26 240 M M 0 34 230
================================================================================
SM 2269 1313 196 43 T M 300.9 M 12
================================================================================
AV 75.6 43.8 10.0 FASTST M M 0 MAX(MPH)
MISC ----> 38 280 51 300
================================================================================
NOTES:
# LAST OF SEVERAL OCCURRENCES
COLUMN 17 PEAK WIND IN M.P.H.
PRELIMINARY LOCAL CLIMATOLOGICAL DATA (WS FORM: F-6) , PAGE 2
STATION: PALMDALE AIRPORT CA
MONTH: APRIL
YEAR: 2023
LATITUDE: 34 37 N
LONGITUDE: 118 5 W
[TEMPERATURE DATA] [PRECIPITATION DATA] SYMBOLS USED IN COLUMN 16
AVERAGE MONTHLY: 59.7 TOTAL FOR MONTH: T 1 = FOG OR MIST
DPTR FM NORMAL: 0.4 DPTR FM NORMAL: -0.26 2 = FOG REDUCING VISIBILITY
HIGHEST: 94 ON 29,28 GRTST 24HR T ON 3- 3 TO 1/4 MILE OR LESS
LOWEST: 30 ON 6, 5 3 = THUNDER
SNOW, ICE PELLETS, HAIL 4 = ICE PELLETS
TOTAL MONTH: M 5 = HAIL
GRTST 24HR M ON M 6 = FREEZING RAIN OR DRIZZLE
GRTST DEPTH: M ON M 7 = DUSTSTORM OR SANDSTORM:
VSBY 1/2 MILE OR LESS
8 = SMOKE OR HAZE
[NO. OF DAYS WITH] [WEATHER - DAYS WITH] 9 = BLOWING SNOW
X = TORNADO
MAX 32 OR BELOW: 0 0.01 INCH OR MORE: 0
MAX 90 OR ABOVE: 3 0.10 INCH OR MORE: 0
MIN 32 OR BELOW: 3 0.50 INCH OR MORE: 0
MIN 0 OR BELOW: 0 1.00 INCH OR MORE: 0
[HDD (BASE 65) ]
TOTAL THIS MO. 196 CLEAR (SCALE 0-3) 29
DPTR FM NORMAL -2 PTCLDY (SCALE 4-7) 1
TOTAL FM JUL 1 3083 CLOUDY (SCALE 8-10) 0
DPTR FM NORMAL 380
[CDD (BASE 65) ]
TOTAL THIS MO. 43
DPTR FM NORMAL 16 [PRESSURE DATA]
TOTAL FM JAN 1 43 HIGHEST SLP 30.24 ON 21
DPTR FM NORMAL 14 LOWEST SLP 29.68 ON 13
[REMARKS]
#FINAL-04-23#