000
CXUS56 KLOX 011255
CF6PMD
PRELIMINARY LOCAL CLIMATOLOGICAL DATA (WS FORM: F-6)
STATION: PALMDALE AIRPORT CA
MONTH: JANUARY
YEAR: 2021
LATITUDE: 34 37 N
LONGITUDE: 118 5 W
TEMPERATURE IN F: :PCPN: SNOW: WIND :SUNSHINE: SKY :PK WND
================================================================================
1 2 3 4 5 6A 6B 7 8 9 10 11 12 13 14 15 16 17 18
12Z AVG MX 2MIN
DY MAX MIN AVG DEP HDD CDD WTR SNW DPTH SPD SPD DIR MIN PSBL S-S WX SPD DR
================================================================================
1 57 29 43 -1 22 0 0.00 M M 6.4 24 30 M M 0 26 30
2 64 32 48 4 17 0 0.00 M M 7.0 22 270 M M 0 28 270
3 62 38 50 6 15 0 T M M 6.4 15 10 M M 0 18 270
4 67 32 50 6 15 0 0.00 M M 7.7 31 280 M M 0 36 280
5 63 33 48 4 17 0 0.00 M M 4.6 15 250 M M 0 18 250
6 64 33 49 5 16 0 0.00 M M 3.7 15 270 M M 0 17 280
7 63 31 47 3 18 0 0.00 M M 5.0 13 50 M M 0 8 14 60
8 63 28 46 2 19 0 0.00 M M 8.3 25 280 M M 0 30 280
9 60 34 47 3 18 0 0.00 M M 9.3 24 280 M M 0 34 130
10 58 29 44 -1 21 0 0.00 M M 3.4 10 280 M M 0 12 330
11 62 25 44 -1 21 0 0.00 M M 3.8 12 60 M M 0 8 13 60
12 56 26 41 -4 24 0 0.00 M M 3.4 10 190 M M 0 17 190
13 64 30 47 2 18 0 0.00 M M 3.7 10 190 M M 0 27 200
14 73 32 53 8 12 0 0.00 M M 4.8 14 50 M M 0 19 30
15 75 33 54 9 11 0 0.00 M M 5.3 14 60 M M 0 17 70
16 76 33 55 10 10 0 0.00 M M 6.9 20 60 M M 0 23 50
17 74 34 54 9 11 0 0.00 M M 4.0 13 60 M M 0 16 50
18 69 32 51 6 14 0 0.00 M M 6.6 21 60 M M 0 28 50
19 56 35 46 1 19 0 T M M 19.9 36 60 M M 7 8 45 60
20 62 39 51 6 14 0 0.00 M M 10.6 28 60 M M 6 32 50
21 67 35 51 6 14 0 0.00 M M 5.6 22 280 M M 2 25 270
22 59 40 50 5 15 0 0.00 M M 17.3 37 210 M M 1 44 200
23 49 37 43 -2 22 0 0.02 M M 6.7 21 310 M M 7 1 24 290
24 54 30 42 -4 23 0 0.00 M M 12.1 25 210 M M 3 31 30
25 43 34 39 -7 26 0 0.02 M M 23.5 37 280 M M 4 1 45 260
26 50 30 40 -6 25 0 0.00 M M 13.4 24 260 M M 1 29 250
27 55 32 44 -2 21 0 0.00 M M 7.1 24 210 M M 4 27 180
28 59 28 44 -2 21 0 0.36 M M 11.9 39 170 M M 2 1 47 180
29 48 36 42 -4 23 0 0.43 M M 10.4 28 240 M M 5 1 36 250
30 53 29 41 -5 24 0 T M M 4.4 10 20 M M 0 21 30
31 56 30 43 -3 22 0 0.00 M M 4.9 14 30 M M 0 21 30
================================================================================
SM 1881 999 568 0 0.83 M 248.1 M 42
================================================================================
AV 60.7 32.2 8.0 FASTST M M 1 MAX(MPH)
MISC ----> 39 170 47 180
================================================================================
NOTES:
# LAST OF SEVERAL OCCURRENCES
COLUMN 17 PEAK WIND IN M.P.H.
PRELIMINARY LOCAL CLIMATOLOGICAL DATA (WS FORM: F-6) , PAGE 2
STATION: PALMDALE AIRPORT CA
MONTH: JANUARY
YEAR: 2021
LATITUDE: 34 37 N
LONGITUDE: 118 5 W
[TEMPERATURE DATA] [PRECIPITATION DATA] SYMBOLS USED IN COLUMN 16
AVERAGE MONTHLY: 46.5 TOTAL FOR MONTH: 0.83 1 = FOG OR MIST
DPTR FM NORMAL: 1.5 DPTR FM NORMAL: -0.74 2 = FOG REDUCING VISIBILITY
HIGHEST: 76 ON 16 GRTST 24HR 3.71 ON 28-29 TO 1/4 MILE OR LESS
LOWEST: 25 ON 11 3 = THUNDER
SNOW, ICE PELLETS, HAIL 4 = ICE PELLETS
TOTAL MONTH: M 5 = HAIL
GRTST 24HR M ON M 6 = FREEZING RAIN OR DRIZZLE
GRTST DEPTH: M ON M 7 = DUSTSTORM OR SANDSTORM:
VSBY 1/2 MILE OR LESS
8 = SMOKE OR HAZE
[NO. OF DAYS WITH] [WEATHER - DAYS WITH] 9 = BLOWING SNOW
X = TORNADO
MAX 32 OR BELOW: 0 0.01 INCH OR MORE: 4
MAX 90 OR ABOVE: 0 0.10 INCH OR MORE: 2
MIN 32 OR BELOW: 17 0.50 INCH OR MORE: 0
MIN 0 OR BELOW: 0 1.00 INCH OR MORE: 0
[HDD (BASE 65) ]
TOTAL THIS MO. 568 CLEAR (SCALE 0-3) 25
DPTR FM NORMAL -52 PTCLDY (SCALE 4-7) 6
TOTAL FM JUL 1 1563 CLOUDY (SCALE 8-10) 0
DPTR FM NORMAL -222
[CDD (BASE 65) ]
TOTAL THIS MO. 0
DPTR FM NORMAL 0 [PRESSURE DATA]
TOTAL FM JAN 1 0 HIGHEST SLP 30.43 ON 13
DPTR FM NORMAL 0 LOWEST SLP 29.63 ON 25
[REMARKS]
#FINAL-01-21#