000
CXUS56 KLOX 011730
CLMPMD
CLIMATE REPORT
NATIONAL WEATHER SERVICE LOS ANGELES/OXNARD
930 AM PST MON JAN 01 2024
...................................
...THE PALMDALE AIRPORT CA CLIMATE SUMMARY FOR THE MONTH OF DECEMBER 2023...
CLIMATE NORMAL PERIOD: 1991 TO 2020
CLIMATE RECORD PERIOD: 1931 TO 2023
WEATHER OBSERVED NORMAL DEPART LAST YEAR`S
VALUE DATE(S) VALUE FROM VALUE
NORMAL
..............................................................
TEMPERATURE (F)
HIGHEST 75 12/06
LOWEST 26 12/10
AVG. MAXIMUM 62.2 57.7 4.5
AVG. MINIMUM 35.0 31.6 3.4
MEAN 48.6 44.7 3.9
DAYS MAX >= 90 0
DAYS MAX <= 32 0
DAYS MIN <= 32 10
DAYS MIN <= 0 0
PRECIPITATION (INCHES)
TOTALS 0.67 1.02 -0.35
DAILY AVG. 0.02
DAYS >= .01 5
DAYS >= .10 3
DAYS >= .50 0
DAYS >= 1.00 0
GREATEST
24 HR. TOTAL 0.39 12/20 TO 12/21
STORM TOTAL 0.35
DEGREE DAYS
HEATING TOTAL 500 631 -131 589
SINCE 7/1 986 1114 -128 MM
COOLING TOTAL 0 0 0 0
SINCE 1/1 1764 1944 -180 MM
..............................................................
WIND (MPH)
AVERAGE WIND SPEED 5.2
HIGHEST WIND SPEED/DIRECTION 35/280 DATE 12/07
HIGHEST GUST SPEED/DIRECTION 40/280 DATE 12/07
SKY COVER
POSSIBLE SUNSHINE (PERCENT) MM
AVERAGE SKY COVER 0.13
NUMBER OF DAYS FAIR 25
NUMBER OF DAYS PC 4
NUMBER OF DAYS CLOUDY 2
AVERAGE RH (PERCENT) 53
WEATHER CONDITIONS. NUMBER OF DAYS WITH
THUNDERSTORM 0 MIXED PRECIP 0
HEAVY RAIN 1 RAIN 3
LIGHT RAIN 7 FREEZING RAIN 0
LT FREEZING RAIN 0 HAIL 0
HEAVY SNOW 0 SNOW 0
LIGHT SNOW 0 SLEET 0
FOG 8 FOG W/VIS <= 1/4 MILE 1
HAZE 4
- INDICATES NEGATIVE NUMBERS.
R INDICATES RECORD WAS SET OR TIED.
MM INDICATES DATA IS MISSING.
T INDICATES TRACE AMOUNT.
$$