000
CXUS54 KMOB 011446
CLMPNS
CLIMATE REPORT
NATIONAL WEATHER SERVICE MOBILE AL
946 AM CDT TUE AUG 01 2023
...................................
...THE PENSACOLA CLIMATE SUMMARY FOR THE MONTH OF JULY 2023...
CLIMATE NORMAL PERIOD: 1991 TO 2020
CLIMATE RECORD PERIOD: 1879 TO 2023
WEATHER OBSERVED NORMAL DEPART LAST YEAR`S
VALUE DATE(S) VALUE FROM VALUE DATE(S)
NORMAL
................................................................
TEMPERATURE (F)
RECORD
HIGH 106 07/14/1980
LOW 61 07/16/1967
07/15/1967
HIGHEST 99 07/30 94 07/09
07/10
LOWEST 74 07/16 74 07/01
07/31
AVG. MAXIMUM 93.5 91.6 1.9 89.9
AVG. MINIMUM 77.5 75.3 2.2 77.1
MEAN 85.5 83.5 2.0 83.5
DAYS MAX >= 90 27 20.1 6.9 18
DAYS MAX <= 32 0 0.0 0.0 0
DAYS MIN <= 32 0 0.0 0.0 0
DAYS MIN <= 0 0 0.0 0.0 0
PRECIPITATION (INCHES)
RECORD
MAXIMUM 20.36 1979
MINIMUM 1.69 1970
TOTALS 6.99 7.89 -0.90 11.17
DAILY AVG. 0.23 0.25 -0.02 0.36
DAYS >= .01 16 15.3 0.7 20
DAYS >= .10 11 10.6 0.4 19
DAYS >= .50 3 5.1 -2.1 7
DAYS >= 1.00 2 2.4 -0.4 4
GREATEST
24 HR. TOTAL 2.64 07/13 TO 07/14
DEGREE DAYS
COOLING TOTAL 642 572 70 582
SINCE 1/1 2008 1636 372 1883
................................................................
WIND (MPH)
AVERAGE WIND SPEED 6.4
HIGHEST WIND SPEED/DIRECTION 32/310 DATE 07/16
HIGHEST GUST SPEED/DIRECTION 47/310 DATE 07/16
SKY COVER
POSSIBLE SUNSHINE (PERCENT)
AVERAGE SKY COVER 0.17
NUMBER OF DAYS FAIR 28
NUMBER OF DAYS PC 3
NUMBER OF DAYS CLOUDY 0
AVERAGE RH (PERCENT) 68
WEATHER CONDITIONS. NUMBER OF DAYS WITH
THUNDERSTORM 21 MIXED PRECIP 0
HEAVY RAIN 9 RAIN 5
LIGHT RAIN 17 FREEZING RAIN 0
LT FREEZING RAIN 0 HAIL 0
HEAVY SNOW 0 SNOW 0
LIGHT SNOW 0 SLEET 0
FOG 9 FOG W/VIS <= 1/4 MILE 0
HAZE 5
- INDICATES NEGATIVE NUMBERS.
R INDICATES RECORD WAS SET OR TIED.
MM INDICATES DATA IS MISSING.
T INDICATES TRACE AMOUNT.
$$