000
CXUS54 KLIX 010910
CF6PQL
PRELIMINARY LOCAL CLIMATOLOGICAL DATA (WS FORM: F-6)
STATION: PASCAGOULA
MONTH: FEBRUARY
YEAR: 2024
LATITUDE: 30 27 N
LONGITUDE: 88 32 W
TEMPERATURE IN F: :PCPN: SNOW: WIND :SUNSHINE: SKY :PK WND
================================================================================
1 2 3 4 5 6A 6B 7 8 9 10 11 12 13 14 15 16 17 18
12Z AVG MX 2MIN
DY MAX MIN AVG DEP HDD CDD WTR SNW DPTH SPD SPD DIR MIN PSBL S-S WX SPD DR
================================================================================
1 66 37 52 0 13 0 0.00 0.0 M 1.4 9 160 M M 0 1 16 220
2 70 40 55 3 10 0 0.00 0.0 M 1.3 9 170 M M 2 12 14 220
3 65 40 53 1 12 0 2.00 M M 7.7 21 110 M M 6 12 34 130
4 71 51 61 9 4 0 0.54 0.0 M 5.0 30 100 M M 7 13 47 100
5 56 42 49 -3 16 0 0.05 M M 9.7 18 360 M M 8 1 28 20
6 72 41 57 5 8 0 0.00 0.0 M 5.2 15 10 M M 0 1 21 360
7 68 37 53 0 12 0 0.00 0.0 M 4.6 21 140 M M 0 1 26 150
8 71 43 57 4 8 0 0.00 0.0 M 7.6 18 150 M M 2 12 25 150
9 75 60 68 15 0 3 0.00 0.0 M 9.1 20 150 M M 4 25 150
10 76 64 70 17 0 5 0.10 0.0 M 5.9 15 150 M M 9 1 19 160
11 74 66 70 17 0 5 0.07 0.0 M 4.8 15 160 M M 10 12 23 170
12 71 49 60 7 5 0 0.22 M M 5.8 14 330 M M 6 13 28 310
13 65 39 52 -2 13 0 0.00 0.0 M 6.2 15 10 M M 4 1 24 360
14 67 35 51 -3 14 0 0.00 0.0 M 2.7 14 160 M M 0 1 20 140
15 69 45 57 3 8 0 0.00 0.0 M 0.7 7 210 M M 3 13 180
16 64 51 58 4 7 0 0.07 0.0 M 0.3 8 160 M M 5 1 10 170
17 60 43 52 -2 13 0 0.15 M M 11.0 26 360 M M 6 1 34 360
18 59 32 46 -8 19 0 0.00 0.0 M 8.5 20 10 M M 1 29 10
19 64 30 47 -8 18 0 0.00 0.0 M 2.6 9 230 M M 0 8 16 210
20 66 32 49 -6 16 0 0.00 0.0 M 2.0 12 180 M M 0 1 20 220
21 73 39 56 1 9 0 0.00 0.0 M 2.8 12 170 M M 3 12 19 170
22 76 45 61 6 4 0 T M M 4.4 13 210 M M 6 12 24 190
23 80 47 64 9 1 0 0.02 M M 4.9 21 360 M M 4 1 30 360
24 79 38 59 3 6 0 0.00 0.0 M 2.9 14 280 M M 0 26 290
25 73 35 54 -2 11 0 0.00 0.0 M 3.1 13 160 M M 0 1 21 150
26 78 42 60 4 5 0 0.00 0.0 M 5.1 13 160 M M 2 12 23 180
27 75 64 70 14 0 5 0.00 0.0 M 5.9 12 200 M M 5 22 230
28 84 56 70 14 0 5 0.00 0.0 M 7.4 24 20 M M 4 12 35 30
29 60 53 57 1 8 0 0.00 0.0 M 8.9 17 40 M M 7 26 50
================================================================================
SM 2027 1296 240 23 3.22 0.0 147.5 M 104
================================================================================
AV 69.9 44.7 5.1 FASTST M M 4 MAX(MPH)
MISC ----> 30 100 47 100
================================================================================
NOTES:
# LAST OF SEVERAL OCCURRENCES
COLUMN 17 PEAK WIND IN M.P.H.
PRELIMINARY LOCAL CLIMATOLOGICAL DATA (WS FORM: F-6) , PAGE 2
STATION: PASCAGOULA
MONTH: FEBRUARY
YEAR: 2024
LATITUDE: 30 27 N
LONGITUDE: 88 32 W
[TEMPERATURE DATA] [PRECIPITATION DATA] SYMBOLS USED IN COLUMN 16
AVERAGE MONTHLY: 57.3 TOTAL FOR MONTH: 3.22 1 = FOG OR MIST
DPTR FM NORMAL: 3.5 DPTR FM NORMAL: -1.81 2 = FOG REDUCING VISIBILITY
HIGHEST: 84 ON 28 GRTST 24HR 2.35 ON 3- 4 TO 1/4 MILE OR LESS
LOWEST: 30 ON 19 3 = THUNDER
SNOW, ICE PELLETS, HAIL 4 = ICE PELLETS
TOTAL MONTH: 0.0 INCH 5 = HAIL
GRTST 24HR 0.0 6 = FREEZING RAIN OR DRIZZLE
GRTST DEPTH: M ON M 7 = DUSTSTORM OR SANDSTORM:
VSBY 1/2 MILE OR LESS
8 = SMOKE OR HAZE
[NO. OF DAYS WITH] [WEATHER - DAYS WITH] 9 = BLOWING SNOW
X = TORNADO
MAX 32 OR BELOW: 0 0.01 INCH OR MORE: 9
MAX 90 OR ABOVE: 0 0.10 INCH OR MORE: 5
MIN 32 OR BELOW: 3 0.50 INCH OR MORE: 2
MIN 0 OR BELOW: 0 1.00 INCH OR MORE: 1
[HDD (BASE 65) ]
TOTAL THIS MO. 240 CLEAR (SCALE 0-3) 14
DPTR FM NORMAL -82 PTCLDY (SCALE 4-7) 12
TOTAL FM JUL 1 1213 CLOUDY (SCALE 8-10) 3
DPTR FM NORMAL -236
[CDD (BASE 65) ]
TOTAL THIS MO. 23
DPTR FM NORMAL 13 [PRESSURE DATA]
TOTAL FM JAN 1 32 HIGHEST SLP 30.36 ON 29
DPTR FM NORMAL 16 LOWEST SLP 29.49 ON 4
[REMARKS]
#FINAL-02-24#