000
CXUS54 KLIX 300122
CF6PQL
PRELIMINARY LOCAL CLIMATOLOGICAL DATA (WS FORM: F-6)
STATION: PASCAGOULA/LOTT
MONTH: SEPTEMBER
YEAR: 2023
LATITUDE: 30 28 N
LONGITUDE: 88-32 E
TEMPERATURE IN F: :PCPN: SNOW: WIND :SUNSHINE: SKY :PK WND
================================================================================
1 2 3 4 5 6A 6B 7 8 9 10 11 12 13 14 15 16 17 18
12Z AVG MX 2MIN
DY MAX MIN AVG DEP HDD CDD WTR SNW DPTH SPD SPD DIR MIN PSBL S-S WX SPD DR
================================================================================
1 91 71 81 1 0 16 T M M 4.8 14 150 M M 3 3 20 150
2 90 75 83 3 0 18 1.44 M M 3.6 13 340 M M 3 123 23 340
3 93 77 85 5 0 20 T M M 5.8 12 130 M M 4 18 80
4 92 73 83 3 0 18 0.00 0.0 M 5.5 16 140 M M 2 23 140
5 92 70 81 2 0 16 0.00 0.0 M 3.3 14 160 M M 1 19 150
6 95 72 84 5 0 19 0.00 0.0 M 3.0 14 150 M M 2 17 140
7 98 73 86 7 0 21 T 0.0 M 2.1 23 120 M M 1 3 35 120
8 94 69 82 3 0 17 0.00 0.0 M 1.9 14 360 M M 1 22 350
9 93 63 78 -1 0 13 0.00 0.0 M 2.5 10 350 M M 0 16 10
10 95 66 81 2 0 16 0.00 0.0 M 2.4 9 350 M M 0 14 200
11 95 68 82 4 0 17 0.00 0.0 M 2.4 8 180 M M 2 1 M M
12 92 72 82 4 0 17 0.27 M M 1.8 12 270 M M 2 13 22 270
13 94 72 83 5 0 18 0.03 M M 2.1 7 330 M M 2 13 M M
14 95 71 83 5 0 18 0.35 M M 1.9 7 240 M M 3 13 M M
15 92 72 82 4 0 17 0.00 0.0 M 1.9 7 20 M M 1 1 M M
16 93 73 83 6 0 18 0.01 M M 1.5 6 200 M M 3 1 M M
17 93 63 78 1 0 13 0.00 0.0 M 3.5 12 350 M M 2 1 M M
18 92 60 76 -1 0 11 0.00 0.0 M 2.3 10 360 M M 0 1 17 360
19 91 59 75 -2 0 10 0.00 0.0 M 2.1 10 150 M M 1 M M
20 90 61 76 0 0 11 T M M 5.8 15 130 M M 4 32 120
21 93 69 81 5 0 16 0.00 0.0 M 4.3 9 150 M M 4 M M
22 90 68 79 3 0 14 0.00 0.0 M 3.0 10 140 M M 2 16 30
23 92 66 79 3 0 14 0.00 0.0 M 1.5 12 160 M M 1 1 17 160
24 92 63 78 3 0 13 0.00 0.0 M 1.6 6 180 M M 0 1 M M
25 92 67 80 5 0 15 0.00 0.0 M 1.7 6 180 M M 4 M M
26 95 67 81 6 0 16 0.00 0.0 M 4.0 13 100 M M 1 1 23 100
27 87 71 79 5 0 14 0.00 0.0 M 6.4 12 40 M M 5 18 50
28 81 67 74 0 0 9 0.00 0.0 M 5.7 12 70 M M 4 M M
29 91 65 78 4 0 13 0.00 0.0 M 4.6 10 140 M M 0 1 M M
30 92 64 78 4 0 13 0.00 0.0 M 5.0 13 50 M M 0 21 80
================================================================================
SM 2765 2047 0 461 2.10 0.0 98.2 M 58
================================================================================
AV 92.2 68.2 3.3 FASTST M M 2 MAX(MPH)
MISC ----> 23 120 35 120
================================================================================
NOTES:
# LAST OF SEVERAL OCCURRENCES
COLUMN 17 PEAK WIND IN M.P.H.
PRELIMINARY LOCAL CLIMATOLOGICAL DATA (WS FORM: F-6) , PAGE 2
STATION: PASCAGOULA/LOTT
MONTH: SEPTEMBER
YEAR: 2023
LATITUDE: 30 28 N
LONGITUDE: 88-32 E
[TEMPERATURE DATA] [PRECIPITATION DATA] SYMBOLS USED IN COLUMN 16
AVERAGE MONTHLY: 80.2 TOTAL FOR MONTH: 2.10 1 = FOG OR MIST
DPTR FM NORMAL: 3.0 DPTR FM NORMAL: -3.29 2 = FOG REDUCING VISIBILITY
HIGHEST: 98 ON 7 GRTST 24HR 1.44 ON 2- 2 TO 1/4 MILE OR LESS
LOWEST: 59 ON 19 3 = THUNDER
SNOW, ICE PELLETS, HAIL 4 = ICE PELLETS
TOTAL MONTH: 0.0 INCH 5 = HAIL
GRTST 24HR 0.0 6 = FREEZING RAIN OR DRIZZLE
GRTST DEPTH: M ON M 7 = DUSTSTORM OR SANDSTORM:
VSBY 1/2 MILE OR LESS
8 = SMOKE OR HAZE
[NO. OF DAYS WITH] [WEATHER - DAYS WITH] 9 = BLOWING SNOW
X = TORNADO
MAX 32 OR BELOW: 0 0.01 INCH OR MORE: 5
MAX 90 OR ABOVE: 28 0.10 INCH OR MORE: 3
MIN 32 OR BELOW: 0 0.50 INCH OR MORE: 1
MIN 0 OR BELOW: 0 1.00 INCH OR MORE: 1
[HDD (BASE 65) ]
TOTAL THIS MO. 0 CLEAR (SCALE 0-3) 23
DPTR FM NORMAL -2 PTCLDY (SCALE 4-7) 7
TOTAL FM JUL 1 0 CLOUDY (SCALE 8-10) 0
DPTR FM NORMAL 0
[CDD (BASE 65) ]
TOTAL THIS MO. 461
DPTR FM NORMAL 93 [PRESSURE DATA]
TOTAL FM JAN 1 2960 HIGHEST SLP M ON M
DPTR FM NORMAL 762 LOWEST SLP M ON M
[REMARKS]
#FINAL-09-23#
CORRECTED PRECIPITATION DATA