000
CXUS56 KPDT 011544
CLMPSC
CLIMATE REPORT
NATIONAL WEATHER SERVICE PENDLETON, OR
844 AM PDT MON MAY 01 2023
...................................
...THE PASCO WA CLIMATE SUMMARY FOR THE MONTH OF APRIL 2023...
CLIMATE NORMAL PERIOD 1991 TO 2020
CLIMATE RECORD PERIOD 1894 TO 2023
WEATHER OBSERVED NORMAL DEPART LAST YEAR`S
VALUE DATE(S) VALUE FROM VALUE DATE(S)
NORMAL
................................................................
TEMPERATURE (F)
RECORD
HIGH 95 04/29/1926
LOW 18 04/02/1935
HIGHEST 88 04/29 73 04/24
LOWEST 29 04/04 26 04/06
04/05
AVG. MAXIMUM 65.5 67.0 -1.5 61.2
AVG. MINIMUM 38.1 38.4 -0.3 36.5
MEAN 51.8 52.7 -0.9 48.8
DAYS MAX >= 90 0 0.1 -0.1 0
DAYS MAX <= 32 0 0.0 0.0 0
DAYS MIN <= 32 6 6.4 -0.4 7
DAYS MIN <= 0 0 0.0 0.0 0
PRECIPITATION (INCHES)
RECORD
MAXIMUM 1.93 2022
MINIMUM T 2021
TOTALS 0.82 0.66 0.16 1.93
DAILY AVG. 0.03 0.02 0.01 0.06
DAYS >= .01 8 6.7 1.3 12
DAYS >= .10 2 2.1 -0.1 6
DAYS >= .50 0 0.0 0.0 1
DAYS >= 1.00 0 0.0 0.0 0
GREATEST
24 HR. TOTAL 0.33 04/03 TO 04/03 0.54 04/30 TO 04/30
DEGREE DAYS
HEATING TOTAL 391 371 20 477
SINCE 7/1 5042 4827 215
COOLING TOTAL 3 2 1 0
SINCE 1/1 3 2 1
................................................................
WIND (MPH)
AVERAGE WIND SPEED 7.3
RESULTANT WIND SPEED/DIRECTION 4/220
HIGHEST WIND SPEED/DIRECTION 32/240 DATE 04/11
HIGHEST GUST SPEED/DIRECTION 48/230 DATE 04/16
AVERAGE RH (PERCENT) 58
WEATHER CONDITIONS. NUMBER OF DAYS WITH
THUNDERSTORM 2 MIXED PRECIP 0
HEAVY RAIN 0 RAIN 3
LIGHT RAIN 13 FREEZING RAIN 0
LT FREEZING RAIN 0 HAIL 0
HEAVY SNOW 0 SNOW 0
LIGHT SNOW 1 SLEET 0
FOG 2 FOG W/VIS <= 1/4 MILE 0
HAZE 0
- INDICATES NEGATIVE NUMBERS.
R INDICATES RECORD WAS SET OR TIED.
MM INDICATES DATA IS MISSING.
T INDICATES TRACE AMOUNT.
$$