920
NZUS97 KBTV 010700
CF6PTD
PRELIMINARY LOCAL CLIMATOLOGICAL DATA (WS FORM: F-6)
STATION: POTSDAM MUNICIPAL DAMON FIELD
MONTH: MAY
YEAR: 2020
LATITUDE: 44 40 N
LONGITUDE: 74 57 W
TEMPERATURE IN F: :PCPN: SNOW: WIND :SUNSHINE: SKY :PK WND
================================================================================
1 2 3 4 5 6A 6B 7 8 9 10 11 12 13 14 15 16 17 18
12Z AVG MX 2MIN
DY MAX MIN AVG DEP HDD CDD WTR SNW DPTH SPD SPD DIR MIN PSBL S-S WX SPD DR
================================================================================
1 57 37 47 M 18 0 0.03 M M 8.0 14 340 M M 9 1 22 320
2 66 30 48 M 17 0 0.03 M M 7.8 16 240 M M 5 28 250
3 70 50 60 M 5 0 0.00 M M 12.8 28 240 M M 5 30 250
4 48 36 42 M 23 0 0.00 M M 8.2 17 320 M M 9 21 310
5 52 28 40 M 25 0 0.00 M M 7.0 14 280 M M 4 16 340
6 55 28 42 M 23 0 0.00 M M 2.8 9 20 M M 2 18 340
7 59 28 44 M 21 0 0.09 M M 8.9 29 260 M M 7 38 260
8 45 32 39 M 26 0 0.01 M M 8.3 20 270 M M 9 26 250
9 39 27 33 M 32 0 0.01 M M 12.2 23 280 M M 8 39 300
10 50 36 43 M 22 0 0.00 M M 13.6 20 250 M M 8 30 250
11 43 34 39 M 26 0 0.11 M M 6.4 10 230 M M 9 15 230
12 46 30 38 M 27 0 0.01 M M 8.4 20 280 M M 6 25 280
13 57 28 43 M 22 0 0.00 M M 9.5 23 260 M M 2 23 250
14 64 36 50 M 15 0 0.00 M M 6.6 13 260 M M 4 18 220
15 63 48 56 M 9 0 0.80 M M 5.3 14 50 M M 10 12 22 50
16 59 45 52 M 13 0 0.00 M M 3.9 9 330 M M 10 1 14 340
17 68 39 54 M 11 0 0.00 M M 5.2 15 50 M M 3 1 20 60
18 68 48 58 M 7 0 0.00 M M 10.2 20 50 M M 4 23 50
19 70 43 57 M 8 0 0.00 M M 10.8 21 20 M M 1 31 30
20 75 41 58 M 7 0 0.00 M M 4.4 12 20 M M 2 8 16 30
21 77 48 63 M 2 0 0.00 M M 7.3 14 240 M M 2 22 240
22 79 52 66 M 0 1 0.00 M M 7.0 12 290 M M 3 18 220
23 75 48 62 M 3 0 0.00 M M 9.7 20 50 M M 3 24 50
24 82 46 64 M 1 0 0.00 M M 3.1 8 170 M M 1 20 280
25 75 59 67 M 0 2 0.05 M M 6.7 15 200 M M 7 1 18 210
26 90 59 75 M 0 10 0.00 M M 5.7 15 240 M M 2 1 17 280
27 91 64 78 M 0 13 0.00 M M 5.4 15 260 M M 3 29 260
28 84 66 75 M 0 10 0.01 M M 9.7 22 220 M M 5 1 25 220
29 84 64 74 M 0 9 0.05 M M 12.0 26 250 M M 5 1 29 250
30 70 46 58 M 7 0 0.19 M M 11.3 23 290 M M 7 1 28 230
31 54 37 46 M 19 0 0.00 M M 6.2 17 310 M M 8 8 20 310
================================================================================
SM 2015 1313 389 45 1.39 M 244.4 M 163
================================================================================
AV 65.0 42.4 7.9 FASTST M M 5 MAX(MPH)
MISC ----> 29 260 39 300
================================================================================
NOTES:
# LAST OF SEVERAL OCCURRENCES
COLUMN 17 PEAK WIND IN M.P.H.
PRELIMINARY LOCAL CLIMATOLOGICAL DATA (WS FORM: F-6) , PAGE 2
STATION: POTSDAM MUNICIPAL DAMON FIELD
MONTH: MAY
YEAR: 2020
LATITUDE: 44 40 N
LONGITUDE: 74 57 W
[TEMPERATURE DATA] [PRECIPITATION DATA] SYMBOLS USED IN COLUMN 16
AVERAGE MONTHLY: 53.7 TOTAL FOR MONTH: 1.39 1 = FOG OR MIST
DPTR FM NORMAL: 0.0 DPTR FM NORMAL: M 2 = FOG REDUCING VISIBILITY
HIGHEST: 91 ON 27 GRTST 24HR 0.80 ON 15-15 TO 1/4 MILE OR LESS
LOWEST: 27 ON 9 3 = THUNDER
SNOW, ICE PELLETS, HAIL 4 = ICE PELLETS
TOTAL MONTH: M 5 = HAIL
GRTST 24HR M ON M 6 = FREEZING RAIN OR DRIZZLE
GRTST DEPTH: M ON M 7 = DUSTSTORM OR SANDSTORM:
VSBY 1/2 MILE OR LESS
8 = SMOKE OR HAZE
[NO. OF DAYS WITH] [WEATHER - DAYS WITH] 9 = BLOWING SNOW
X = TORNADO
MAX 32 OR BELOW: 0 0.01 INCH OR MORE: 12
MAX 90 OR ABOVE: 2 0.10 INCH OR MORE: 3
MIN 32 OR BELOW: 8 0.50 INCH OR MORE: 1
MIN 0 OR BELOW: 0 1.00 INCH OR MORE: 0
[HDD (BASE 65) ]
TOTAL THIS MO. 389 CLEAR (SCALE 0-3) 10
DPTR FM NORMAL M PTCLDY (SCALE 4-7) 14
TOTAL FM JUL 1 7592 CLOUDY (SCALE 8-10) 7
DPTR FM NORMAL M
[CDD (BASE 65) ]
TOTAL THIS MO. 45
DPTR FM NORMAL M [PRESSURE DATA]
TOTAL FM JAN 1 45 HIGHEST SLP M ON M
DPTR FM NORMAL M LOWEST SLP M ON M
[REMARKS]
#FINAL-05-20#