697
NZUS97 KBTV 010700
CF6PTD
PRELIMINARY LOCAL CLIMATOLOGICAL DATA (WS FORM: F-6)
STATION: POTSDAM MUNICIPAL DAMON FIELD
MONTH: MARCH
YEAR: 2020
LATITUDE: 44 40 N
LONGITUDE: 74 57 W
TEMPERATURE IN F: :PCPN: SNOW: WIND :SUNSHINE: SKY :PK WND
================================================================================
1 2 3 4 5 6A 6B 7 8 9 10 11 12 13 14 15 16 17 18
12Z AVG MX 2MIN
DY MAX MIN AVG DEP HDD CDD WTR SNW DPTH SPD SPD DIR MIN PSBL S-S WX SPD DR
================================================================================
1 27 5 16 M 49 0 0.00 M M 6.0 12 240 M M 5 15 250
2 46 27 37 M 28 0 0.05 M M 11.7 21 220 M M 10 29 200
3 46 32 39 M 26 0 0.35 M M 6.8 30 250 M M 8 12 40 220
4 39 34 37 M 28 0 0.02 M M 16.1 26 250 M M 10 35 260
5 37 28 33 M 32 0 0.00 M M 8.2 14 250 M M 10 18 260
6 34 27 31 M 34 0 0.00 M M 11.0 22 60 M M 9 30 50
7 32 14 23 M 42 0 0.00 M M 8.8 21 40 M M 4 22 40
8 48 28 38 M 27 0 0.00 M M 11.6 16 210 M M 7 24 240
9 61 48 55 M 10 0 0.00 M M 14.4 25 240 M M 5 33 260
10 55 30 43 M 22 0 0.25 M M 11.3 21 220 M M 9 1 35 230
11 30 21 26 M 39 0 0.00 M M 5.0 12 270 M M 6 17 330
12 45 27 36 M 29 0 0.00 M M 6.6 9 70 M M 9 14 40
13 52 34 43 M 22 0 0.35 M M 20.1 37 270 M M 10 18 46 270
14 45 32 39 M 26 0 0.00 M M 13.3 22 270 M M 7 30 260
15 30 16 23 M 42 0 0.00 M M 6.4 13 340 M M 4 20 320
16 39 14 27 M 38 0 0.00 M M 4.6 18 190 M M 4 26 190
17 41 30 36 M 29 0 0.13 M M 16.7 25 250 M M 9 29 210
18 43 27 35 M 30 0 0.00 M M 5.8 9 40 M M 5 15 260
19 52 32 42 M 23 0 0.00 M M 7.3 12 30 M M 9 14 30
20 64 30 47 M 18 0 0.24 M M 17.5 37 250 M M 9 18 52 250
21 28 16 22 M 43 0 0.00 M M 7.7 18 330 M M 3 23 310
22 34 12 23 M 42 0 0.00 M M 5.7 14 50 M M 3 21 99
23 36 21 29 M 36 0 0.02 M M 7.1 18 180 M M 9 25 170
24 43 27 35 M 30 0 0.00 M M 3.0 8 20 M M 9 1 M M
25 50 25 38 M 27 0 0.01 M M 4.7 10 270 M M 7 12 240
26 61 37 49 M 16 0 0.09 M M 11.2 22 350 M M 8 28 220
27 48 27 38 M 27 0 0.00 M M 6.9 17 290 M M 6 8 16 260
28 54 21 38 M 27 0 0.00 M M 5.4 13 40 M M 5 13 60
29 54 41 48 M 17 0 0.63 M M 7.6 20 230 M M 9 1 25 220
30 52 41 47 M 18 0 0.16 M M 8.2 22 230 M M 9 18 30 230
31 46 28 37 M 28 0 0.00 M M 11.0 21 50 M M 6 12 28 50
================================================================================
SM 1372 832 905 0 2.30 M 287.4 M 223
================================================================================
AV 44.3 26.8 9.3 FASTST M M 7 MAX(MPH)
MISC ----> 37 250 52 250
================================================================================
NOTES:
# LAST OF SEVERAL OCCURRENCES
COLUMN 17 PEAK WIND IN M.P.H.
PRELIMINARY LOCAL CLIMATOLOGICAL DATA (WS FORM: F-6) , PAGE 2
STATION: POTSDAM MUNICIPAL DAMON FIELD
MONTH: MARCH
YEAR: 2020
LATITUDE: 44 40 N
LONGITUDE: 74 57 W
[TEMPERATURE DATA] [PRECIPITATION DATA] SYMBOLS USED IN COLUMN 16
AVERAGE MONTHLY: 35.5 TOTAL FOR MONTH: 2.30 1 = FOG OR MIST
DPTR FM NORMAL: 0.0 DPTR FM NORMAL: M 2 = FOG REDUCING VISIBILITY
HIGHEST: 64 ON 20 GRTST 24HR 0.63 ON 29-29 TO 1/4 MILE OR LESS
LOWEST: 5 ON 1 3 = THUNDER
SNOW, ICE PELLETS, HAIL 4 = ICE PELLETS
TOTAL MONTH: M 5 = HAIL
GRTST 24HR M ON M 6 = FREEZING RAIN OR DRIZZLE
GRTST DEPTH: M ON M 7 = DUSTSTORM OR SANDSTORM:
VSBY 1/2 MILE OR LESS
8 = SMOKE OR HAZE
[NO. OF DAYS WITH] [WEATHER - DAYS WITH] 9 = BLOWING SNOW
X = TORNADO
MAX 32 OR BELOW: 5 0.01 INCH OR MORE: 12
MAX 90 OR ABOVE: 0 0.10 INCH OR MORE: 7
MIN 32 OR BELOW: 25 0.50 INCH OR MORE: 1
MIN 0 OR BELOW: 0 1.00 INCH OR MORE: 0
[HDD (BASE 65) ]
TOTAL THIS MO. 905 CLEAR (SCALE 0-3) 1
DPTR FM NORMAL M PTCLDY (SCALE 4-7) 15
TOTAL FM JUL 1 6479 CLOUDY (SCALE 8-10) 15
DPTR FM NORMAL M
[CDD (BASE 65) ]
TOTAL THIS MO. 0
DPTR FM NORMAL M [PRESSURE DATA]
TOTAL FM JAN 1 0 HIGHEST SLP M ON M
DPTR FM NORMAL M LOWEST SLP M ON M
[REMARKS]
#FINAL-03-20#