000
CXUS56 KSTO 011300
CF6RDD
PRELIMINARY LOCAL CLIMATOLOGICAL DATA (WS FORM: F-6)
STATION: REDDING CA AIRPORT AND CITY
MONTH: SEPTEMBER
YEAR: 2023
LATITUDE: 40 30 N
LONGITUDE: 122 18 W
TEMPERATURE IN F: :PCPN: SNOW: WIND :SUNSHINE: SKY :PK WND
================================================================================
1 2 3 4 5 6A 6B 7 8 9 10 11 12 13 14 15 16 17 18
12Z AVG MX 2MIN
DY MAX MIN AVG DEP HDD CDD WTR SNW DPTH SPD SPD DIR MIN PSBL S-S WX SPD DR
================================================================================
1 79 62 71 -7 0 6 1.39 0.0 M 4.6 12 60 M M 9 13 M M
2 77 61 69 -9 0 4 0.00 0.0 M 3.2 8 360 M M 7 M M
3 85 63 74 -4 0 9 0.00 0.0 M 3.4 9 340 M M 4 M M
4 88 61 75 -3 0 10 0.00 0.0 M 3.7 9 260 M M 0 M M
5 93 62 78 0 0 13 0.00 0.0 M 2.3 6 130 M M 0 M M
6 92 64 78 0 0 13 0.00 0.0 M 4.3 12 130 M M 0 16 130
7 91 63 77 0 0 12 0.00 0.0 M 4.4 13 150 M M 0 20 170
8 92 62 77 0 0 12 0.00 0.0 M 4.3 12 160 M M 0 M M
9 94 61 78 1 0 13 0.00 0.0 M 4.4 10 160 M M 0 M M
10 96 60 78 1 0 13 0.00 0.0 M 2.4 6 280 M M 0 M M
11 97 60 79 3 0 14 0.00 0.0 M 3.7 9 160 M M 0 M M
12 97 61 79 3 0 14 0.00 0.0 M 3.6 7 170 M M 0 M M
13 99 66 83 7 0 18 0.00 0.0 M 7.0 14 350 M M 0 20 350
14 102 61 82 6 0 17 0.00 0.0 M 5.6 12 360 M M 0 M M
15 99 63 81 5 0 16 0.00 0.0 M 3.2 12 160 M M 0 M M
16 96 64 80 5 0 15 0.00 0.0 M 3.7 9 200 M M 0 M M
17 90 66 78 3 0 13 0.00 0.0 M 5.1 12 150 M M 0 M M
18 88 63 76 1 0 11 0.00 0.0 M 4.5 16 150 M M 0 M M
19 90 63 77 2 0 12 0.00 0.0 M 2.5 10 150 M M 0 25 150
20 90 60 75 1 0 10 0.00 0.0 M 6.0 21 10 M M 0 29 10
21 82 64 73 -1 0 8 0.00 0.0 M 12.7 23 350 M M 0 36 20
22 83 52 68 -6 0 3 0.00 0.0 M 3.5 8 350 M M 0 M M
23 83 53 68 -6 0 3 0.00 0.0 M 4.2 12 200 M M 0 20 200
24 81 60 71 -2 0 6 0.00 0.0 M 4.9 20 160 M M 0 16 190
25 76 55 66 -7 0 1 0.03 0.0 M 8.3 17 160 M M 6 23 170
26 79 58 69 -3 0 4 0.00 0.0 M 5.6 12 200 M M 6 M M
27 82 52 67 -5 0 2 0.00 0.0 M 4.0 8 310 M M 2 M M
28 86 62 74 2 0 9 0.00 0.0 M 7.6 14 360 M M 0 23 360
29 81 52 67 -5 0 2 0.01 0.0 M 2.6 13 300 M M 4 23 300
30 75 59 67 -4 0 2 0.03 0.0 M 3.1 8 360 M M 8 M M
================================================================================
SM 2643 1813 0 285 1.46 0.0 138.4 M 46
================================================================================
AV 88.1 60.4 4.6 FASTST M M 2 MAX(MPH)
MISC ----> 23 350 36 20
================================================================================
NOTES:
# LAST OF SEVERAL OCCURRENCES
COLUMN 17 PEAK WIND IN M.P.H.
PRELIMINARY LOCAL CLIMATOLOGICAL DATA (WS FORM: F-6) , PAGE 2
STATION: REDDING CA AIRPORT AND CITY
MONTH: SEPTEMBER
YEAR: 2023
LATITUDE: 40 30 N
LONGITUDE: 122 18 W
[TEMPERATURE DATA] [PRECIPITATION DATA] SYMBOLS USED IN COLUMN 16
AVERAGE MONTHLY: 74.3 TOTAL FOR MONTH: 1.46 1 = FOG OR MIST
DPTR FM NORMAL: -1.0 DPTR FM NORMAL: 1.01 2 = FOG REDUCING VISIBILITY
HIGHEST: 102 ON 14 GRTST 24HR 1.39 ON 1- 1 TO 1/4 MILE OR LESS
LOWEST: 52 ON 29,22 3 = THUNDER
SNOW, ICE PELLETS, HAIL 4 = ICE PELLETS
TOTAL MONTH: 0.0 INCH 5 = HAIL
GRTST 24HR 0.0 6 = FREEZING RAIN OR DRIZZLE
GRTST DEPTH: M ON M 7 = DUSTSTORM OR SANDSTORM:
VSBY 1/2 MILE OR LESS
8 = SMOKE OR HAZE
[NO. OF DAYS WITH] [WEATHER - DAYS WITH] 9 = BLOWING SNOW
X = TORNADO
MAX 32 OR BELOW: 0 0.01 INCH OR MORE: 4
MAX 90 OR ABOVE: 15 0.10 INCH OR MORE: 1
MIN 32 OR BELOW: 0 0.50 INCH OR MORE: 1
MIN 0 OR BELOW: 0 1.00 INCH OR MORE: 1
[HDD (BASE 65) ]
TOTAL THIS MO. 0 CLEAR (SCALE 0-3) 23
DPTR FM NORMAL -5 PTCLDY (SCALE 4-7) 6
TOTAL FM JUL 1 0 CLOUDY (SCALE 8-10) 1
DPTR FM NORMAL -1
[CDD (BASE 65) ]
TOTAL THIS MO. 285
DPTR FM NORMAL -27 [PRESSURE DATA]
TOTAL FM JAN 1 2204 HIGHEST SLP 30.14 ON 26
DPTR FM NORMAL 263 LOWEST SLP 29.58 ON 1
[REMARKS]
#FINAL-09-23#