000
CXUS51 KPHI 011242
CLMRDG
CLIMATE REPORT
NATIONAL WEATHER SERVICE MOUNT HOLLY NJ
842 AM EDT TUE AUG 01 2023
...................................
...THE READING PA CLIMATE SUMMARY FOR THE MONTH OF JULY 2023...
CLIMATE NORMAL PERIOD: 1991 TO 2020
CLIMATE RECORD PERIOD: 1869 TO 2023
WEATHER OBSERVED NORMAL DEPART LAST YEAR`S
VALUE DATE(S) VALUE FROM VALUE
NORMAL
..............................................................
TEMPERATURE (F)
RECORD
HIGH 107 07/14/2005
LOW 46 07/01/1988
07/28/1977
07/27/1977
HIGHEST 94 MM MM 97
LOWEST 62 MM MM 59
AVG. MAXIMUM 87.5 86.5 1.0 89.3
AVG. MINIMUM 68.7 65.8 2.9 68.7
MEAN 78.1 76.1 2.0 79.0
DAYS MAX >= 90 11 10.5 0.5 12
DAYS MAX <= 32 0 0.0 0.0 0
DAYS MIN <= 32 0 0.0 0.0 0
DAYS MIN <= 0 0 0.0 0.0 0
PRECIPITATION (INCHES)
RECORD
MAXIMUM 13.85 2004
MINIMUM 0.31 1999
TOTALS 10.07 4.77 5.30 2.84
DAILY AVG. 0.32 0.15 0.17 0.09
DAYS >= .01 15 10.7 4.3 10
DAYS >= .10 8 7.4 0.6 6
DAYS >= .50 4 3.0 1.0 3
DAYS >= 1.00 2 1.6 0.4 0
GREATEST
24 HR. TOTAL 5.35 07/09 TO 07/09 1.41
DEGREE DAYS
HEATING TOTAL 0 0 0 0
SINCE 7/1 0 0 0 MM
COOLING TOTAL 415 346 69 444
SINCE 1/1 630 635 -5 MM
..............................................................
WIND (MPH)
AVERAGE WIND SPEED 4.6
HIGHEST WIND SPEED/DIRECTION 35/300 DATE 07/29
HIGHEST GUST SPEED/DIRECTION 45/300 DATE 07/29
SKY COVER
POSSIBLE SUNSHINE (PERCENT) MM
AVERAGE SKY COVER 0.31
NUMBER OF DAYS FAIR 18
NUMBER OF DAYS PC 12
NUMBER OF DAYS CLOUDY 1
AVERAGE RH (PERCENT) 71
WEATHER CONDITIONS. NUMBER OF DAYS WITH
THUNDERSTORM 12 MIXED PRECIP 0
HEAVY RAIN 8 RAIN 10
LIGHT RAIN 14 FREEZING RAIN 0
LT FREEZING RAIN 0 HEAVY SNOW 0
SNOW 0 LIGHT SNOW 0
SLEET 0 FOG 23
FOG W/VIS <= 1/4 MILE 2 HAZE 14
- INDICATES NEGATIVE NUMBERS.
R INDICATES RECORD WAS SET OR TIED.
MM INDICATES DATA IS MISSING.
T INDICATES TRACE AMOUNT.
$$