000
CXUS55 KRIW 010945
CF6RKS
PRELIMINARY LOCAL CLIMATOLOGICAL DATA (WS FORM: F-6)
STATION: ROCK SPRINGS WY
MONTH: JUNE
YEAR: 2020
LATITUDE: 41 35 N
LONGITUDE: 109 4 W
TEMPERATURE IN F: :PCPN: SNOW: WIND :SUNSHINE: SKY :PK WND
================================================================================
1 2 3 4 5 6A 6B 7 8 9 10 11 12 13 14 15 16 17 18
12Z AVG MX 2MIN
DY MAX MIN AVG DEP HDD CDD WTR SNW DPTH SPD SPD DIR MIN PSBL S-S WX SPD DR
================================================================================
1 85 56 71 15 0 6 0.00 M M 13.0 29 260 M M 0 39 270
2 83 45 64 8 1 0 0.00 M M 11.2 24 270 M M 0 37 260
3 81 51 66 10 0 1 0.00 M M 12.8 37 310 M M 1 50 310
4 83 51 67 10 0 2 0.00 M M 15.5 40 250 M M 1 57 270
5 89 50 70 13 0 5 0.00 M M 14.2 40 190 M M 0 54 180
6 65 43 54 -3 11 0 0.41 M M 17.8 52 210 M M 6 13 68 210
7 62 36 49 -9 16 0 0.37 M M 12.1 43 260 M M 7 13 53 260
8 50 33 42 -16 23 0 T M M 16.1 26 280 M M 7 1 37 280
9 61 33 47 -11 18 0 0.00 M M 17.7 29 270 M M 2 42 260
10 69 39 54 -5 11 0 0.00 M M 13.1 25 260 M M 2 35 250
11 76 44 60 1 5 0 0.00 M M 4.8 15 260 M M 0 21 230
12 85 53 69 10 0 4 0.00 M M 11.6 30 200 M M 0 40 210
13 82 58 70 10 0 5 0.00 M M 20.1 45 200 M M 0 59 220
14 72 48 60 0 5 0 0.00 M M 14.6 25 280 M M 1 45 270
15 78 46 62 2 3 0 0.00 M M 6.8 22 250 M M 1 30 180
16 72 46 59 -2 6 0 T M M 15.4 31 200 M M 2 42 330
17 59 36 48 -13 17 0 T M M 15.7 30 250 M M 4 43 280
18 64 33 49 -13 16 0 0.00 M M 6.2 15 40 M M 0 20 20
19 72 46 59 -3 6 0 0.00 M M 8.5 22 270 M M 2 29 270
20 76 44 60 -2 5 0 0.00 M M 13.0 29 270 M M 0 41 260
21 75 50 63 0 2 0 0.00 M M 8.7 18 290 M M 1 29 340
22 80 49 65 2 0 0 0.00 M M 6.1 17 260 M M 0 23 270
23 83 51 67 4 0 2 0.00 M M 7.0 17 250 M M 0 23 260
24 85 55 70 6 0 5 0.00 M M 8.7 23 270 M M 0 31 270
25 82 54 68 4 0 3 0.01 M M 12.0 43 210 M M 1 3 53 210
26 79 49 64 0 1 0 0.00 M M 7.6 21 260 M M 1 26 280
27 86 56 71 6 0 6 0.00 M M 13.9 32 270 M M 0 47 250
28 80 54 67 2 0 2 T M M 18.0 45 210 M M 6 3 59 210
29 55 42 49 -16 16 0 T M M 14.3 24 250 M M 8 1 33 250
30 60 39 50 -16 15 0 0.11 M M 13.6 36 250 M M 5 1 48 250
================================================================================
SM 2229 1390 177 41 0.90 M 370.1 M 58
================================================================================
AV 74.3 46.3 12.3 FASTST M M 2 MAX(MPH)
MISC ----> # 52 210 # 68 210
================================================================================
NOTES:
# LAST OF SEVERAL OCCURRENCES
COLUMN 17 PEAK WIND IN M.P.H.
PRELIMINARY LOCAL CLIMATOLOGICAL DATA (WS FORM: F-6) , PAGE 2
STATION: ROCK SPRINGS WY
MONTH: JUNE
YEAR: 2020
LATITUDE: 41 35 N
LONGITUDE: 109 4 W
[TEMPERATURE DATA] [PRECIPITATION DATA] SYMBOLS USED IN COLUMN 16
AVERAGE MONTHLY: 60.3 TOTAL FOR MONTH: 0.90 1 = FOG OR MIST
DPTR FM NORMAL: -0.3 DPTR FM NORMAL: 0.11 2 = FOG REDUCING VISIBILITY
HIGHEST: 89 ON 5 GRTST 24HR 0.41 ON 6- 6 TO 1/4 MILE OR LESS
LOWEST: 33 ON 18, 9 3 = THUNDER
SNOW, ICE PELLETS, HAIL 4 = ICE PELLETS
TOTAL MONTH: M 5 = HAIL
GRTST 24HR M ON M 6 = FREEZING RAIN OR DRIZZLE
GRTST DEPTH: M ON M 7 = DUSTSTORM OR SANDSTORM:
VSBY 1/2 MILE OR LESS
8 = SMOKE OR HAZE
[NO. OF DAYS WITH] [WEATHER - DAYS WITH] 9 = BLOWING SNOW
X = TORNADO
MAX 32 OR BELOW: 0 0.01 INCH OR MORE: 4
MAX 90 OR ABOVE: 0 0.10 INCH OR MORE: 3
MIN 32 OR BELOW: 0 0.50 INCH OR MORE: 0
MIN 0 OR BELOW: 0 1.00 INCH OR MORE: 0
[HDD (BASE 65) ]
TOTAL THIS MO. 177 CLEAR (SCALE 0-3) 23
DPTR FM NORMAL 10 PTCLDY (SCALE 4-7) 6
TOTAL FM JUL 1 8391 CLOUDY (SCALE 8-10) 1
DPTR FM NORMAL 249
[CDD (BASE 65) ]
TOTAL THIS MO. 41
DPTR FM NORMAL 6 [PRESSURE DATA]
TOTAL FM JAN 1 48 HIGHEST SLP 30.27 ON 11
DPTR FM NORMAL 12 LOWEST SLP 29.22 ON 28
[REMARKS]
#FINAL-06-20#