000
CXUS56 KSGX 011045
CF6RNM
PRELIMINARY LOCAL CLIMATOLOGICAL DATA (WS FORM: F-6)
STATION: RAMONA AIRPORT CA
MONTH: MARCH
YEAR: 2022
LATITUDE: 33 2 N
LONGITUDE: 116 55 W
TEMPERATURE IN F: :PCPN: SNOW: WIND :SUNSHINE: SKY :PK WND
================================================================================
1 2 3 4 5 6A 6B 7 8 9 10 11 12 13 14 15 16 17 18
12Z AVG MX 2MIN
DY MAX MIN AVG DEP HDD CDD WTR SNW DPTH SPD SPD DIR MIN PSBL S-S WX SPD DR
================================================================================
1 82 31 57 4 8 0 0.00 M M 4.3 15 290 M M 0 19 250
2 83 34 59 6 6 0 0.00 M M 2.8 13 260 M M 0 15 260
3 72 34 53 0 12 0 0.00 M M 5.0 16 280 M M 1 20 280
4 59 46 53 0 12 0 0.61 M M 7.5 21 260 M M 9 13 24 260
5 54 42 48 -5 17 0 0.22 M M 10.9 25 260 M M 9 1 31 250
6 59 37 48 -5 17 0 T M M 2.3 14 250 M M 5 1 16 230
7 67 32 50 -3 15 0 0.00 M M 5.4 20 270 M M 2 12 25 270
8 67 34 51 -2 14 0 0.00 M M 5.2 18 270 M M 0 23 90
9 68 29 49 -4 16 0 0.00 M M 3.5 13 230 M M 1 20 270
10 64 35 50 -3 15 0 0.00 M M 4.5 17 270 M M 6 12 23 280
11 71 27 49 -4 16 0 0.00 M M 7.4 21 80 M M 0 12 26 80
12 74 31 53 -1 12 0 0.00 M M 3.3 16 270 M M 0 19 260
13 68 30 49 -5 16 0 0.00 M M 4.8 15 270 M M 0 1 18 280
14 77 33 55 1 10 0 0.00 M M 3.3 13 300 M M 0 12 16 290
15 78 37 58 4 7 0 0.00 M M 3.3 15 270 M M 0 1 17 270
16 71 36 54 0 11 0 0.00 M M 4.9 18 270 M M 0 18 22 270
17 79 36 58 4 7 0 0.00 M M 4.3 18 270 M M 0 1 21 270
18 76 34 55 1 10 0 0.00 M M 3.3 14 300 M M 0 16 270
19 70 40 55 1 10 0 0.03 M M 6.0 18 270 M M 3 1 24 280
20 62 40 51 -3 14 0 0.18 M M 5.6 22 270 M M 5 1 26 280
21 72 34 53 -1 12 0 0.00 M M 3.1 13 270 M M 0 1 15 280
22 83 40 62 8 3 0 0.00 M M 4.6 16 260 M M 0 18 21 280
23 84 41 63 9 2 0 0.00 M M 7.8 25 60 M M 0 32 50
24 86 41 64 10 1 0 0.00 M M 4.7 15 260 M M 0 19 260
25 86 42 64 10 1 0 0.00 M M 4.4 16 270 M M 0 19 260
26 81 44 63 9 2 0 0.00 M M 3.8 15 270 M M 0 12 18 270
27 73 48 61 7 4 0 0.00 M M 4.9 15 270 M M 6 128 22 280
28 66 49 58 3 7 0 0.97 M M 7.6 23 200 M M 10 1 28 200
29 62 43 53 -2 12 0 0.01 M M 4.6 16 260 M M 7 1 19 260
30 69 41 55 0 10 0 0.00 M M 4.6 16 260 M M 6 12 20 270
31 59 51 55 0 10 0 0.00 M M 4.4 10 180 M M 10 1 13 170
================================================================================
SM 2222 1172 309 0 2.02 M 152.1 M 80
================================================================================
AV 71.7 37.8 4.9 FASTST M M 3 MAX(MPH)
MISC ----> # 25 260 32 50
================================================================================
NOTES:
# LAST OF SEVERAL OCCURRENCES
COLUMN 17 PEAK WIND IN M.P.H.
PRELIMINARY LOCAL CLIMATOLOGICAL DATA (WS FORM: F-6) , PAGE 2
STATION: RAMONA AIRPORT CA
MONTH: MARCH
YEAR: 2022
LATITUDE: 33 2 N
LONGITUDE: 116 55 W
[TEMPERATURE DATA] [PRECIPITATION DATA] SYMBOLS USED IN COLUMN 16
AVERAGE MONTHLY: 54.7 TOTAL FOR MONTH: 2.02 1 = FOG OR MIST
DPTR FM NORMAL: 0.9 DPTR FM NORMAL: -0.28 2 = FOG REDUCING VISIBILITY
HIGHEST: 86 ON 24,25 GRTST 24HR 0.98 ON 28-29 TO 1/4 MILE OR LESS
LOWEST: 27 ON 11 3 = THUNDER
SNOW, ICE PELLETS, HAIL 4 = ICE PELLETS
TOTAL MONTH: M 5 = HAIL
GRTST 24HR M ON M 6 = FREEZING RAIN OR DRIZZLE
GRTST DEPTH: M ON M 7 = DUSTSTORM OR SANDSTORM:
VSBY 1/2 MILE OR LESS
8 = SMOKE OR HAZE
[NO. OF DAYS WITH] [WEATHER - DAYS WITH] 9 = BLOWING SNOW
X = TORNADO
MAX 32 OR BELOW: 0 0.01 INCH OR MORE: 6
MAX 90 OR ABOVE: 0 0.10 INCH OR MORE: 4
MIN 32 OR BELOW: 6 0.50 INCH OR MORE: 2
MIN 0 OR BELOW: 0 1.00 INCH OR MORE: 0
[HDD (BASE 65) ]
TOTAL THIS MO. 309 CLEAR (SCALE 0-3) 21
DPTR FM NORMAL -40 PTCLDY (SCALE 4-7) 6
TOTAL FM JUL 1 1849 CLOUDY (SCALE 8-10) 4
DPTR FM NORMAL -100
[CDD (BASE 65) ]
TOTAL THIS MO. 0
DPTR FM NORMAL 0 [PRESSURE DATA]
TOTAL FM JAN 1 1 HIGHEST SLP 30.28 ON 11
DPTR FM NORMAL -1 LOWEST SLP 29.77 ON 28
[REMARKS]
#FINAL-03-22#