000
CXUS56 KSTO 011400
CF6SAC
PRELIMINARY LOCAL CLIMATOLOGICAL DATA (WS FORM: F-6)
STATION: SACRAMENTO EXEC AP
MONTH: NOVEMBER
YEAR: 2023
LATITUDE: 38 31 N
LONGITUDE: 121 30 W
TEMPERATURE IN F: :PCPN: SNOW: WIND :SUNSHINE: SKY :PK WND
================================================================================
1 2 3 4 5 6A 6B 7 8 9 10 11 12 13 14 15 16 17 18
12Z AVG MX 2MIN
DY MAX MIN AVG DEP HDD CDD WTR SNW DPTH SPD SPD DIR MIN PSBL S-S WX SPD DR
================================================================================
1 75 40 58 -1 7 0 0.00 M M 1.4 6 340 M M 0 1 8 320
2 76 44 60 2 5 0 0.00 0.0 M 3.4 12 330 M M 0 14 340
3 80 49 65 7 0 0 0.00 M M 1.1 7 90 M M 0 10 320
4 81 51 66 8 0 1 0.00 M M 4.6 13 210 M M 0 18 210
5 71 57 64 7 1 0 0.02 M M 5.2 12 210 M M 6 1 16 220
6 71 51 61 4 4 0 0.10 M M 7.5 15 240 M M 4 1 20 230
7 68 44 56 -1 9 0 0.00 M M 4.9 14 320 M M 3 12 19 330
8 72 43 58 2 7 0 0.00 M M 6.6 14 330 M M 0 19 360
9 65 37 51 -5 14 0 0.00 M M 1.0 8 90 M M 0 10 100
10 68 41 55 -1 10 0 0.00 M M 2.0 10 320 M M 1 14 310
11 72 41 57 2 8 0 0.00 M M 1.3 8 320 M M 0 11 350
12 73 43 58 3 7 0 0.00 M M 1.3 8 160 M M 0 12 150
13 70 46 58 4 7 0 0.00 M M 1.6 7 320 M M 0 10 310
14 71 45 58 4 7 0 0.00 0.0 M 3.5 10 330 M M 0 13 330
15 63 47 55 1 10 0 0.02 M M 5.3 12 260 M M 5 14 260
16 70 50 60 6 5 0 T M M 5.6 13 330 M M 4 15 320
17 70 49 60 7 5 0 0.01 M M 2.3 9 140 M M 5 14 130
18 63 54 59 6 6 0 0.21 M M 8.7 18 150 M M 8 1 30 160
19 63 40 52 0 13 0 0.00 M M 10.5 24 330 M M 0 33 320
20 64 41 53 1 12 0 0.00 M M 5.8 24 330 M M 0 31 320
21 64 38 51 -1 14 0 0.00 M M 2.0 8 330 M M 0 1 11 350
22 66 36 51 -1 14 0 0.00 M M 1.3 6 360 M M 0 1 9 20
23 71 40 56 5 9 0 0.00 M M 8.8 23 340 M M 1 1 30 330
24 62 41 52 1 13 0 0.00 M M 11.8 25 330 M M 0 32 320
25 63 35 49 -2 16 0 0.00 M M 4.9 15 340 M M 0 19 350
26 63 32 48 -2 17 0 0.00 M M 2.8 10 330 M M 0 13 340
27 63 31 47 -3 18 0 0.00 M M 1.7 8 320 M M 0 11 310
28 63 31 47 -3 18 0 0.00 M M 1.5 6 320 M M 0 1 8 350
29 64 37 51 1 14 0 T M M 3.1 9 320 M M 5 12 310
30 63 37 50 1 15 0 0.00 M M 3.2 12 280 M M 2 8 16 280
================================================================================
SM 2048 1271 285 1 0.36 0.0 124.7 M 44
================================================================================
AV 68.3 42.4 4.2 FASTST M M 1 MAX(MPH)
MISC ----> 25 330 33 320
================================================================================
NOTES:
# LAST OF SEVERAL OCCURRENCES
COLUMN 17 PEAK WIND IN M.P.H.
PRELIMINARY LOCAL CLIMATOLOGICAL DATA (WS FORM: F-6) , PAGE 2
STATION: SACRAMENTO EXEC AP
MONTH: NOVEMBER
YEAR: 2023
LATITUDE: 38 31 N
LONGITUDE: 121 30 W
[TEMPERATURE DATA] [PRECIPITATION DATA] SYMBOLS USED IN COLUMN 16
AVERAGE MONTHLY: 55.3 TOTAL FOR MONTH: 0.36 1 = FOG OR MIST
DPTR FM NORMAL: 1.4 DPTR FM NORMAL: -1.30 2 = FOG REDUCING VISIBILITY
HIGHEST: 81 ON 4 GRTST 24HR 0.22 ON 17-18 TO 1/4 MILE OR LESS
LOWEST: 31 ON 28,27 3 = THUNDER
SNOW, ICE PELLETS, HAIL 4 = ICE PELLETS
TOTAL MONTH: 0.0 INCH 5 = HAIL
GRTST 24HR 0.0 6 = FREEZING RAIN OR DRIZZLE
GRTST DEPTH: M ON M 7 = DUSTSTORM OR SANDSTORM:
VSBY 1/2 MILE OR LESS
8 = SMOKE OR HAZE
[NO. OF DAYS WITH] [WEATHER - DAYS WITH] 9 = BLOWING SNOW
X = TORNADO
MAX 32 OR BELOW: 0 0.01 INCH OR MORE: 5
MAX 90 OR ABOVE: 0 0.10 INCH OR MORE: 2
MIN 32 OR BELOW: 3 0.50 INCH OR MORE: 0
MIN 0 OR BELOW: 0 1.00 INCH OR MORE: 0
[HDD (BASE 65) ]
TOTAL THIS MO. 285 CLEAR (SCALE 0-3) 23
DPTR FM NORMAL -50 PTCLDY (SCALE 4-7) 6
TOTAL FM JUL 1 353 CLOUDY (SCALE 8-10) 1
DPTR FM NORMAL -66
[CDD (BASE 65) ]
TOTAL THIS MO. 1
DPTR FM NORMAL 0 [PRESSURE DATA]
TOTAL FM JAN 1 1317 HIGHEST SLP 30.42 ON 21
DPTR FM NORMAL 24 LOWEST SLP 29.76 ON 15
[REMARKS]
#FINAL-11-23#