000
CXUS51 KAKQ 021033
CLMSBY
CLIMATE REPORT
NATIONAL WEATHER SERVICE WAKEFIELD VA
633 AM EDT FRI JUN 02 2023
...................................
...THE SALISBURY MD CLIMATE SUMMARY FOR THE MONTH OF MAY 2023...
CLIMATE NORMAL PERIOD: 1991 TO 2020
CLIMATE RECORD PERIOD: 1900 TO 2023
WEATHER OBSERVED NORMAL DEPART LAST YEAR`S
VALUE DATE(S) VALUE FROM VALUE DATE(S)
NORMAL
................................................................
TEMPERATURE (F)
RECORD
HIGH 97 05/27/1917
LOW 28 05/05/2003
HIGHEST 84 05/12 90 -6 95 05/31
LOWEST 40 05/05 37 3 39 05/01
AVG. MAXIMUM 72.9 74.4 -1.5 75.1
AVG. MINIMUM 50.6 53.2 -2.6 57.0
MEAN 61.8 63.8 -2.0 66.0
DAYS MAX >= 90 0 1.0 -1.0 3
DAYS MAX <= 32 0 0.0 0.0 0
DAYS MIN <= 32 0 MM MM 0
DAYS MIN <= 0 0 MM MM 0
PRECIPITATION (INCHES)
RECORD
MAXIMUM 10.38 1948
MINIMUM 0.18 1911
TOTALS 2.42 3.73 -1.31 5.93
DAILY AVG. 0.08 0.12 -0.04 0.19
DAYS >= .01 10 11.7 -1.7 15
DAYS >= .10 6 7.1 -1.1 10
DAYS >= .50 3 2.2 0.8 3
DAYS >= 1.00 0 0.9 -0.9 3
GREATEST
24 HR. TOTAL 0.69 05/21 TO 05/21
SNOWFALL (INCHES)
RECORDS
TOTAL 0.0 MM
TOTALS 0.0
SINCE 7/1 T 8.0 -8.0 MM
SNOWDEPTH AVG. 0 0
DAYS >= 1.0 0 0.0 0.0 0
GREATEST
SNOW DEPTH 0 0 MM
24 HR TOTAL 0.0 MM 0.0
DEGREE DAYS
HEATING TOTAL 117 122 -5 87
SINCE 7/1 3505 4194 -689 MM
COOLING TOTAL 27 84 -57 126
SINCE 1/1 76 108 -32 MM
................................................................
WIND (MPH)
AVERAGE WIND SPEED 7.3
HIGHEST WIND SPEED/DIRECTION 28/260 DATE 05/01
HIGHEST GUST SPEED/DIRECTION 36/260 DATE 05/01
36/240 05/02
SKY COVER
POSSIBLE SUNSHINE (PERCENT) MM
AVERAGE SKY COVER 0.35
AVERAGE RH (PERCENT) 69
WEATHER CONDITIONS. NUMBER OF DAYS WITH
THUNDERSTORM 2 MIXED PRECIP 0
HEAVY RAIN 3 RAIN 4
LIGHT RAIN 11 FREEZING RAIN 0
LT FREEZING RAIN 0 HAIL 0
HEAVY SNOW 0 SNOW 0
LIGHT SNOW 0 SLEET 0
FOG 17 FOG W/VIS <= 1/4 MILE 2
HAZE 1
- INDICATES NEGATIVE NUMBERS.
R INDICATES RECORD WAS SET OR TIED.
MM INDICATES DATA IS MISSING.
T INDICATES TRACE AMOUNT.
$$