000
CXUS53 KLMK 010710
CF6SDF
PRELIMINARY LOCAL CLIMATOLOGICAL DATA (WS FORM: F-6)
STATION: LOUISVILLE KY
MONTH: JULY
YEAR: 2023
LATITUDE: 38 10 N
LONGITUDE: 85 44 W
TEMPERATURE IN F: :PCPN: SNOW: WIND :SUNSHINE: SKY :PK WND
================================================================================
1 2 3 4 5 6A 6B 7 8 9 10 11 12 13 14 15 16 17 18
12Z AVG MX 2MIN
DY MAX MIN AVG DEP HDD CDD WTR SNW DPTH SPD SPD DIR MIN PSBL S-S WX SPD DR
================================================================================
1 87 71 79 0 0 14 0.55 0.0 0 9.4 21 80 M M 8 13 31 140
2 86 71 79 0 0 14 0.73 0.0 0 8.9 33 280 M M 8 13 45 260
3 88 71 80 0 0 15 T 0.0 0 8.0 18 290 M M 7 26 280
4 89 73 81 1 0 16 0.00 0.0 0 4.3 12 220 M M 8 8 15 200
5 91 73 82 2 0 17 T 0.0 0 5.6 20 210 M M 5 18 26 220
6 89 75 82 2 0 17 0.13 0.0 0 8.4 18 290 M M 8 8 30 300
7 91 73 82 2 0 17 0.00 0.0 0 5.6 12 320 M M 6 14 280
8 86 71 79 -1 0 14 1.10 0.0 0 5.9 28 350 M M 9 13 34 350
9 81 68 75 -5 0 10 0.00 0.0 0 6.7 14 300 M M 8 18 330
10 88 64 76 -4 0 11 0.00 0.0 0 2.3 9 290 M M 3 12 300
11 87 67 77 -3 0 12 0.00 0.0 0 4.9 16 220 M M 2 21 250
12 89 68 79 -1 0 14 0.00 0.0 0 7.7 17 180 M M 3 24 170
13 92 76 84 4 0 19 0.10 0.0 0 8.5 15 250 M M 7 38 21 280
14 93 75 84 4 0 19 0.00 0.0 0 3.9 13 210 M M 5 19 270
15 86 74 80 0 0 15 0.24 0.0 0 7.7 21 200 M M 7 1 30 210
16 87 72 80 0 0 15 0.00 0.0 0 7.7 14 260 M M 2 38 20 260
17 87 73 80 0 0 15 0.01 0.0 0 7.6 20 260 M M 7 38 25 250
18 89 68 79 -1 0 14 0.88 0.0 0 10.1 32 260 M M 8 13 43 260
19 84 72 78 -2 0 13 0.00 0.0 0 6.9 16 220 M M 9 1 23 200
20 88 75 82 2 0 17 T 0.0 0 6.4 15 290 M M 7 20 260
21 85 69 77 -3 0 12 0.00 0.0 0 7.4 17 360 M M 6 22 350
22 86 68 77 -3 0 12 0.00 0.0 0 5.5 13 320 M M 4 18 290
23 87 68 78 -2 0 13 0.00 0.0 0 5.1 13 260 M M 2 20 250
24 91 71 81 1 0 16 0.03 0.0 0 7.7 29 210 M M 6 3 40 200
25 92 69 81 1 0 16 0.00 0.0 0 4.2 12 220 M M 3 3 16 250
26 92 77 85 5 0 20 0.00 0.0 0 11.4 18 190 M M 7 3 28 210
27 96 80 88 8 0 23 0.00 0.0 0 10.8 20 230 M M 6 3 28 260
28 96 82 89 9 0 24 0.00 0.0 0 8.3 16 220 M M 5 24 230
29 94 75 85 5 0 20 T 0.0 0 9.1 26 10 M M 7 3 33 20
30 91 73 82 2 0 17 0.00 0.0 0 6.2 15 340 M M 5 21 360
31 87 71 79 -1 0 14 0.00 0.0 0 7.9 15 10 M M 5 21 20
================================================================================
SM 2755 2233 0 485 3.77 0.0 220.1 M 183
================================================================================
AV 88.9 72.0 7.1 FASTST M M 6 MAX(MPH)
MISC ----> 33 280 45 260
================================================================================
NOTES:
# LAST OF SEVERAL OCCURRENCES
COLUMN 17 PEAK WIND IN M.P.H.
PRELIMINARY LOCAL CLIMATOLOGICAL DATA (WS FORM: F-6) , PAGE 2
STATION: LOUISVILLE KY
MONTH: JULY
YEAR: 2023
LATITUDE: 38 10 N
LONGITUDE: 85 44 W
[TEMPERATURE DATA] [PRECIPITATION DATA] SYMBOLS USED IN COLUMN 16
AVERAGE MONTHLY: 80.5 TOTAL FOR MONTH: 3.77 1 = FOG OR MIST
DPTR FM NORMAL: 0.6 DPTR FM NORMAL: -0.28 2 = FOG REDUCING VISIBILITY
HIGHEST: 96 ON 28,27 GRTST 24HR 1.10 ON 8- 8 TO 1/4 MILE OR LESS
LOWEST: 64 ON 10 3 = THUNDER
SNOW, ICE PELLETS, HAIL 4 = ICE PELLETS
TOTAL MONTH: 0.0 INCH 5 = HAIL
GRTST 24HR 0.0 6 = FREEZING RAIN OR DRIZZLE
GRTST DEPTH: 0 7 = DUSTSTORM OR SANDSTORM:
VSBY 1/2 MILE OR LESS
8 = SMOKE OR HAZE
[NO. OF DAYS WITH] [WEATHER - DAYS WITH] 9 = BLOWING SNOW
X = TORNADO
MAX 32 OR BELOW: 0 0.01 INCH OR MORE: 9
MAX 90 OR ABOVE: 11 0.10 INCH OR MORE: 7
MIN 32 OR BELOW: 0 0.50 INCH OR MORE: 4
MIN 0 OR BELOW: 0 1.00 INCH OR MORE: 1
[HDD (BASE 65) ]
TOTAL THIS MO. 0 CLEAR (SCALE 0-3) 6
DPTR FM NORMAL 0 PTCLDY (SCALE 4-7) 21
TOTAL FM JUL 1 0 CLOUDY (SCALE 8-10) 4
DPTR FM NORMAL 0
[CDD (BASE 65) ]
TOTAL THIS MO. 485
DPTR FM NORMAL 23 [PRESSURE DATA]
TOTAL FM JAN 1 943 HIGHEST SLP M ON M
DPTR FM NORMAL -78 LOWEST SLP 29.49 ON 30
[REMARKS]
#FINAL-07-23#