000
CXUS53 KSGF 010810
CF6SGF
PRELIMINARY LOCAL CLIMATOLOGICAL DATA (WS FORM: F-6)
STATION: SPRINGFIELD MO
MONTH: DECEMBER
YEAR: 2021
LATITUDE: 37 13 N
LONGITUDE: 93 23 W
TEMPERATURE IN F: :PCPN: SNOW: WIND :SUNSHINE: SKY :PK WND
================================================================================
1 2 3 4 5 6A 6B 7 8 9 10 11 12 13 14 15 16 17 18
12Z AVG MX 2MIN
DY MAX MIN AVG DEP HDD CDD WTR SNW DPTH SPD SPD DIR MIN PSBL S-S WX SPD DR
================================================================================
1 64 45 55 14 10 0 T 0.0 0 9.2 14 270 M M 0 20 290
2 75 45 60 19 5 0 0.00 0.0 0 9.2 16 250 M M 0 21 250
3 74 45 60 19 5 0 0.00 0.0 0 7.2 12 220 M M 1 14 210
4 62 46 54 14 11 0 0.00 0.0 0 11.2 21 150 M M 5 8 29 150
5 71 48 60 20 5 0 0.02 0.0 0 17.0 32 220 M M 5 13 43 220
6 48 29 39 -1 26 0 0.00 0.0 0 11.9 23 350 M M 0 8 31 360
7 37 25 31 -8 34 0 0.00 0.0 0 9.5 18 140 M M 4 26 140
8 53 24 39 0 26 0 0.00 0.0 M 8.4 23 150 M M 0 30 150
9 67 43 55 16 10 0 0.00 0.0 0 14.0 29 220 M M 0 38 230
10 71 41 56 17 9 0 0.24 0.0 0 16.8 38 220 M M 5 13 60 200
11 45 29 37 -1 28 0 0.00 0.0 0 12.3 29 270 M M 4 44 290
12 53 26 40 2 25 0 0.00 0.0 0 11.5 21 190 M M 0 27 180
13 65 36 51 13 14 0 0.00 0.0 0 11.5 18 180 M M 0 22 180
14 66 48 57 19 8 0 0.00 0.0 0 15.1 22 180 M M 7 29 170
15 75 54 65 28 0 0 0.06 0.0 0 19.9 36 190 M M 8 1 53 200
16 55 36 46 9 19 0 T 0.0 0 6.9 18 330 M M 4 18 23 340
17 54 41 48 11 17 0 0.39 0.0 0 11.9 21 330 M M 10 13 25 130
18 42 31 37 0 28 0 T 0.0 0 13.7 22 340 M M 7 12 27 320
19 36 26 31 -5 34 0 0.00 0.0 0 5.3 13 170 M M 6 17 170
20 51 23 37 1 28 0 0.00 0.0 0 7.2 14 190 M M 0 17 170
21 54 26 40 4 25 0 0.00 0.0 M 7.6 18 280 M M 0 1 25 280
22 52 22 37 1 28 0 0.00 0.0 0 7.7 15 190 M M 0 23 160
23 60 36 48 12 17 0 0.00 0.0 0 10.3 20 180 M M 2 26 190
24 73 50 62 26 3 0 0.00 0.0 0 18.9 31 210 M M 0 42 210
25 68 41 55 20 10 0 0.00 0.0 0 8.4 30 220 M M 0 43 200
26 64 38 51 16 14 0 0.00 0.0 0 14.1 24 170 M M 1 33 180
27 67 48 58 23 7 0 0.00 0.0 0 9.8 21 130 M M 1 32 220
28 65 43 54 19 11 0 0.43 0.0 0 12.2 28 280 M M 4 1 45 280
29 52 43 48 13 17 0 0.09 0.0 0 8.4 21 150 M M 9 1 28 150
30 58 39 49 14 16 0 0.00 0.0 0 3.7 10 280 M M 5 12 14 240
31 66 42 54 19 11 0 0.08 0.0 M 13.5 24 220 M M 2 1 31 210
================================================================================
SM 1843 1169 501 0 1.31 0.0 344.3 M 90
================================================================================
AV 59.5 37.7 11.1 FASTST M M 3 MAX(MPH)
MISC ----> 38 220 60 200
================================================================================
NOTES:
# LAST OF SEVERAL OCCURRENCES
COLUMN 17 PEAK WIND IN M.P.H.
PRELIMINARY LOCAL CLIMATOLOGICAL DATA (WS FORM: F-6) , PAGE 2
STATION: SPRINGFIELD MO
MONTH: DECEMBER
YEAR: 2021
LATITUDE: 37 13 N
LONGITUDE: 93 23 W
[TEMPERATURE DATA] [PRECIPITATION DATA] SYMBOLS USED IN COLUMN 16
AVERAGE MONTHLY: 48.6 TOTAL FOR MONTH: 1.31 1 = FOG OR MIST
DPTR FM NORMAL: 11.2 DPTR FM NORMAL: -1.30 2 = FOG REDUCING VISIBILITY
HIGHEST: 75 ON 15, 2 GRTST 24HR 0.43 ON 28-28 TO 1/4 MILE OR LESS
LOWEST: 22 ON 22 3 = THUNDER
SNOW, ICE PELLETS, HAIL 4 = ICE PELLETS
TOTAL MONTH: 0.0 INCH 5 = HAIL
GRTST 24HR 0.0 6 = FREEZING RAIN OR DRIZZLE
GRTST DEPTH: 0 7 = DUSTSTORM OR SANDSTORM:
VSBY 1/2 MILE OR LESS
8 = SMOKE OR HAZE
[NO. OF DAYS WITH] [WEATHER - DAYS WITH] 9 = BLOWING SNOW
X = TORNADO
MAX 32 OR BELOW: 0 0.01 INCH OR MORE: 7
MAX 90 OR ABOVE: 0 0.10 INCH OR MORE: 3
MIN 32 OR BELOW: 10 0.50 INCH OR MORE: 0
MIN 0 OR BELOW: 0 1.00 INCH OR MORE: 0
[HDD (BASE 65) ]
TOTAL THIS MO. 501 CLEAR (SCALE 0-3) 17
DPTR FM NORMAL -355 PTCLDY (SCALE 4-7) 12
TOTAL FM JUL 1 1222 CLOUDY (SCALE 8-10) 2
DPTR FM NORMAL -459
[CDD (BASE 65) ]
TOTAL THIS MO. 0
DPTR FM NORMAL 0 [PRESSURE DATA]
TOTAL FM JAN 1 1580 HIGHEST SLP M ON M
DPTR FM NORMAL 40 LOWEST SLP 29.40 ON 10
[REMARKS]
#FINAL-12-21#