000
CXUS56 KSLC 011241
CF6SLC
PRELIMINARY LOCAL CLIMATOLOGICAL DATA (WS FORM: F-6)
STATION: SALT LAKE CITY UT
MONTH: SEPTEMBER
YEAR: 2020
LATITUDE: 40 46 N
LONGITUDE: 111 58 W
TEMPERATURE IN F: :PCPN: SNOW: WIND :SUNSHINE: SKY :PK WND
================================================================================
1 2 3 4 5 6A 6B 7 8 9 10 11 12 13 14 15 16 17 18
12Z AVG MX 2MIN
DY MAX MIN AVG DEP HDD CDD WTR SNW DPTH SPD SPD DIR MIN PSBL S-S WX SPD DR
================================================================================
1 74 49 62 -10 3 0 0.00 0.0 0 5.7 16 350 M M 0 22 340
2 87 57 72 0 0 7 0.00 0.0 0 6.1 14 280 M M 1 17 290
3 92 62 77 5 0 12 0.00 0.0 0 6.7 14 350 M M 0 8 17 330
4 94 61 78 7 0 13 0.00 0.0 0 6.2 13 350 M M 0 16 320
5 100 65 83 12 0 18 0.00 0.0 0 7.1 14 130 M M 1 16 130
6 97 65 81 11 0 16 0.00 0.0 0 5.7 12 20 M M 0 8 15 10
7 93 55 74 4 0 9 T 0.0 0 12.1 35 330 M M 1 78 43 330
8 55 43 49 -21 16 0 0.14 0.0 0 16.9 48 60 M M 5 7 70 50
9 63 42 53 -16 12 0 0.00 0.0 0 9.8 24 20 M M 4 28 20
10 71 50 61 -8 4 0 0.00 0.0 0 8.7 21 90 M M 1 8 26 110
11 81 53 67 -1 0 2 0.00 0.0 0 7.2 13 190 M M 0 17 170
12 87 55 71 3 0 6 0.00 0.0 0 7.4 13 340 M M 0 15 320
13 91 56 74 7 0 9 0.00 0.0 0 6.2 13 360 M M 0 19 310
14 92 64 78 11 0 13 0.00 0.0 0 9.9 18 150 M M 0 22 160
15 90 60 75 9 0 10 0.00 0.0 0 7.1 14 360 M M 0 17 330
16 90 56 73 7 0 8 0.00 0.0 0 5.3 13 130 M M 0 14 160
17 92 58 75 9 0 10 0.00 0.0 0 7.1 13 170 M M 1 8 15 180
18 88 67 78 13 0 13 0.00 0.0 0 10.5 21 170 M M 1 29 160
19 81 53 67 2 0 2 0.05 0.0 0 8.2 26 180 M M 2 3 36 180
20 77 50 64 0 1 0 0.00 0.0 0 3.7 12 320 M M 0 16 310
21 85 54 70 6 0 5 0.00 0.0 0 7.1 14 330 M M 0 8 16 330
22 87 68 78 15 0 13 T 0.0 0 12.6 28 170 M M 1 35 160
23 86 61 74 11 0 9 0.00 0.0 0 6.9 13 150 M M 1 16 160
24 91 62 77 15 0 12 0.00 0.0 0 10.8 22 180 M M 1 28 170
25 83 56 70 8 0 5 0.00 0.0 0 5.7 16 350 M M 0 20 330
26 74 56 65 4 0 0 0.00 0.0 0 9.5 20 340 M M 1 8 24 360
27 67 49 58 -3 7 0 0.00 0.0 0 8.4 23 340 M M 0 27 340
28 70 45 58 -2 7 0 0.00 0.0 0 6.1 15 340 M M 5 22 330
29 75 48 62 2 3 0 0.00 0.0 0 5.4 10 330 M M 0 15 340
30 80 48 64 4 1 0 0.00 0.0 0 5.6 13 320 M M 0 16 320
================================================================================
SM 2493 1668 54 192 0.19 0.0 235.7 M 26
================================================================================
AV 83.1 55.6 7.9 FASTST M M 1 MAX(MPH)
MISC ----> # 48 60 # 70 50
================================================================================
NOTES:
# LAST OF SEVERAL OCCURRENCES
COLUMN 17 PEAK WIND IN M.P.H.
PRELIMINARY LOCAL CLIMATOLOGICAL DATA (WS FORM: F-6) , PAGE 2
STATION: SALT LAKE CITY UT
MONTH: SEPTEMBER
YEAR: 2020
LATITUDE: 40 46 N
LONGITUDE: 111 58 W
[TEMPERATURE DATA] [PRECIPITATION DATA] SYMBOLS USED IN COLUMN 16
AVERAGE MONTHLY: 69.4 TOTAL FOR MONTH: 0.19 1 = FOG OR MIST
DPTR FM NORMAL: 3.2 DPTR FM NORMAL: -1.02 2 = FOG REDUCING VISIBILITY
HIGHEST: 100 ON 5 GRTST 24HR 0.14 ON 8- 8 TO 1/4 MILE OR LESS
LOWEST: 42 ON 9 3 = THUNDER
SNOW, ICE PELLETS, HAIL 4 = ICE PELLETS
TOTAL MONTH: 0.0 INCH 5 = HAIL
GRTST 24HR 0.0 6 = FREEZING RAIN OR DRIZZLE
GRTST DEPTH: 0 7 = DUSTSTORM OR SANDSTORM:
VSBY 1/2 MILE OR LESS
8 = SMOKE OR HAZE
[NO. OF DAYS WITH] [WEATHER - DAYS WITH] 9 = BLOWING SNOW
X = TORNADO
MAX 32 OR BELOW: 0 0.01 INCH OR MORE: 2
MAX 90 OR ABOVE: 11 0.10 INCH OR MORE: 1
MIN 32 OR BELOW: 0 0.50 INCH OR MORE: 0
MIN 0 OR BELOW: 0 1.00 INCH OR MORE: 0
[HDD (BASE 65) ]
TOTAL THIS MO. 54 CLEAR (SCALE 0-3) 27
DPTR FM NORMAL -30 PTCLDY (SCALE 4-7) 3
TOTAL FM JUL 1 54 CLOUDY (SCALE 8-10) 0
DPTR FM NORMAL -35
[CDD (BASE 65) ]
TOTAL THIS MO. 192
DPTR FM NORMAL 75 [PRESSURE DATA]
TOTAL FM JAN 1 1629 HIGHEST SLP 30.38 ON 28
DPTR FM NORMAL 476 LOWEST SLP 29.44 ON 7
[REMARKS]
#FINAL-09-20#