000
CXUS56 KLOX 011655
CF6SMO
PRELIMINARY LOCAL CLIMATOLOGICAL DATA (WS FORM: F-6)
STATION: SANTA MONICA AIRPORT CA
MONTH: APRIL
YEAR: 2020
LATITUDE: 34 0 N
LONGITUDE: 118 27 W
TEMPERATURE IN F: :PCPN: SNOW: WIND :SUNSHINE: SKY :PK WND
================================================================================
1 2 3 4 5 6A 6B 7 8 9 10 11 12 13 14 15 16 17 18
12Z AVG MX 2MIN
DY MAX MIN AVG DEP HDD CDD WTR SNW DPTH SPD SPD DIR MIN PSBL S-S WX SPD DR
================================================================================
1 67 53 60 2 5 0 0.00 0.0 0 4.1 14 240 M M 3 18 19 210
2 65 55 60 2 5 0 0.00 0.0 0 4.7 14 220 M M 5 18 210
3 64 51 58 0 7 0 0.00 0.0 0 4.7 15 220 M M 0 19 220
4 64 51 58 0 7 0 0.00 0.0 0 5.1 13 240 M M 7 18 240
5 62 54 58 0 7 0 0.03 0.0 0 8.1 18 200 M M 9 1 23 200
6 60 53 57 -1 8 0 0.86 0.0 0 6.9 17 170 M M 10 1 25 160
7 65 51 58 0 7 0 0.25 0.0 0 3.6 15 260 M M 8 1 23 260
8 61 48 55 -3 10 0 0.02 M 0 5.1 15 210 M M 4 21 210
9 54 49 52 -6 13 0 0.76 M 0 5.5 13 60 M M 10 1 17 50
10 65 49 57 -1 8 0 0.25 M 0 4.4 12 40 M M 8 18 40
11 65 49 57 -1 8 0 0.00 0.0 0 4.9 13 230 M M 2 18 220
12 60 56 58 0 7 0 T 0.0 0 4.4 10 220 M M 10 1 13 210
13 63 53 58 0 7 0 0.01 0.0 0 4.6 15 240 M M 6 1 22 250
14 65 50 58 -1 7 0 0.00 0.0 0 3.6 13 240 M M 0 17 240
15 76 53 65 6 0 0 0.00 0.0 0 5.3 15 230 M M 0 20 240
16 67 53 60 1 5 0 0.00 0.0 0 4.6 12 220 M M 2 16 210
17 64 55 60 1 5 0 0.00 0.0 0 4.6 15 220 M M 6 19 210
18 64 57 61 2 4 0 0.00 0.0 0 5.0 15 240 M M 9 20 240
19 64 56 60 1 5 0 0.00 0.0 0 6.1 15 240 M M 6 20 250
20 64 53 59 0 6 0 0.00 0.0 0 6.0 15 230 M M 4 20 240
21 68 52 60 1 5 0 0.00 0.0 0 4.5 15 220 M M 0 20 210
22 79 53 66 7 0 1 0.00 0.0 0 5.0 13 20 M M 0 22 20
23 81 60 71 12 0 6 0.00 0.0 0 6.1 14 350 M M 0 24 10
24 83 62 73 14 0 8 0.00 0.0 0 4.5 10 210 M M 0 13 230
25 80 60 70 10 0 5 0.00 0.0 0 4.4 10 220 M M 0 13 220
26 72 57 65 5 0 0 0.00 0.0 0 3.8 12 220 M M 1 12 14 270
27 69 57 63 3 2 0 0.00 0.0 0 3.4 10 250 M M 1 18 14 230
28 72 58 65 5 0 0 0.00 0.0 0 3.8 13 230 M M 2 18 17 210
29 68 58 63 3 2 0 0.00 0.0 0 4.3 14 220 M M 9 128 17 240
30 66 60 63 3 2 0 0.00 0.0 0 3.5 10 220 M M 10 18 14 230
================================================================================
SM 2017 1626 142 20 2.18 0.0 144.6 M 132
================================================================================
AV 67.2 54.2 4.8 FASTST M M 4 MAX(MPH)
MISC ----> # 18 200 # 25 160
================================================================================
NOTES:
# LAST OF SEVERAL OCCURRENCES
COLUMN 17 PEAK WIND IN M.P.H.
PRELIMINARY LOCAL CLIMATOLOGICAL DATA (WS FORM: F-6) , PAGE 2
STATION: SANTA MONICA AIRPORT CA
MONTH: APRIL
YEAR: 2020
LATITUDE: 34 0 N
LONGITUDE: 118 27 W
[TEMPERATURE DATA] [PRECIPITATION DATA] SYMBOLS USED IN COLUMN 16
AVERAGE MONTHLY: 60.7 TOTAL FOR MONTH: 2.18 1 = FOG OR MIST
DPTR FM NORMAL: 1.8 DPTR FM NORMAL: 1.44 2 = FOG REDUCING VISIBILITY
HIGHEST: 83 ON 24 GRTST 24HR 0.86 ON 6- 6 TO 1/4 MILE OR LESS
LOWEST: 48 ON 8 3 = THUNDER
SNOW, ICE PELLETS, HAIL 4 = ICE PELLETS
TOTAL MONTH: 0.0 INCH 5 = HAIL
GRTST 24HR 0.0 6 = FREEZING RAIN OR DRIZZLE
GRTST DEPTH: 0 7 = DUSTSTORM OR SANDSTORM:
VSBY 1/2 MILE OR LESS
8 = SMOKE OR HAZE
[NO. OF DAYS WITH] [WEATHER - DAYS WITH] 9 = BLOWING SNOW
X = TORNADO
MAX 32 OR BELOW: 0 0.01 INCH OR MORE: 7
MAX 90 OR ABOVE: 0 0.10 INCH OR MORE: 4
MIN 32 OR BELOW: 0 0.50 INCH OR MORE: 2
MIN 0 OR BELOW: 0 1.00 INCH OR MORE: 0
[HDD (BASE 65) ]
TOTAL THIS MO. 142 CLEAR (SCALE 0-3) 14
DPTR FM NORMAL -44 PTCLDY (SCALE 4-7) 8
TOTAL FM JUL 1 1270 CLOUDY (SCALE 8-10) 8
DPTR FM NORMAL -138
[CDD (BASE 65) ]
TOTAL THIS MO. 20
DPTR FM NORMAL 17 [PRESSURE DATA]
TOTAL FM JAN 1 33 HIGHEST SLP 30.16 ON 14
DPTR FM NORMAL 10 LOWEST SLP 29.81 ON 6
[REMARKS]
#FINAL-04-20#