000
CXUS53 KILX 011549
CLMSPI
CLIMATE REPORT
NATIONAL WEATHER SERVICE LINCOLN IL
1049 AM CDT TUE AUG 01 2023
...................................
...THE SPRINGFIELD IL CLIMATE SUMMARY FOR THE MONTH OF JULY 2023...
CLIMATE NORMAL PERIOD 1991 TO 2020
CLIMATE RECORD PERIOD 1879 TO 2023
WEATHER OBSERVED NORMAL DEPART LAST YEAR`S
VALUE DATE(S) VALUE FROM VALUE
NORMAL
..............................................................
TEMPERATURE (F)
RECORD
HIGH 112 07/14/1954
LOW 48 07/28/2013
07/13/1975
07/06/1972
HIGHEST 96 07/27 88 8 97
LOWEST 57 07/22 67 -10 56
AVG. MAXIMUM 86.3 86.8 -0.5 85.5
AVG. MINIMUM 65.1 66.2 -1.1 66.4
MEAN 75.7 76.5 -0.8 76.0
DAYS MAX >= 90 8 9.4 -1.4 6
DAYS MAX <= 32 0 0.0 0.0 0
DAYS MIN <= 32 0 0.0 0.0 0
DAYS MIN <= 0 0 0.0 0.0 0
PRECIPITATION (INCHES)
RECORD
MAXIMUM 10.76 1981
MINIMUM 0.05 1886
TOTALS 3.99 3.85 0.14 6.03
DAILY AVG. 0.13 0.12 0.01 0.19
DAYS >= .01 9 8.5 0.5 11
DAYS >= .10 5 5.4 -0.4 5
DAYS >= .50 2 2.7 -0.7 2
DAYS >= 1.00 2 1.0 1.0 2
GREATEST
24 HR. TOTAL 1.87 07/01 TO 07/01 3.72
SNOWFALL (INCHES)
RECORDS
TOTAL 0.0 MM
TOTALS 0.0 0.0 0.0 0.0
SINCE 7/1 0.0 0.0 0.0 MM
DAYS >= 1.0 0 0.0 0.0 0
GREATEST
SNOW DEPTH 0 0
24 HR TOTAL MM MM
DEGREE DAYS
HEATING TOTAL 0 1 -1 0
SINCE 7/1 0 0 0 MM
COOLING TOTAL 338 357 -19 347
SINCE 1/1 677 761 -84 MM
..............................................................
WIND (MPH)
AVERAGE WIND SPEED 5.7
HIGHEST WIND SPEED/DIRECTION 32/250 DATE 07/14
HIGHEST GUST SPEED/DIRECTION 47/240 DATE 07/14
SKY COVER
POSSIBLE SUNSHINE (PERCENT) MM
AVERAGE SKY COVER 0.19
NUMBER OF DAYS FAIR 26
NUMBER OF DAYS PC 5
NUMBER OF DAYS CLOUDY 0
AVERAGE RH (PERCENT) 75
WEATHER CONDITIONS. NUMBER OF DAYS WITH
THUNDERSTORM 15 MIXED PRECIP 0
HEAVY RAIN 4 RAIN 5
LIGHT RAIN 14 FREEZING RAIN 0
LT FREEZING RAIN 0 HAIL 0
HEAVY SNOW 0 SNOW 0
LIGHT SNOW 0 SLEET 0
FOG 24 FOG W/VIS <= 1/4 MILE 4
HAZE 15
- INDICATES NEGATIVE NUMBERS.
R INDICATES RECORD WAS SET OR TIED.
MM INDICATES DATA IS MISSING.
T INDICATES TRACE AMOUNT.
$$