000
CXUS53 KILX 011552
CLMSPI
CLIMATE REPORT
NATIONAL WEATHER SERVICE LINCOLN IL
1052 AM CDT SAT JUL 01 2023
...................................
...THE SPRINGFIELD IL CLIMATE SUMMARY FOR THE MONTH OF JUNE 2023...
CLIMATE NORMAL PERIOD 1991 TO 2020
CLIMATE RECORD PERIOD 1879 TO 2023
WEATHER OBSERVED NORMAL DEPART LAST YEAR`S
VALUE DATE(S) VALUE FROM VALUE
NORMAL
..............................................................
TEMPERATURE (F)
RECORD
HIGH 104 06/28/1934
06/27/1934
06/01/1934
LOW 39 06/01/2003
HIGHEST 94 06/03 84 10 97
LOWEST 48 06/08 63 -15 53
06/09
AVG. MAXIMUM 85.8 84.0 1.8 85.5
AVG. MINIMUM 59.3 63.3 -4.0 63.4
MEAN 72.6 73.7 -1.1 74.4
DAYS MAX >= 90 12 6.7 5.3 7
DAYS MAX <= 32 0 0.0 0.0 0
DAYS MIN <= 32 0 0.0 0.0 0
DAYS MIN <= 0 0 0.0 0.0 0
PRECIPITATION (INCHES)
RECORD
MAXIMUM 12.71 1882
MINIMUM 0.23 1959
TOTALS 1.37 4.61 -3.24 3.69
DAILY AVG. 0.05 0.15 -0.10 0.12
DAYS >= .01 3 10.6 -7.6 5
DAYS >= .10 2 6.8 -4.8 5
DAYS >= .50 1 3.0 -2.0 3
DAYS >= 1.00 1 1.3 -0.3 2
GREATEST
24 HR. TOTAL 1.02 06/28 TO 06/29 1.32
SNOWFALL (INCHES)
RECORDS
TOTAL 0.0 MM
TOTALS 0.0 0.0 0.0 0.0
SINCE 7/1 6.3 21.8 -15.5 MM
DAYS >= 1.0 0 0.0 0.0 0
GREATEST
SNOW DEPTH 0 0
24 HR TOTAL MM MM
DEGREE DAYS
HEATING TOTAL 3 11 -8 0
SINCE 7/1 4887 5214 -327 MM
COOLING TOTAL 237 270 -33 292
SINCE 1/1 339 404 -65 MM
..............................................................
WIND (MPH)
AVERAGE WIND SPEED 7.2
HIGHEST WIND SPEED/DIRECTION 39/290 DATE 06/29
HIGHEST GUST SPEED/DIRECTION 65/290 DATE 06/29
SKY COVER
POSSIBLE SUNSHINE (PERCENT) MM
AVERAGE SKY COVER 0.15
NUMBER OF DAYS FAIR 26
NUMBER OF DAYS PC 3
NUMBER OF DAYS CLOUDY 1
AVERAGE RH (PERCENT) 60
WEATHER CONDITIONS. NUMBER OF DAYS WITH
THUNDERSTORM 3 MIXED PRECIP 0
HEAVY RAIN 1 RAIN 2
LIGHT RAIN 7 FREEZING RAIN 0
LT FREEZING RAIN 0 HAIL 0
HEAVY SNOW 0 SNOW 0
LIGHT SNOW 0 SLEET 0
FOG 12 FOG W/VIS <= 1/4 MILE 1
HAZE 23
- INDICATES NEGATIVE NUMBERS.
R INDICATES RECORD WAS SET OR TIED.
MM INDICATES DATA IS MISSING.
T INDICATES TRACE AMOUNT.
&&
NO DAILY RECORDS WERE SET THIS MONTH.
$$
ERWIN