000
CXUS54 KLZK 011330
CF6SRC
PRELIMINARY LOCAL CLIMATOLOGICAL DATA (WS FORM: F-6)
STATION: SEARCY AIRPORT
MONTH: NOVEMBER
YEAR: 2022
LATITUDE: 35 12 N
LONGITUDE: 91 44 W
TEMPERATURE IN F: :PCPN: SNOW: WIND :SUNSHINE: SKY :PK WND
================================================================================
1 2 3 4 5 6A 6B 7 8 9 10 11 12 13 14 15 16 17 18
12Z AVG MX 2MIN
DY MAX MIN AVG DEP HDD CDD WTR SNW DPTH SPD SPD DIR MIN PSBL S-S WX SPD DR
================================================================================
1 76 43 60 4 5 0 0.00 M M 2.3 7 170 M M 1 1 M M
2 78 49 64 8 1 0 0.00 M M 2.3 9 160 M M 1 1 M M
3 81 48 65 10 0 0 0.00 M M 4.5 15 170 M M 2 18 18 180
4 75 55 65 10 0 0 0.00 M M 8.9 23 150 M M 7 33 160
5 62 43 53 -1 12 0 T M M 4.9 14 250 M M 1 1 20 270
6 74 41 58 4 7 0 T M M 2.8 9 180 M M 4 12 M M
7 65 60 63 9 2 0 0.33 M M 9.2 16 30 M M 10 12 22 40
8 78 58 68 15 0 3 0.00 M M 4.7 8 40 M M 5 M M
9 83 54 69 16 0 4 0.00 M M 4.0 9 170 M M 0 M M
10 74 48 61 8 4 0 0.00 M M 2.4 8 160 M M 0 M M
11 58 37 48 -4 17 0 0.14 M M 6.9 17 360 M M 6 24 360
12 47 29 38 -14 27 0 0.12 M M 6.9 13 350 M M 3 1 22 340
13 44 24 34 -17 31 0 0.00 M M 5.9 12 80 M M 0 20 40
14 47 27 37 -14 28 0 0.08 M M 6.8 16 80 M M 3 14 22 80
15 48 33 41 -10 24 0 0.01 M M 5.3 10 310 M M 8 1 M M
16 53 25 39 -11 26 0 0.00 M M 5.1 15 250 M M 0 1 22 250
17 51 21 36 -14 29 0 0.00 M M 1.7 6 210 M M 0 M M
18 46 26 36 -13 29 0 0.00 M M 3.8 8 340 M M 6 M M
19 48 27 38 -11 27 0 0.00 M M 3.7 9 250 M M 4 17 230
20 44 22 33 -15 32 0 0.00 M M 3.3 9 80 M M 0 M M
21 55 18 37 -11 28 0 0.00 M M 2.2 7 190 M M 0 M M
22 63 28 46 -2 19 0 0.00 M M 2.2 8 160 M M 2 M M
23 65 30 48 1 17 0 0.02 M M 2.2 9 160 M M 3 M M
24 52 48 50 3 15 0 0.14 M M 5.0 14 140 M M 9 1 M M
25 60 47 54 8 11 0 0.00 M M 7.1 13 20 M M 8 M M
26 56 44 50 4 15 0 0.31 M M 7.4 12 70 M M 8 1 22 220
27 59 42 51 5 14 0 0.00 M M 6.9 17 210 M M 8 25 220
28 62 36 49 4 16 0 T M M 3.1 12 190 M M 1 12 M M
29 65 40 53 8 12 0 0.09 M M 5.6 15 200 M M 7 13 23 330
30 51 26 39 -5 26 0 M M M 6.7 15 320 M M 0 22 320
================================================================================
SM 1820 1129 474 7 1.24 M 143.8 M 107
================================================================================
AV 60.7 37.6 4.8 FASTST M M 4 MAX(MPH)
MISC ----> 23 150 33 160
================================================================================
NOTES:
# LAST OF SEVERAL OCCURRENCES
COLUMN 17 PEAK WIND IN M.P.H.
PRELIMINARY LOCAL CLIMATOLOGICAL DATA (WS FORM: F-6) , PAGE 2
STATION: SEARCY AIRPORT
MONTH: NOVEMBER
YEAR: 2022
LATITUDE: 35 12 N
LONGITUDE: 91 44 W
[TEMPERATURE DATA] [PRECIPITATION DATA] SYMBOLS USED IN COLUMN 16
AVERAGE MONTHLY: 49.2 TOTAL FOR MONTH: 1.24 1 = FOG OR MIST
DPTR FM NORMAL: -1.1 DPTR FM NORMAL: -3.91 2 = FOG REDUCING VISIBILITY
HIGHEST: 83 ON 9 GRTST 24HR 0.33 ON 7- 7 TO 1/4 MILE OR LESS
LOWEST: 18 ON 21 3 = THUNDER
SNOW, ICE PELLETS, HAIL 4 = ICE PELLETS
TOTAL MONTH: M 5 = HAIL
GRTST 24HR M ON M 6 = FREEZING RAIN OR DRIZZLE
GRTST DEPTH: M ON M 7 = DUSTSTORM OR SANDSTORM:
VSBY 1/2 MILE OR LESS
8 = SMOKE OR HAZE
[NO. OF DAYS WITH] [WEATHER - DAYS WITH] 9 = BLOWING SNOW
X = TORNADO
MAX 32 OR BELOW: 0 0.01 INCH OR MORE: 9
MAX 90 OR ABOVE: 0 0.10 INCH OR MORE: 5
MIN 32 OR BELOW: 12 0.50 INCH OR MORE: 0
MIN 0 OR BELOW: 0 1.00 INCH OR MORE: 0
[HDD (BASE 65) ]
TOTAL THIS MO. 474 CLEAR (SCALE 0-3) 15
DPTR FM NORMAL 28 PTCLDY (SCALE 4-7) 12
TOTAL FM JUL 1 614 CLOUDY (SCALE 8-10) 3
DPTR FM NORMAL -29
[CDD (BASE 65) ]
TOTAL THIS MO. 7
DPTR FM NORMAL 2 [PRESSURE DATA]
TOTAL FM JAN 1 2108 HIGHEST SLP 30.57 ON 20
DPTR FM NORMAL 201 LOWEST SLP 29.54 ON 26
[REMARKS]
#FINAL-11-22#