000
CXUS54 KLZK 011130
CF6SRC
PRELIMINARY LOCAL CLIMATOLOGICAL DATA (WS FORM: F-6)
STATION: SEARCY AIRPORT
MONTH: OCTOBER
YEAR: 2021
LATITUDE: 35 12 N
LONGITUDE: 91 44 W
TEMPERATURE IN F: :PCPN: SNOW: WIND :SUNSHINE: SKY :PK WND
================================================================================
1 2 3 4 5 6A 6B 7 8 9 10 11 12 13 14 15 16 17 18
12Z AVG MX 2MIN
DY MAX MIN AVG DEP HDD CDD WTR SNW DPTH SPD SPD DIR MIN PSBL S-S WX SPD DR
================================================================================
1 83 70 77 11 0 12 0.78 M M 3.1 17 150 M M 9 1 33 180
2 80 67 74 8 0 9 0.30 M M 5.1 12 180 M M 9 1 M M
3 83 61 72 6 0 7 0.11 M M 3.2 8 320 M M 6 12 M M
4 82 58 70 5 0 5 0.00 M M 1.2 6 110 M M 6 1 M M
5 82 62 72 7 0 7 0.00 M M 5.8 10 20 M M 3 M M
6 76 63 70 6 0 5 0.18 M M 2.9 12 330 M M 7 13 30 320
7 82 62 72 8 0 7 0.01 M M 2.5 8 230 M M 4 12 M M
8 88 57 73 9 0 8 0.00 M M 3.4 10 200 M M 0 12 M M
9 87 63 75 12 0 10 0.00 M M 6.9 13 180 M M 0 18 180
10 87 64 76 13 0 11 0.00 M M 8.5 18 190 M M 1 1 24 190
11 81 56 69 6 0 4 T M M 9.4 20 180 M M 3 32 180
12 83 51 67 5 0 2 T M M 2.7 9 90 M M 1 1 M M
13 86 68 77 15 0 12 0.00 M M 7.5 16 160 M M 4 21 200
14 83 66 75 13 0 10 0.22 M M 4.7 14 170 M M 6 1 M M
15 82 51 67 6 0 2 0.06 M M 5.0 17 320 M M 7 123 27 330
16 70 43 57 -4 8 0 0.00 M M 3.6 10 320 M M 0 1 18 330
17 72 40 56 -5 9 0 0.00 M M 1.5 8 310 M M 0 1 M M
18 73 45 59 -1 6 0 0.00 M M 2.2 10 190 M M 0 1 M M
19 76 41 59 -1 6 0 0.00 M M 2.4 12 160 M M 0 1 16 99
20 81 44 63 3 2 0 0.00 M M 2.9 12 190 M M 1 1 M M
21 78 47 63 4 2 0 T M M 4.1 10 340 M M 3 M M
22 73 43 58 -1 7 0 0.00 M M 2.2 7 190 M M 0 M M
23 83 48 66 7 0 1 0.00 M M 4.1 10 190 M M 2 1 16 220
24 85 64 75 17 0 10 0.25 M M 11.4 20 190 M M 7 28 190
25 72 54 63 5 2 0 0.01 M M 5.3 9 360 M M 1 1 M M
26 69 46 58 0 7 0 0.00 M M 6.0 10 110 M M 0 8 M M
27 70 54 62 4 3 0 0.96 M M 8.2 16 110 M M 7 1 24 110
28 61 50 56 -1 9 0 0.09 M M 7.7 12 290 M M 10 1 20 300
29 59 49 54 -3 11 0 0.03 M M 11.1 18 320 M M 10 26 310
30 68 46 57 1 8 0 0.00 M M 4.5 10 330 M M 4 1 18 290
31 72 39 56 0 9 0 0.00 M M 2.1 8 360 M M 0 12 M M
================================================================================
SM 2407 1672 89 122 3.00 M 151.1 M 111
================================================================================
AV 77.6 53.9 4.9 FASTST M M 4 MAX(MPH)
MISC ----> 20 190 33 180
================================================================================
NOTES:
# LAST OF SEVERAL OCCURRENCES
COLUMN 17 PEAK WIND IN M.P.H.
PRELIMINARY LOCAL CLIMATOLOGICAL DATA (WS FORM: F-6) , PAGE 2
STATION: SEARCY AIRPORT
MONTH: OCTOBER
YEAR: 2021
LATITUDE: 35 12 N
LONGITUDE: 91 44 W
[TEMPERATURE DATA] [PRECIPITATION DATA] SYMBOLS USED IN COLUMN 16
AVERAGE MONTHLY: 65.8 TOTAL FOR MONTH: 3.00 1 = FOG OR MIST
DPTR FM NORMAL: 4.8 DPTR FM NORMAL: -1.70 2 = FOG REDUCING VISIBILITY
HIGHEST: 88 ON 8 GRTST 24HR 0.98 ON 27-28 TO 1/4 MILE OR LESS
LOWEST: 39 ON 31 3 = THUNDER
SNOW, ICE PELLETS, HAIL 4 = ICE PELLETS
TOTAL MONTH: M 5 = HAIL
GRTST 24HR M ON M 6 = FREEZING RAIN OR DRIZZLE
GRTST DEPTH: M ON M 7 = DUSTSTORM OR SANDSTORM:
VSBY 1/2 MILE OR LESS
8 = SMOKE OR HAZE
[NO. OF DAYS WITH] [WEATHER - DAYS WITH] 9 = BLOWING SNOW
X = TORNADO
MAX 32 OR BELOW: 0 0.01 INCH OR MORE: 12
MAX 90 OR ABOVE: 0 0.10 INCH OR MORE: 7
MIN 32 OR BELOW: 0 0.50 INCH OR MORE: 2
MIN 0 OR BELOW: 0 1.00 INCH OR MORE: 0
[HDD (BASE 65) ]
TOTAL THIS MO. 89 CLEAR (SCALE 0-3) 16
DPTR FM NORMAL -85 PTCLDY (SCALE 4-7) 11
TOTAL FM JUL 1 90 CLOUDY (SCALE 8-10) 4
DPTR FM NORMAL -104
[CDD (BASE 65) ]
TOTAL THIS MO. 122
DPTR FM NORMAL 71 [PRESSURE DATA]
TOTAL FM JAN 1 1967 HIGHEST SLP 30.21 ON 19
DPTR FM NORMAL 65 LOWEST SLP 29.37 ON 28
[REMARKS]
#FINAL-10-21#