000
CXUS55 KSTO 011300
CF6STO
PRELIMINARY LOCAL CLIMATOLOGICAL DATA (WS FORM: F-6)
STATION: SACRAMENTO CITY
MONTH: APRIL
YEAR: 2023
LATITUDE: 38 36 N
LONGITUDE: 121 23 W
TEMPERATURE IN F: :PCPN: SNOW: WIND :SUNSHINE: SKY :PK WND
================================================================================
1 2 3 4 5 6A 6B 7 8 9 10 11 12 13 14 15 16 17 18
12Z AVG MX 2MIN
DY MAX MIN AVG DEP HDD CDD WTR SNW DPTH SPD SPD DIR MIN PSBL S-S WX SPD DR
================================================================================
1 68 43 56 -3 9 0 0.00 0.0 M M M M M M M M M
2 65 48 57 -2 8 0 0.00 0.0 M M M M M M M M M
3 59 42 51 -8 14 0 0.00 0.0 M M M M M M M M M
4 61 39 50 -9 15 0 0.00 0.0 M M M M M M M M M
5 65 39 52 -8 13 0 0.00 0.0 M M M M M M M M M
6 69 43 56 -4 9 0 0.00 0.0 M M M M M M M M M
7 63 50 57 -3 8 0 0.17 0.0 M M M M M M M M M
8 70 49 60 0 5 0 0.00 0.0 M M M M M M M M M
9 78 46 62 2 3 0 0.00 0.0 M M M M M M M M M
10 83 52 68 8 0 3 0.00 0.0 M M M M M M M M M
11 76 50 63 3 2 0 0.00 0.0 M M M M M M M M M
12 68 45 57 -4 8 0 0.00 0.0 M M M M M M M M M
13 70 47 59 -2 6 0 0.00 0.0 M M M M M M M M M
14 72 47 60 -1 5 0 0.00 0.0 M M M M M M M M M
15 73 47 60 -1 5 0 0.00 0.0 M M M M M M M M M
16 70 46 58 -3 7 0 0.00 0.0 M M M M M M M M M
17 65 49 57 -5 8 0 0.00 0.0 M M M M M M M M M
18 64 44 54 -8 11 0 0.00 0.0 M M M M M M M M M
19 66 41 54 -8 11 0 0.00 0.0 M M M M M M M M M
20 75 45 60 -2 5 0 0.00 0.0 M M M M M M M M M
21 85 54 70 8 0 5 0.00 0.0 M M M M M M M M M
22 86 57 72 9 0 7 0.00 0.0 M M M M M M M M M
23 85 55 70 7 0 5 0.00 0.0 M M M M M M M M M
24 83 54 69 6 0 4 0.00 0.0 M M M M M M M M M
25 88 53 71 8 0 6 0.00 0.0 M M M M M M M M M
26 90 54 72 9 0 7 0.00 0.0 M M M M M M M M M
27 93 60 77 13 0 12 0.00 0.0 M M M M M M M M M
28 91 62 77 13 0 12 0.00 0.0 M M M M M M M M M
29 90 56 73 9 0 8 0.00 0.0 M M M M M M M M M
30 76 52 64 0 1 0 0.00 0.0 M M M M M M M M M
================================================================================
SM 2247 1469 153 69 0.17 0.0 M M M
================================================================================
AV 74.9 49.0 M FASTST M M M MAX(MPH)
MISC ----> M M M M
================================================================================
NOTES:
# LAST OF SEVERAL OCCURRENCES
COLUMN 17 PEAK WIND IN M.P.H.
PRELIMINARY LOCAL CLIMATOLOGICAL DATA (WS FORM: F-6) , PAGE 2
STATION: SACRAMENTO CITY
MONTH: APRIL
YEAR: 2023
LATITUDE: 38 36 N
LONGITUDE: 121 23 W
[TEMPERATURE DATA] [PRECIPITATION DATA] SYMBOLS USED IN COLUMN 16
AVERAGE MONTHLY: 61.9 TOTAL FOR MONTH: 0.17 1 = FOG OR MIST
DPTR FM NORMAL: 0.5 DPTR FM NORMAL: -1.27 2 = FOG REDUCING VISIBILITY
HIGHEST: 93 ON 27 GRTST 24HR 0.17 ON 7- 7 TO 1/4 MILE OR LESS
LOWEST: 39 ON 5, 4 3 = THUNDER
SNOW, ICE PELLETS, HAIL 4 = ICE PELLETS
TOTAL MONTH: 0.0 INCH 5 = HAIL
GRTST 24HR 0.0 6 = FREEZING RAIN OR DRIZZLE
GRTST DEPTH: M ON M 7 = DUSTSTORM OR SANDSTORM:
VSBY 1/2 MILE OR LESS
8 = SMOKE OR HAZE
[NO. OF DAYS WITH] [WEATHER - DAYS WITH] 9 = BLOWING SNOW
X = TORNADO
MAX 32 OR BELOW: 0 0.01 INCH OR MORE: 1
MAX 90 OR ABOVE: 4 0.10 INCH OR MORE: 1
MIN 32 OR BELOW: 0 0.50 INCH OR MORE: 0
MIN 0 OR BELOW: 0 1.00 INCH OR MORE: 0
[HDD (BASE 65) ]
TOTAL THIS MO. 153 CLEAR (SCALE 0-3) 0
DPTR FM NORMAL 13 PTCLDY (SCALE 4-7) 0
TOTAL FM JUL 1 2420 CLOUDY (SCALE 8-10) 30
DPTR FM NORMAL 333
[CDD (BASE 65) ]
TOTAL THIS MO. 69
DPTR FM NORMAL 37 [PRESSURE DATA]
TOTAL FM JAN 1 69 HIGHEST SLP M ON M
DPTR FM NORMAL 33 LOWEST SLP M ON M
[REMARKS]
#FINAL-04-23#