000
CXUS54 KEWX 011010
CF6T20
PRELIMINARY LOCAL CLIMATOLOGICAL DATA (WS FORM: F-6)
STATION: GONZALES
MONTH: MARCH
YEAR: 2021
LATITUDE: 29 31 N
LONGITUDE: 97 28 W
TEMPERATURE IN F: :PCPN: SNOW: WIND :SUNSHINE: SKY :PK WND
================================================================================
1 2 3 4 5 6A 6B 7 8 9 10 11 12 13 14 15 16 17 18
12Z AVG MX 2MIN
DY MAX MIN AVG DEP HDD CDD WTR SNW DPTH SPD SPD DIR MIN PSBL S-S WX SPD DR
================================================================================
1 M M M M M M 0.00 M M M M M M M M M M
2 66 45 56 M 9 0 0.00 M M 7.6 16 20 M M 0 20 20
3 71 36 54 M 11 0 0.00 M M 3.0 8 160 M M 0 M M
4 76 40 58 M 7 0 0.00 M M 5.8 14 140 M M 0 20 150
5 82 54 68 M 0 3 0.00 M M 7.1 18 360 M M 5 33 350
6 69 50 60 M 5 0 0.00 M M 8.8 15 350 M M 5 21 350
7 70 43 57 M 8 0 0.00 M M 5.0 12 100 M M 0 17 100
8 71 43 57 M 8 0 0.00 M M 5.6 10 140 M M 5 16 150
9 78 54 66 M 0 1 0.00 M M 10.5 18 170 M M 8 12 28 180
10 82 60 71 M 0 6 0.00 M M 13.7 23 150 M M 8 32 160
11 78 68 73 M 0 8 0.00 M M 11.2 20 170 M M 9 25 170
12 82 69 76 M 0 11 0.00 M M 11.8 17 140 M M 9 1 26 170
13 79 69 74 M 0 9 0.05 M M 12.0 24 150 M M 10 1 31 140
14 71 51 61 M 4 0 0.31 M M 6.0 20 170 M M 7 26 170
15 82 44 63 M 2 0 0.00 M M 4.1 10 150 M M 2 1 M M
16 81 66 74 M 0 9 0.00 M M 8.0 15 150 M M 9 1 23 150
17 81 56 69 M 0 4 0.03 M M 13.0 21 300 M M 6 29 320
18 74 48 61 M 4 0 0.00 M M 12.3 18 350 M M 0 29 360
19 69 41 55 M 10 0 0.00 M M 6.7 14 30 M M 0 21 10
20 70 38 54 M 11 0 0.00 M M 3.4 13 70 M M 0 M M
21 74 42 58 M 7 0 0.00 M M 7.3 14 160 M M 1 1 21 150
22 73 54 64 M 1 0 0.00 M M 10.2 18 160 M M 7 1 30 160
23 81 51 66 M 0 1 0.23 M M 3.7 8 180 M M 3 12 32 150
24 75 57 66 M 0 1 0.00 M M 7.4 10 130 M M 8 12 17 80
25 78 58 68 M 0 3 0.00 M M 8.8 20 340 M M 3 1 30 340
26 84 45 65 M 0 0 0.00 M M 5.9 12 150 M M 1 17 150
27 87 69 78 M 0 13 0.00 M M 8.1 17 200 M M 7 1 23 200
28 72 51 62 M 3 0 0.02 M M 10.1 20 20 M M 6 1 35 10
29 75 43 59 M 6 0 0.00 M M 4.9 13 170 M M 5 18 140
30 82 63 73 M 0 8 0.00 M M 8.6 17 190 M M 10 1 23 180
31 74 59 67 M 0 2 0.00 M M 10.2 21 10 M M 9 1 30 0
================================================================================
SM 2287 1567 96 79 0.64 M 240.7 M 143
================================================================================
AV 76.2 52.2 8.0 FASTST M M 5 MAX(MPH)
MISC ----> 24 150 35 10
================================================================================
NOTES:
# LAST OF SEVERAL OCCURRENCES
COLUMN 17 PEAK WIND IN M.P.H.
PRELIMINARY LOCAL CLIMATOLOGICAL DATA (WS FORM: F-6) , PAGE 2
STATION: GONZALES
MONTH: MARCH
YEAR: 2021
LATITUDE: 29 31 N
LONGITUDE: 97 28 W
[TEMPERATURE DATA] [PRECIPITATION DATA] SYMBOLS USED IN COLUMN 16
AVERAGE MONTHLY: 64.2 TOTAL FOR MONTH: 0.64 1 = FOG OR MIST
DPTR FM NORMAL: 0.0 DPTR FM NORMAL: M 2 = FOG REDUCING VISIBILITY
HIGHEST: 87 ON 27 GRTST 24HR 0.31 ON 14-14 TO 1/4 MILE OR LESS
LOWEST: 36 ON 3 3 = THUNDER
SNOW, ICE PELLETS, HAIL 4 = ICE PELLETS
TOTAL MONTH: M 5 = HAIL
GRTST 24HR M ON M 6 = FREEZING RAIN OR DRIZZLE
GRTST DEPTH: M ON M 7 = DUSTSTORM OR SANDSTORM:
VSBY 1/2 MILE OR LESS
8 = SMOKE OR HAZE
[NO. OF DAYS WITH] [WEATHER - DAYS WITH] 9 = BLOWING SNOW
X = TORNADO
MAX 32 OR BELOW: 0 0.01 INCH OR MORE: 5
MAX 90 OR ABOVE: 0 0.10 INCH OR MORE: 2
MIN 32 OR BELOW: 0 0.50 INCH OR MORE: 0
MIN 0 OR BELOW: 0 1.00 INCH OR MORE: 0
[HDD (BASE 65) ]
TOTAL THIS MO. 96 CLEAR (SCALE 0-3) 11
DPTR FM NORMAL M PTCLDY (SCALE 4-7) 12
TOTAL FM JUL 1 1336 CLOUDY (SCALE 8-10) 8
DPTR FM NORMAL M
[CDD (BASE 65) ]
TOTAL THIS MO. 79
DPTR FM NORMAL M [PRESSURE DATA]
TOTAL FM JAN 1 117 HIGHEST SLP M ON M
DPTR FM NORMAL M LOWEST SLP M ON M
[REMARKS]
#FINAL-03-21#