000
CXUS52 KTAE 010800
CF6TLH
PRELIMINARY LOCAL CLIMATOLOGICAL DATA (WS FORM: F-6)
STATION: TALLAHASSEE
MONTH: APRIL
YEAR: 2023
LATITUDE: 30 22 N
LONGITUDE: 84 22 W
TEMPERATURE IN F: :PCPN: SNOW: WIND :SUNSHINE: SKY :PK WND
================================================================================
1 2 3 4 5 6A 6B 7 8 9 10 11 12 13 14 15 16 17 18
12Z AVG MX 2MIN
DY MAX MIN AVG DEP HDD CDD WTR SNW DPTH SPD SPD DIR MIN PSBL S-S WX SPD DR
================================================================================
1 87 61 74 10 0 9 0.02 0.0 0 8.9 25 250 M M 7 13 33 250
2 83 61 72 8 0 7 0.00 0.0 0 3.6 12 310 M M 7 12 14 310
3 84 59 72 7 0 7 0.63 0.0 0 7.1 20 330 M M 6 13 25 200
4 87 66 77 12 0 12 0.00 0.0 0 4.6 15 180 M M 6 1 20 140
5 87 63 75 10 0 10 0.00 0.0 0 5.7 18 150 M M 2 24 160
6 87 63 75 10 0 10 0.00 0.0 0 4.7 13 170 M M 4 17 130
7 86 62 74 9 0 9 0.00 0.0 0 4.3 15 140 M M 4 13 20 120
8 72 57 65 -1 0 0 0.02 0.0 0 6.3 14 30 M M 9 18 19 50
9 61 50 56 -10 9 0 0.13 0.0 0 10.4 16 40 M M 10 1 24 40
10 73 57 65 -1 0 0 0.08 0.0 0 9.5 16 90 M M 9 22 70
11 79 59 69 3 0 4 0.00 0.0 0 11.6 21 90 M M 6 26 90
12 80 62 71 5 0 6 T M M 12.8 23 90 M M 4 27 100
13 82 65 74 7 0 9 0.49 M M 11.6 23 110 M M 7 1 30 110
14 84 57 71 4 0 6 0.00 0.0 0 7.2 20 260 M M 6 12 28 270
15 88 51 70 3 0 5 0.46 0.0 0 4.5 32 260 M M 6 1238 41 260
16 84 62 73 6 0 8 0.13 0.0 0 6.2 18 330 M M 6 13 23 330
17 76 49 63 -5 2 0 0.00 0.0 0 8.2 20 310 M M 1 30 290
18 83 42 63 -5 2 0 0.00 0.0 0 3.6 12 350 M M 0 15 30
19 87 49 68 0 0 3 0.00 0.0 0 3.2 16 110 M M 1 21 100
20 88 53 71 3 0 6 0.00 0.0 M 5.2 16 110 M M 1 25 90
21 83 53 68 0 0 3 0.00 0.0 M 5.8 15 150 M M 3 20 130
22 86 61 74 5 0 9 0.00 0.0 M 6.1 17 330 M M 5 12 22 300
23 84 47 66 -3 0 1 0.00 0.0 0 4.6 17 90 M M 2 21 80
24 76 60 68 -1 0 3 0.01 0.0 M 6.6 14 70 M M 6 19 70
25 84 56 70 0 0 5 0.06 0.0 0 4.9 13 330 M M 6 3 17 130
26 86 64 75 5 0 10 0.00 0.0 0 5.9 16 110 M M 3 17 200
27 77 64 71 1 0 6 0.65 0.0 0 6.9 30 230 M M 7 13 40 230
28 88 64 76 6 0 11 0.00 0.0 0 6.5 20 260 M M 7 12 24 260
29 81 67 74 3 0 9 0.44 M M 6.3 24 110 M M 8 13 29 110
30 80 62 71 0 0 6 0.24 0.0 0 12.9 26 280 M M 4 1 33 290
================================================================================
SM 2463 1746 13 174 3.36 0.0 205.7 M 153
================================================================================
AV 82.1 58.2 6.9 FASTST M M 5 MAX(MPH)
MISC ----> 32 260 41 260
================================================================================
NOTES:
# LAST OF SEVERAL OCCURRENCES
COLUMN 17 PEAK WIND IN M.P.H.
PRELIMINARY LOCAL CLIMATOLOGICAL DATA (WS FORM: F-6) , PAGE 2
STATION: TALLAHASSEE
MONTH: APRIL
YEAR: 2023
LATITUDE: 30 22 N
LONGITUDE: 84 22 W
[TEMPERATURE DATA] [PRECIPITATION DATA] SYMBOLS USED IN COLUMN 16
AVERAGE MONTHLY: 70.2 TOTAL FOR MONTH: 3.36 1 = FOG OR MIST
DPTR FM NORMAL: 2.8 DPTR FM NORMAL: -0.17 2 = FOG REDUCING VISIBILITY
HIGHEST: 88 ON 28,20 GRTST 24HR 0.68 ON 29-30 TO 1/4 MILE OR LESS
LOWEST: 42 ON 18 3 = THUNDER
SNOW, ICE PELLETS, HAIL 4 = ICE PELLETS
TOTAL MONTH: 0.0 INCH 5 = HAIL
GRTST 24HR 0.0 6 = FREEZING RAIN OR DRIZZLE
GRTST DEPTH: 0 7 = DUSTSTORM OR SANDSTORM:
VSBY 1/2 MILE OR LESS
8 = SMOKE OR HAZE
[NO. OF DAYS WITH] [WEATHER - DAYS WITH] 9 = BLOWING SNOW
X = TORNADO
MAX 32 OR BELOW: 0 0.01 INCH OR MORE: 13
MAX 90 OR ABOVE: 0 0.10 INCH OR MORE: 8
MIN 32 OR BELOW: 0 0.50 INCH OR MORE: 2
MIN 0 OR BELOW: 0 1.00 INCH OR MORE: 0
[HDD (BASE 65) ]
TOTAL THIS MO. 13 CLEAR (SCALE 0-3) 8
DPTR FM NORMAL -39 PTCLDY (SCALE 4-7) 19
TOTAL FM JUL 1 951 CLOUDY (SCALE 8-10) 3
DPTR FM NORMAL -518
[CDD (BASE 65) ]
TOTAL THIS MO. 174
DPTR FM NORMAL 53 [PRESSURE DATA]
TOTAL FM JAN 1 441 HIGHEST SLP M ON M
DPTR FM NORMAL 247 LOWEST SLP 29.54 ON 30
[REMARKS]
#FINAL-04-23#