000
CXUS55 KCYS 011710
CF6TOR
PRELIMINARY LOCAL CLIMATOLOGICAL DATA (WS FORM: F-6)
STATION: TORRINGTON WY AIRPORT
MONTH: FEBRUARY
YEAR: 2024
LATITUDE: 42 3 N
LONGITUDE: 104 9 W
TEMPERATURE IN F: :PCPN: SNOW: WIND :SUNSHINE: SKY :PK WND
================================================================================
1 2 3 4 5 6A 6B 7 8 9 10 11 12 13 14 15 16 17 18
12Z AVG MX 2MIN
DY MAX MIN AVG DEP HDD CDD WTR SNW DPTH SPD SPD DIR MIN PSBL S-S WX SPD DR
================================================================================
1 62 24 43 14 22 0 0.00 M M 4.8 13 130 M M 1 17 130
2 54 29 42 13 23 0 T M M 9.1 21 110 M M 2 12 32 120
3 42 35 39 10 26 0 0.38 M M 8.7 18 100 M M 10 12 26 110
4 49 27 38 9 27 0 0.00 M M 5.0 17 270 M M 5 12 25 260
5 58 22 40 11 25 0 0.00 M M 5.7 10 130 M M 0 13 170
6 52 24 38 9 27 0 0.00 M M 4.5 13 80 M M 0 18 120
7 49 31 40 11 25 0 T M M 6.1 22 270 M M 6 12 33 280
8 48 25 37 8 28 0 0.01 M M 12.3 28 270 M M 4 1 39 260
9 46 20 33 4 32 0 T M M 5.5 14 50 M M 2 17 50
10 30 22 26 -4 39 0 T M M 6.9 14 70 M M 10 1 17 80
11 45 12 29 -1 36 0 0.00 M M 6.6 18 330 M M 4 128 28 340
12 53 21 37 7 28 0 0.00 M M 7.0 20 260 M M 3 27 260
13 52 23 38 8 27 0 0.00 M M 8.1 18 290 M M 3 8 28 290
14 40 25 33 3 32 0 0.00 M M 9.5 22 10 M M 6 29 360
15 39 20 30 0 35 0 T M M 12.0 23 20 M M 8 1 32 20
16 20 0 10 -20 55 0 T M M 8.1 15 60 M M 8 18 18 60
17 31 -4 14 -17 51 0 0.00 M M 8.1 15 310 M M 0 20 310
18 41 2 22 -9 43 0 0.00 M M 5.4 22 270 M M 2 31 270
19 55 29 42 11 23 0 0.00 M M 8.3 21 270 M M 1 29 280
20 61 28 45 14 20 0 0.00 M M 12.1 29 290 M M 1 40 300
21 55 40 48 16 17 0 0.03 M M 6.3 10 330 M M 8 36 310
22 55 33 44 12 21 0 0.00 M M 10.0 21 310 M M 5 27 320
23 53 30 42 10 23 0 0.00 M M 12.8 24 310 M M 1 34 330
24 57 35 46 14 19 0 0.00 M M 20.6 39 270 M M 0 55 270
25 61 39 50 17 15 0 0.00 M M 16.9 36 280 M M 0 53 290
26 62 39 51 18 14 0 0.00 M M 18.8 44 260 M M 0 61 250
27 39 10 25 -8 40 0 T M M 11.1 28 350 M M 7 18 38 360
28 48 3 26 -8 39 0 0.00 M M 11.4 26 280 M M 0 36 280
29 63 27 45 11 20 0 0.00 M M 13.0 31 270 M M 0 45 260
================================================================================
SM 1420 671 832 0 0.42 M 274.7 M 97
================================================================================
AV 49.0 23.1 9.5 FASTST M M 3 MAX(MPH)
MISC ----> 44 260 61 250
================================================================================
NOTES:
# LAST OF SEVERAL OCCURRENCES
COLUMN 17 PEAK WIND IN M.P.H.
PRELIMINARY LOCAL CLIMATOLOGICAL DATA (WS FORM: F-6) , PAGE 2
STATION: TORRINGTON WY AIRPORT
MONTH: FEBRUARY
YEAR: 2024
LATITUDE: 42 3 N
LONGITUDE: 104 9 W
[TEMPERATURE DATA] [PRECIPITATION DATA] SYMBOLS USED IN COLUMN 16
AVERAGE MONTHLY: 36.1 TOTAL FOR MONTH: 0.42 1 = FOG OR MIST
DPTR FM NORMAL: 5.5 DPTR FM NORMAL: 0.13 2 = FOG REDUCING VISIBILITY
HIGHEST: 63 ON 29 GRTST 24HR 0.38 ON 3- 3 TO 1/4 MILE OR LESS
LOWEST: -4 ON 17 3 = THUNDER
SNOW, ICE PELLETS, HAIL 4 = ICE PELLETS
TOTAL MONTH: M 5 = HAIL
GRTST 24HR M ON M 6 = FREEZING RAIN OR DRIZZLE
GRTST DEPTH: M ON M 7 = DUSTSTORM OR SANDSTORM:
VSBY 1/2 MILE OR LESS
8 = SMOKE OR HAZE
[NO. OF DAYS WITH] [WEATHER - DAYS WITH] 9 = BLOWING SNOW
X = TORNADO
MAX 32 OR BELOW: 3 0.01 INCH OR MORE: 3
MAX 90 OR ABOVE: 0 0.10 INCH OR MORE: 1
MIN 32 OR BELOW: 23 0.50 INCH OR MORE: 0
MIN 0 OR BELOW: 2 1.00 INCH OR MORE: 0
[HDD (BASE 65) ]
TOTAL THIS MO. 832 CLEAR (SCALE 0-3) 16
DPTR FM NORMAL -131 PTCLDY (SCALE 4-7) 10
TOTAL FM JUL 1 4400 CLOUDY (SCALE 8-10) 3
DPTR FM NORMAL -427
[CDD (BASE 65) ]
TOTAL THIS MO. 0
DPTR FM NORMAL 0 [PRESSURE DATA]
TOTAL FM JAN 1 0 HIGHEST SLP 30.60 ON 17
DPTR FM NORMAL 0 LOWEST SLP 29.33 ON 26
[REMARKS]
#FINAL-02-24#