000
CXUS55 KCYS 011635
CLMTOR
CLIMATE REPORT
NATIONAL WEATHER SERVICE CHEYENNE WY
1035 AM MDT THU JUN 01 2023
...................................
...THE TORRINGTON WY AIRPORT CLIMATE SUMMARY FOR THE MONTH OF MAY 2023...
CLIMATE NORMAL PERIOD 1991 TO 2020
CLIMATE RECORD PERIOD 1998 TO 2023
WEATHER OBSERVED NORMAL DEPART LAST YEAR`S
VALUE DATE(S) VALUE FROM VALUE DATE(S)
NORMAL
................................................................
TEMPERATURE (F)
RECORD
HIGH 100 05/29/2003
LOW 20 05/02/2005
HIGHEST 84 05/30 MM MM 92
LOWEST 31 05/02 MM MM 27
AVG. MAXIMUM 74.3 70.3 4.0 68.9
AVG. MINIMUM 46.0 41.7 4.3 39.7
MEAN 60.1 56.0 4.1 54.3
DAYS MAX >= 90 0 1.2 -1.2 1
DAYS MAX <= 32 0 0.0 0.0 0
DAYS MIN <= 32 2 3.7 -1.7 6
DAYS MIN <= 0 0 0.0 0.0 0
PRECIPITATION (INCHES)
RECORD
MAXIMUM 4.11 2023
TOTALS 4.12 2.53 1.59 2.53
DAYS >= .01 16 11.5 4.5 12
DAYS >= .10 9 6.0 3.0 6
DAYS >= .50 2 1.4 0.6 1
DAYS >= 1.00 1 0.3 0.7 0
GREATEST
24 HR. TOTAL 1.54 05/11 TO 05/12 0.90 05/08 TO 05/08
DEGREE DAYS
HEATING TOTAL 151 297 -146 327
SINCE 7/1 6518 6419 99 MM
COOLING TOTAL 8 18 -10 5
SINCE 1/1 8 19 -11 MM
................................................................
WIND (MPH)
AVERAGE WIND SPEED 9.8
HIGHEST WIND SPEED/DIRECTION 47/030 DATE 05/31
HIGHEST GUST SPEED/DIRECTION 56/150 DATE 05/30
56/030 05/31
SKY COVER
POSSIBLE SUNSHINE (PERCENT) MM
AVERAGE SKY COVER 0.31
NUMBER OF DAYS FAIR 22
NUMBER OF DAYS PC 5
NUMBER OF DAYS CLOUDY 4
AVERAGE RH (PERCENT) 62
WEATHER CONDITIONS. NUMBER OF DAYS WITH
THUNDERSTORM 15 MIXED PRECIP 0
HEAVY RAIN 4 RAIN 9
LIGHT RAIN 20 FREEZING RAIN 0
LT FREEZING RAIN 0 HAIL 0
HEAVY SNOW 0 SNOW 0
LIGHT SNOW 0 SLEET 0
FOG 14 FOG W/VIS <= 1/4 MILE 1
HAZE 5
- INDICATES NEGATIVE NUMBERS.
R INDICATES RECORD WAS SET OR TIED.
MM INDICATES DATA IS MISSING.
T INDICATES TRACE AMOUNT.
$$