000
CXUS55 KCYS 011530
CLMTOR
CLIMATE REPORT
NATIONAL WEATHER SERVICE CHEYENNE WY
930 AM MDT MON MAY 01 2023
...................................
...THE TORRINGTON WY AIRPORT CLIMATE SUMMARY FOR THE MONTH OF APRIL 2023...
CLIMATE NORMAL PERIOD 1991 TO 2020
CLIMATE RECORD PERIOD 1998 TO 2023
WEATHER OBSERVED NORMAL DEPART LAST YEAR`S
VALUE DATE(S) VALUE FROM VALUE DATE(S)
NORMAL
................................................................
TEMPERATURE (F)
RECORD
HIGH 90 04/24/2012
LOW 1 04/03/2020
HIGHEST 104R 04/12 MM MM 83
LOWEST 17 04/05 MM MM 9
AVG. MAXIMUM 64.3 60.9 3.4 60.1
AVG. MINIMUM 30.9 31.9 -1.0 28.0
MEAN 47.6 46.4 1.2 44.0
DAYS MAX >= 90 3 0.0 3.0 0
DAYS MAX <= 32 1 1.0 0.0 0
DAYS MIN <= 32 18 14.8 3.2 21
DAYS MIN <= 0 0 0.0 0.0 0
PRECIPITATION (INCHES)
RECORD
MAXIMUM 3.19 2015
TOTALS 0.43 1.61 -1.18 0.58
DAYS >= .01 4 9.2 -5.2 7
DAYS >= .10 2 4.5 -2.5 3
DAYS >= .50 0 0.8 -0.8 0
DAYS >= 1.00 0 0.1 -0.1 0
GREATEST
24 HR. TOTAL 0.23 04/14 TO 04/14 0.22 04/22 TO 04/23
DEGREE DAYS
HEATING TOTAL 527 559 -32 619
SINCE 7/1 6367 6120 247 MM
COOLING TOTAL 13 1 12 0
SINCE 1/1 0 1 -1 MM
................................................................
WIND (MPH)
AVERAGE WIND SPEED 10.8
HIGHEST WIND SPEED/DIRECTION 39/290 DATE 04/02
HIGHEST GUST SPEED/DIRECTION 55/290 DATE 04/02
SKY COVER
POSSIBLE SUNSHINE (PERCENT) MM
AVERAGE SKY COVER 0.32
NUMBER OF DAYS FAIR 16
NUMBER OF DAYS PC 7
NUMBER OF DAYS CLOUDY 4
AVERAGE RH (PERCENT) 52
WEATHER CONDITIONS. NUMBER OF DAYS WITH
THUNDERSTORM 1 MIXED PRECIP 0
HEAVY RAIN 0 RAIN 1
LIGHT RAIN 5 FREEZING RAIN 0
LT FREEZING RAIN 0 HAIL 0
HEAVY SNOW 0 SNOW 1
LIGHT SNOW 4 SLEET 0
FOG 5 FOG W/VIS <= 1/4 MILE 0
HAZE 4
- INDICATES NEGATIVE NUMBERS.
R INDICATES RECORD WAS SET OR TIED.
MM INDICATES DATA IS MISSING.
T INDICATES TRACE AMOUNT.
$$