000
CXUS55 KCYS 051825
CLMTOR
CLIMATE REPORT
NATIONAL WEATHER SERVICE CHEYENNE WY
1225 PM MDT FRI APR 05 2024
...................................
...THE TORRINGTON WY AIRPORT CLIMATE SUMMARY FOR THE MONTH OF MARCH 2024...
CLIMATE NORMAL PERIOD 1991 TO 2020
CLIMATE RECORD PERIOD 1998 TO 2024
WEATHER OBSERVED NORMAL DEPART LAST YEAR`S
VALUE DATE(S) VALUE FROM VALUE DATE(S)
NORMAL
................................................................
TEMPERATURE (F)
RECORD
HIGH 85 03/31/2012
LOW -17 03/04/2019
HIGHEST 71 03/21 MM MM 66
LOWEST 13 03/26 MM MM 8
AVG. MAXIMUM 54.6 53.7 0.9 46.9
AVG. MINIMUM 26.0 24.7 1.3 21.0
MEAN 40.3 39.2 1.1 34.0
DAYS MAX >= 90 0 0.0 0.0 0
DAYS MAX <= 32 1 2.0 -1.0 0
DAYS MIN <= 32 25 25.9 -0.9 31
DAYS MIN <= 0 0 0.4 -0.4 0
PRECIPITATION (INCHES)
RECORD
MAXIMUM 1.74 2016
TOTALS 1.11 0.66 0.45 T
DAYS >= .01 6 5.7 0.3 0
DAYS >= .10 3 1.9 1.1 0
DAYS >= .50 0 0.2 -0.2 0
DAYS >= 1.00 0 0.0 0.0 0
GREATEST
24 HR. TOTAL 0.56 03/30 TO 03/31 T 03/25 TO 03/25
03/30 TO 03/30
03/31 TO 03/31
DEGREE DAYS
HEATING TOTAL 760 800 -40 955
SINCE 7/1 5160 5563 -403 MM
COOLING TOTAL 0 0 0 0
SINCE 1/1 0 0 0 MM
................................................................
WIND (MPH)
AVERAGE WIND SPEED 9.9
HIGHEST WIND SPEED/DIRECTION 39/030 DATE 03/14
HIGHEST GUST SPEED/DIRECTION 53/270 DATE 03/03
SKY COVER
POSSIBLE SUNSHINE (PERCENT) MM
AVERAGE SKY COVER 0.39
NUMBER OF DAYS FAIR 18
NUMBER OF DAYS PC 6
NUMBER OF DAYS CLOUDY 7
AVERAGE RH (PERCENT) 53
WEATHER CONDITIONS. NUMBER OF DAYS WITH
THUNDERSTORM 1 MIXED PRECIP 0
HEAVY RAIN 1 RAIN 2
LIGHT RAIN 7 FREEZING RAIN 0
LT FREEZING RAIN 0 HAIL 0
HEAVY SNOW 1 SNOW 2
LIGHT SNOW 5 SLEET 0
FOG 5 FOG W/VIS <= 1/4 MILE 1
HAZE 3
- INDICATES NEGATIVE NUMBERS.
R INDICATES RECORD WAS SET OR TIED.
MM INDICATES DATA IS MISSING.
T INDICATES TRACE AMOUNT.
$$