000
CXUS54 KJAN 101836
CF6TVR
PRELIMINARY LOCAL CLIMATOLOGICAL DATA (WS FORM: F-6)
STATION: VICKSBURG
MONTH: AUGUST
YEAR: 2021
LATITUDE: 32 20 N
LONGITUDE: 91 2 W
TEMPERATURE IN F: :PCPN: SNOW: WIND :SUNSHINE: SKY :PK WND
================================================================================
1 2 3 4 5 6A 6B 7 8 9 10 11 12 13 14 15 16 17 18
12Z AVG MX 2MIN
DY MAX MIN AVG DEP HDD CDD WTR SNW DPTH SPD SPD DIR MIN PSBL S-S WX SPD DR
================================================================================
1 99 77 88 5 0 23 1.83 0.0 0 1.7 21 360 M M 0 3 36 360
2 88 76 82 -1 0 17 0.81 0.0 0 2.2 12 20 M M 6 18 14 20
3 91 76 84 1 0 19 T 0.0 0 6.2 15 20 M M 4 18 19 30
4 90 70 80 -3 0 15 0.00 0.0 0 6.1 14 20 M M 0 8 20 20
5 91 67 79 -4 0 14 0.00 0.0 0 3.6 12 20 M M 0 18 16 360
6 92 72 82 -1 0 17 0.01 0.0 0 1.5 9 40 M M 0 18 14 360
7 93 70 82 -1 0 17 0.00 0.0 0 1.1 9 170 M M 1 18 13 170
8 95 73 84 1 0 19 0.00 0.0 0 3.2 13 170 M M 1 18 18 160
9 95 76 86 3 0 21 0.00 0.0 0 3.7 16 170 M M 1 18 21 170
10 96 76 86 3 0 21 0.00 0.0 0 3.2 14 170 M M 1 18 19 180
11 96 76 86 3 0 21 0.00 0.0 0 2.7 16 170 M M 0 18 21 160
12 95 74 85 2 0 20 0.00 0.0 0 3.2 20 160 M M 2 18 28 160
13 96 73 85 2 0 20 0.00 0.0 0 1.3 9 160 M M 1 18 12 170
14 95 75 85 2 0 20 T 0.0 0 2.7 16 150 M M 1 138 21 140
15 94 74 84 1 0 19 0.00 0.0 0 4.0 13 90 M M 3 3 18 30
16 95 73 84 1 0 19 0.00 0.0 0 2.5 9 80 M M 1 1 13 40
17 96 74 85 3 0 20 T 0.0 0 2.4 10 60 M M 1 138 13 80
18 98 75 87 5 0 22 0.07 0.0 0 3.2 17 160 M M 2 138 24 130
19 97 78 88 6 0 23 0.50 0.0 0 3.0 20 180 M M 3 3 26 180
20 95 78 87 5 0 22 T 0.0 0 3.7 15 170 M M 1 20 170
21 96 76 86 4 0 21 0.00 0.0 0 1.0 7 270 M M 0 1 15 210
22 97 77 87 5 0 22 0.12 0.0 0 1.2 12 180 M M 1 3 21 190
23 100 76 88 6 0 23 0.00 0.0 0 1.7 12 10 M M 1 18 18 360
24 101 78 90 8 0 25 0.09 0.0 0 2.5 21 10 M M 1 138 29 20
25 102 79 91 9 0 26 0.00 0.0 0 3.6 12 40 M M 1 8 18 40
26 99 78 89 7 0 24 0.00 0.0 0 4.5 20 160 M M 1 8 25 160
27 98 77 88 7 0 23 0.25 0.0 0 6.1 24 110 M M 1 38 37 170
28 98 75 87 6 0 22 0.00 0.0 0 6.2 24 100 M M 1 38 34 100
29 95 79 87 6 0 22 0.22 0.0 0 10.5 22 50 M M 3 39 70
30 84 78 81 0 0 16 0.16 0.0 0 12.9 28 50 M M 9 8 42 60
31 96 75 86 5 0 21 0.00 0.0 0 3.3 12 300 M M 2 20 280
================================================================================
SM 2953 2331 0 634 4.06 0.0 114.7 M 50
================================================================================
AV 95.3 75.2 3.7 FASTST M M 2 MAX(MPH)
MISC ----> 28 50 42 60
================================================================================
NOTES:
# LAST OF SEVERAL OCCURRENCES
COLUMN 17 PEAK WIND IN M.P.H.
PRELIMINARY LOCAL CLIMATOLOGICAL DATA (WS FORM: F-6) , PAGE 2
STATION: VICKSBURG
MONTH: AUGUST
YEAR: 2021
LATITUDE: 32 20 N
LONGITUDE: 91 2 W
[TEMPERATURE DATA] [PRECIPITATION DATA] SYMBOLS USED IN COLUMN 16
AVERAGE MONTHLY: 85.2 TOTAL FOR MONTH: 4.06 1 = FOG OR MIST
DPTR FM NORMAL: 2.8 DPTR FM NORMAL: 0.31 2 = FOG REDUCING VISIBILITY
HIGHEST: 102 ON 25 GRTST 24HR 1.83 ON 1- 1 TO 1/4 MILE OR LESS
LOWEST: 67 ON 5 3 = THUNDER
SNOW, ICE PELLETS, HAIL 4 = ICE PELLETS
TOTAL MONTH: 0.0 INCH 5 = HAIL
GRTST 24HR 0.0 6 = FREEZING RAIN OR DRIZZLE
GRTST DEPTH: 0 7 = DUSTSTORM OR SANDSTORM:
VSBY 1/2 MILE OR LESS
8 = SMOKE OR HAZE
[NO. OF DAYS WITH] [WEATHER - DAYS WITH] 9 = BLOWING SNOW
X = TORNADO
MAX 32 OR BELOW: 0 0.01 INCH OR MORE: 10
MAX 90 OR ABOVE: 29 0.10 INCH OR MORE: 7
MIN 32 OR BELOW: 0 0.50 INCH OR MORE: 3
MIN 0 OR BELOW: 0 1.00 INCH OR MORE: 1
[HDD (BASE 65) ]
TOTAL THIS MO. 0 CLEAR (SCALE 0-3) 27
DPTR FM NORMAL 0 PTCLDY (SCALE 4-7) 3
TOTAL FM JUL 1 0 CLOUDY (SCALE 8-10) 1
DPTR FM NORMAL 0
[CDD (BASE 65) ]
TOTAL THIS MO. 634
DPTR FM NORMAL 95 [PRESSURE DATA]
TOTAL FM JAN 1 2212 HIGHEST SLP 30.20 ON 10
DPTR FM NORMAL 206 LOWEST SLP 29.51 ON 30
[REMARKS]
#FINAL-08-21#