000
CXUS54 KJAN 011003
CLMTVR
CLIMATE REPORT
NATIONAL WEATHER SERVICE JACKSON MS
503 AM CDT SAT JUL 01 2023
...................................
...THE VICKSBURG CLIMATE SUMMARY FOR THE MONTH OF JUNE 2023...
CLIMATE NORMAL PERIOD: 1991 TO 2020
CLIMATE RECORD PERIOD: 1948 TO 2023
WEATHER OBSERVED NORMAL DEPART LAST YEAR`S
VALUE DATE(S) VALUE FROM VALUE
NORMAL
..............................................................
TEMPERATURE (F)
RECORD
HIGH 102 06/28/2009
LOW 47 06/03/1956
HIGHEST 98 06/30 MM MM 99
LOWEST 65 06/01 MM MM 64
AVG. MAXIMUM 91.8 90.2 1.6 92.5
AVG. MINIMUM 69.5 70.6 -1.1 71.1
MEAN 80.7 80.4 0.3 81.8
DAYS MAX >= 90 23 19.0 4.0 23
DAYS MAX <= 32 0 0.0 0.0 0
DAYS MIN <= 32 0 0.0 0.0 0
DAYS MIN <= 0 0 0.0 0.0 0
PRECIPITATION (INCHES)
RECORD
MAXIMUM 12.53 2004
MINIMUM 0.44 1952
TOTALS 7.18 3.74 3.44 1.64
DAILY AVG. 0.28 0.12 0.16 0.05
DAYS >= .01 8 9.1 -1.1 6
DAYS >= .10 6 5.9 0.1 4
DAYS >= .50 3 2.3 0.7 1
DAYS >= 1.00 2 1.0 1.0 1
GREATEST
24 HR. TOTAL 4.03 06/27 TO 06/27 1.04
SNOWFALL (INCHES)
TOTALS 0.0
DEGREE DAYS
HEATING TOTAL 0 0 0 0
SINCE 7/1 1621 2102 -481 MM
COOLING TOTAL 428 462 -34 514
SINCE 1/1 969 914 55 MM
..............................................................
WIND (MPH)
AVERAGE WIND SPEED 2.7
HIGHEST WIND SPEED/DIRECTION 35/020 DATE 06/25
HIGHEST GUST SPEED/DIRECTION 60/270 DATE 06/16
SKY COVER
POSSIBLE SUNSHINE (PERCENT) MM
AVERAGE SKY COVER 0.13
NUMBER OF DAYS FAIR 24
NUMBER OF DAYS PC 4
NUMBER OF DAYS CLOUDY 0
AVERAGE RH (PERCENT) 75
WEATHER CONDITIONS. NUMBER OF DAYS WITH
THUNDERSTORM 12 MIXED PRECIP 0
HEAVY RAIN 6 RAIN 6
LIGHT RAIN 12 FREEZING RAIN 0
LT FREEZING RAIN 0 HAIL 0
HEAVY SNOW 0 SNOW 0
LIGHT SNOW 0 SLEET 0
FOG 22 FOG W/VIS <= 1/4 MILE 1
HAZE 1
- INDICATES NEGATIVE NUMBERS.
R INDICATES RECORD WAS SET OR TIED.
MM INDICATES DATA IS MISSING.
T INDICATES TRACE AMOUNT.
$$