000
CXUS56 KPQR 120241
CF6UAO
PRELIMINARY LOCAL CLIMATOLOGICAL DATA (WS FORM: F-6)
STATION: AURORA STATE OR
MONTH: DECEMBER
YEAR: 2021
LATITUDE: 45 15 N
LONGITUDE: 122 46 W
TEMPERATURE IN F: :PCPN: SNOW: WIND :SUNSHINE: SKY :PK WND
================================================================================
1 2 3 4 5 6A 6B 7 8 9 10 11 12 13 14 15 16 17 18
12Z AVG MX 2MIN
DY MAX MIN AVG DEP HDD CDD WTR SNW DPTH SPD SPD DIR MIN PSBL S-S WX SPD DR
================================================================================
1 60 44 52 9 13 0 0.00 M M 0.8 6 360 M M 5 1 7 180
2 54 43 49 6 16 0 0.00 M M 4.6 14 20 M M 8 1 18 10
3 46 33 40 -3 25 0 0.00 M M 3.2 9 50 M M 2 12 11 50
4 52 38 45 2 20 0 0.12 M M 9.7 23 190 M M 9 128 33 200
5 47 31 39 -4 26 0 0.00 M M 2.1 10 340 M M 3 12 15 350
6 51 39 45 3 20 0 0.45 M M 5.1 13 200 M M 10 1 20 190
7 55 50 53 11 12 0 0.11 M M 4.3 13 180 M M 9 1 15 190
8 50 34 42 0 23 0 T M M 5.8 13 200 M M 8 8 19 190
9 44 37 41 -1 24 0 0.09 M M 6.7 15 200 M M 8 1 20 200
10 49 39 44 2 21 0 0.06 M M 11.9 23 190 M M 9 18 35 190
11 48 45 47 5 18 0 1.10 M M 16.7 36 180 M M 10 1 45 180
12 46 39 43 1 22 0 0.44 M M 7.2 21 180 M M 9 1 27 190
13 43 37 40 -2 25 0 0.34 M M 6.4 20 190 M M 9 1 28 180
14 44 28 36 -6 29 0 0.00 M M 5.0 13 190 M M 4 1 17 180
15 43 35 39 -3 26 0 0.38 M M 4.6 16 160 M M 10 1 21 140
16 46 39 43 2 22 0 T M M 3.0 8 200 M M 10 1 10 200
17 47 39 43 2 22 0 0.07 M M 2.6 8 360 M M 9 1 9 360
18 54 37 46 5 19 0 1.02 M M 11.4 26 190 M M 10 1 38 180
19 42 35 39 -2 26 0 1.31 M M 6.7 13 20 M M 10 1 16 30
20 43 38 41 0 24 0 0.88 M M 5.7 13 10 M M 9 1 16 360
21 46 34 40 -1 25 0 0.13 M M 3.7 13 360 M M 5 1 16 360
22 49 45 47 6 18 0 0.27 M M 10.2 25 170 M M 8 1 31 180
23 49 41 45 4 20 0 0.21 M M 10.2 21 190 M M 9 1 29 180
24 43 37 40 -1 25 0 1.00 M M 13.2 26 190 M M 9 1 40 190
25 40 33 37 -4 28 0 0.09 M M 11.1 18 190 M M 8 1 28 180
26 34 31 33 -8 32 0 0.12 M M 10.6 18 190 M M 9 1 24 200
27 32 24 28 -13 37 0 0.03 M M 2.7 12 190 M M 10 12 14 210
28 36 30 33 -8 32 0 0.03 M M 1.0 6 340 M M 10 1 7 340
29 35 28 32 -9 33 0 0.00 M M 5.8 14 10 M M 8 1 17 10
30 44 30 37 -4 28 0 0.09 M M 9.7 26 180 M M 9 1 38 190
31 40 24 32 -9 33 0 0.01 M M 4.3 13 40 M M 5 1 15 40
================================================================================
SM 1412 1117 744 0 8.35 M 206.0 M 251
================================================================================
AV 45.5 36.0 6.6 FASTST M M 8 MAX(MPH)
MISC ----> 36 180 45 180
================================================================================
NOTES:
# LAST OF SEVERAL OCCURRENCES
COLUMN 17 PEAK WIND IN M.P.H.
PRELIMINARY LOCAL CLIMATOLOGICAL DATA (WS FORM: F-6) , PAGE 2
STATION: AURORA STATE OR
MONTH: DECEMBER
YEAR: 2021
LATITUDE: 45 15 N
LONGITUDE: 122 46 W
[TEMPERATURE DATA] [PRECIPITATION DATA] SYMBOLS USED IN COLUMN 16
AVERAGE MONTHLY: 40.8 TOTAL FOR MONTH: 8.35 1 = FOG OR MIST
DPTR FM NORMAL: -1.0 DPTR FM NORMAL: 2.12 2 = FOG REDUCING VISIBILITY
HIGHEST: 60 ON 1 GRTST 24HR 1.78 ON 18-19 TO 1/4 MILE OR LESS
LOWEST: 24 ON 31,27 3 = THUNDER
SNOW, ICE PELLETS, HAIL 4 = ICE PELLETS
TOTAL MONTH: M 5 = HAIL
GRTST 24HR M ON M 6 = FREEZING RAIN OR DRIZZLE
GRTST DEPTH: M ON M 7 = DUSTSTORM OR SANDSTORM:
VSBY 1/2 MILE OR LESS
8 = SMOKE OR HAZE
[NO. OF DAYS WITH] [WEATHER - DAYS WITH] 9 = BLOWING SNOW
X = TORNADO
MAX 32 OR BELOW: 1 0.01 INCH OR MORE: 23
MAX 90 OR ABOVE: 0 0.10 INCH OR MORE: 15
MIN 32 OR BELOW: 8 0.50 INCH OR MORE: 5
MIN 0 OR BELOW: 0 1.00 INCH OR MORE: 4
[HDD (BASE 65) ]
TOTAL THIS MO. 744 CLEAR (SCALE 0-3) 2
DPTR FM NORMAL 23 PTCLDY (SCALE 4-7) 8
TOTAL FM JUL 1 1616 CLOUDY (SCALE 8-10) 21
DPTR FM NORMAL -70
[CDD (BASE 65) ]
TOTAL THIS MO. 0
DPTR FM NORMAL 0 [PRESSURE DATA]
TOTAL FM JAN 1 711 HIGHEST SLP 30.58 ON 5
DPTR FM NORMAL 255 LOWEST SLP 29.33 ON 24
[REMARKS]
#FINAL-12-21#