000
CXUS53 KLOT 010800
CF6UGN
PRELIMINARY LOCAL CLIMATOLOGICAL DATA (WS FORM: F-6)
STATION: WAUKEGAN IL
MONTH: JANUARY
YEAR: 2024
LATITUDE: 42 25 N
LONGITUDE: 87 52 W
TEMPERATURE IN F: :PCPN: SNOW: WIND :SUNSHINE: SKY :PK WND
================================================================================
1 2 3 4 5 6A 6B 7 8 9 10 11 12 13 14 15 16 17 18
12Z AVG MX 2MIN
DY MAX MIN AVG DEP HDD CDD WTR SNW DPTH SPD SPD DIR MIN PSBL S-S WX SPD DR
================================================================================
1 31 26 29 4 36 0 0.00 M M 9.3 20 240 M M 10 28 240
2 36 25 31 6 34 0 0.00 M M 13.8 24 240 M M 7 33 250
3 37 31 34 9 31 0 0.00 M M 5.5 13 290 M M 10 18 300
4 35 24 30 5 35 0 0.00 M M 3.7 10 360 M M 7 15 10
5 38 23 31 6 34 0 0.00 M M 5.6 14 140 M M 2 19 140
6 34 32 33 9 32 0 0.16 M M 4.7 13 140 M M 10 1 20 140
7 34 32 33 9 32 0 0.00 M M 6.7 13 270 M M 10 18 20 300
8 36 29 33 9 32 0 0.05 M M 8.7 16 110 M M 10 1 28 90
9 36 33 35 11 30 0 0.96 M M 15.0 23 80 M M 10 1 33 340
10 34 29 32 8 33 0 0.01 M M 10.6 18 230 M M 10 1 29 330
11 34 25 30 6 35 0 0.02 M M 6.1 17 290 M M 7 1 26 300
12 35 28 32 8 33 0 1.12 M M 14.8 33 80 M M 10 1 48 90
13 32 3 18 -5 47 0 0.04 M M 15.2 23 260 M M 10 128 35 260
14 3 -9 -3 -26 68 0 T M M 18.0 25 240 M M 3 8 39 270
15 0 -11 -5 -28 70 0 0.00 M M 12.3 20 250 M M 1 25 270
16 2 -8 -3 -26 68 0 0.00 M M 17.3 26 250 M M 0 36 240
17 18 1 10 -13 55 0 0.00 M M 14.6 23 230 M M 3 34 230
18 20 11 16 -7 49 0 0.01 M M 6.1 14 320 M M 7 8 22 340
19 13 6 10 -13 55 0 T M M 11.5 17 320 M M 10 8 28 330
20 18 5 12 -11 53 0 0.00 M M 9.6 16 310 M M 2 25 310
21 21 -1 10 -13 55 0 0.00 M M 11.5 22 190 M M 1 31 200
22 33 21 27 4 38 0 T M M 12.6 22 210 M M 10 16 28 200
23 36 32 34 11 31 0 0.35 M M 3.7 8 110 M M 10 12 13 110
24 38 33 36 13 29 0 0.08 M M 3.6 9 60 M M 10 12 13 60
25 38 35 37 14 28 0 0.20 M M 6.6 16 30 M M 10 12 22 40
26 39 36 38 15 27 0 0.50 M M 5.8 14 20 M M 10 12 21 10
27 39 35 37 14 28 0 0.00 M M 4.6 13 360 M M 10 12 19 360
28 38 33 36 13 29 0 T M M 8.4 17 350 M M 10 1 26 10
29 42 30 36 13 29 0 T M M 12.2 21 230 M M 6 1 26 220
30 40 36 38 15 27 0 0.00 M M 7.1 15 230 M M 10 1 21 230
31 40 35 38 15 27 0 0.00 M M 12.3 22 230 M M 7 30 240
================================================================================
SM 930 660 1210 0 3.50 M 297.5 M 233
================================================================================
AV 30.0 21.3 9.6 FASTST M M 8 MAX(MPH)
MISC ----> 33 80 48 90
================================================================================
NOTES:
# LAST OF SEVERAL OCCURRENCES
COLUMN 17 PEAK WIND IN M.P.H.
PRELIMINARY LOCAL CLIMATOLOGICAL DATA (WS FORM: F-6) , PAGE 2
STATION: WAUKEGAN IL
MONTH: JANUARY
YEAR: 2024
LATITUDE: 42 25 N
LONGITUDE: 87 52 W
[TEMPERATURE DATA] [PRECIPITATION DATA] SYMBOLS USED IN COLUMN 16
AVERAGE MONTHLY: 25.6 TOTAL FOR MONTH: 3.50 1 = FOG OR MIST
DPTR FM NORMAL: 2.2 DPTR FM NORMAL: 2.09 2 = FOG REDUCING VISIBILITY
HIGHEST: 42 ON 29 GRTST 24HR 1.12 ON 12-12 TO 1/4 MILE OR LESS
LOWEST: -11 ON 15 3 = THUNDER
SNOW, ICE PELLETS, HAIL 4 = ICE PELLETS
TOTAL MONTH: M 5 = HAIL
GRTST 24HR M ON M 6 = FREEZING RAIN OR DRIZZLE
GRTST DEPTH: M ON M 7 = DUSTSTORM OR SANDSTORM:
VSBY 1/2 MILE OR LESS
8 = SMOKE OR HAZE
[NO. OF DAYS WITH] [WEATHER - DAYS WITH] 9 = BLOWING SNOW
X = TORNADO
MAX 32 OR BELOW: 10 0.01 INCH OR MORE: 12
MAX 90 OR ABOVE: 0 0.10 INCH OR MORE: 6
MIN 32 OR BELOW: 23 0.50 INCH OR MORE: 3
MIN 0 OR BELOW: 4 1.00 INCH OR MORE: 1
[HDD (BASE 65) ]
TOTAL THIS MO. 1210 CLEAR (SCALE 0-3) 6
DPTR FM NORMAL -78 PTCLDY (SCALE 4-7) 7
TOTAL FM JUL 1 3131 CLOUDY (SCALE 8-10) 18
DPTR FM NORMAL -607
[CDD (BASE 65) ]
TOTAL THIS MO. 0
DPTR FM NORMAL 0 [PRESSURE DATA]
TOTAL FM JAN 1 0 HIGHEST SLP M ON M
DPTR FM NORMAL 0 LOWEST SLP 28.99 ON 12
[REMARKS]
#FINAL-01-24#